{"id":481,"date":"2024-04-01T07:41:46","date_gmt":"2024-04-01T07:41:46","guid":{"rendered":"https:\/\/niramart.com\/revista-magazine\/tvr-entrevista-con-fabianni-belemuski-dir-revista-niram-art\/"},"modified":"2024-04-01T07:41:46","modified_gmt":"2024-04-01T07:41:46","slug":"tvr-entrevista-con-fabianni-belemuski-dir-revista-niram-art","status":"publish","type":"page","link":"https:\/\/niramart.com\/revista-magazine\/tvr-entrevista-con-fabianni-belemuski-dir-revista-niram-art\/","title":{"rendered":"TVR: Entrevista con Fabianni Belemuski, Dir. Revista Niram Art"},"content":{"rendered":"<div id=\"main-col\">\n<div id=\"content\">\n<article class=\"post-70 post type-post status-publish format-standard hentry category-entrevistas category-c35-videos category-121-id category-21-id full-content meta-position-left-pullout fix\" id=\"post-70\">\n<header class=\"post-header title-container fix\">\n<div class=\"title\">\n<h1 class=\"posttitle\"><a href=\"https:\/\/niramart.com\/revista-magazine\/tvr-entrevista-con-fabianni-belemuski-dir-revista-niram-art\/\" class=\"entry-title\" rel=\"bookmark\" title=\"TVR: Entrevista con Fabianni Belemuski, Dir. Revista Niram Art\">TVR: Entrevista con Fabianni Belemuski, Dir. Revista Niram Art<\/a><\/h1>\n<\/div>\n<div class=\"date\"><span class=\"month\">Mar<\/span> <span class=\"day\">04<\/span><span class=\"year\">2010<\/span><\/div>\n<\/header>\n<p> <span class=\"post-format-icon\">&nbsp;<\/span><span class=\"updated\" title=\"2010-03-04T22:04:04+00:00\">&nbsp;<\/span><\/p>\n<div class=\"entry-container fix\">\n<div class=\"entry fix\">\n<p class=\"bch4dcbow065stdpy\"> <object width=\"480\" height=\"295\"><param name=\"movie\" value=\"http:\/\/www.youtube.com\/v\/U64EpCZDi50&amp;hl=es_ES&amp;fs=1&amp;rel=0\"\/><param name=\"allowFullScreen\" value=\"true\"\/><param name=\"allowscriptaccess\" value=\"always\"\/><embed type=\"application\/x-shockwave-flash\" width=\"480\" height=\"295\" src=\"http:\/\/www.youtube.com\/v\/U64EpCZDi50&amp;hl=es_ES&amp;fs=1&amp;rel=0\" allowscriptaccess=\"always\" allowfullscreen=\"true\"><\/embed><\/object><\/p>\n<\/div>\n<div class=\"meta-pullout meta-left-pullout\">\n<ul>\n<li class=\"fix\"><span class=\"category\"><span class=\"icon\">&nbsp;<\/span> <a href=\"https:\/\/niramart.com\/revista-magazine\/category\/entrevistas\/\" rel=\"category tag\">Entrevistas<\/a>, <a href=\"https:\/\/niramart.com\/revista-magazine\/category\/c35-videos\/\" rel=\"category tag\">Videos<\/a><\/span><\/li>\n<\/ul>\n<\/div>\n<\/div>\n<footer class=\"post-footer postdata fix\"><\/footer>\n<section id=\"comments\"><\/section>\n<\/article>\n<nav class=\"post-nav fix\">\n<table>\n<tr>\n<td class=\"previous\"><a href=\"https:\/\/niramart.com\/revista-magazine\" rel=\"prev\"><span class=\"icon\">&nbsp;<\/span> ENTREVISTA CON EL ARTISTA ALEM\u00c1N SIEGFRIED STILLER por Fabianni Belemuski<\/a><\/td>\n<td class=\"next\"><a href=\"https:\/\/niramart.com\/revista-magazine\/entrevista-con-el-escritor-hector-martinez-sanz-autor-del-libro-pentagono\/\" rel=\"next\"><span class=\"icon\">&nbsp;<\/span> Entrevista con el escritor H\u00e9ctor Mart\u00ednez Sanz, autor del libro Pent\u00e1gono<\/a><\/td>\n<\/tr>\n<\/table>\n<\/nav>\n<\/div>\n<\/div>\n","protected":false,"raw":""},"excerpt":{"rendered":"<p>TVR: Entrevista con Fabianni Belemuski, Dir. Revista Niram Art [&hellip;]<\/p>\n","protected":false},"author":0,"featured_media":0,"parent":0,"menu_order":0,"comment_status":"closed","ping_status":"closed","template":"","meta":{"footnotes":""},"class_list":["post-481","page","type-page","status-publish","hentry"],"yoast_head":"<!-- This site is optimized with the Yoast SEO plugin v27.4 - https:\/\/yoast.com\/product\/yoast-seo-wordpress\/ -->\n<title>TVR: Entrevista con Fabianni Belemuski, Dir. Revista Niram Art \u00bb Niram Art Magazine<\/title>\n<meta name=\"robots\" content=\"index, follow, max-snippet:-1, max-image-preview:large, max-video-preview:-1\" \/>\n<link rel=\"canonical\" href=\"https:\/\/niramart.com\/revista-magazine\/tvr-entrevista-con-fabianni-belemuski-dir-revista-niram-art\/\" \/>\n<meta property=\"og:type\" content=\"article\" \/>\n<meta property=\"og:title\" content=\"TVR: Entrevista con Fabianni Belemuski, Dir. Revista Niram Art \u00bb Niram Art Magazine\" \/>\n<meta property=\"og:description\" content=\"TVR: Entrevista con Fabianni Belemuski, Dir. Revista Niram Art [&hellip;]\" \/>\n<meta property=\"og:url\" content=\"https:\/\/niramart.com\/revista-magazine\/tvr-entrevista-con-fabianni-belemuski-dir-revista-niram-art\/\" \/>\n<meta property=\"og:site_name\" content=\"Niram Art Magazine\" \/>\n<meta name=\"twitter:card\" content=\"summary_large_image\" \/>\n<!-- \/ Yoast SEO plugin. -->","yoast_head_json":{"title":"TVR: Entrevista con Fabianni Belemuski, Dir. Revista Niram Art \u00bb Niram Art Magazine","robots":{"index":"index","follow":"follow","max-snippet":"max-snippet:-1","max-image-preview":"max-image-preview:large","max-video-preview":"max-video-preview:-1"},"canonical":"https:\/\/niramart.com\/revista-magazine\/tvr-entrevista-con-fabianni-belemuski-dir-revista-niram-art\/","og_type":"article","og_title":"TVR: Entrevista con Fabianni Belemuski, Dir. Revista Niram Art \u00bb Niram Art Magazine","og_description":"TVR: Entrevista con Fabianni Belemuski, Dir. Revista Niram Art [&hellip;]","og_url":"https:\/\/niramart.com\/revista-magazine\/tvr-entrevista-con-fabianni-belemuski-dir-revista-niram-art\/","og_site_name":"Niram Art Magazine","twitter_card":"summary_large_image"},"_links":{"self":[{"href":"https:\/\/niramart.com\/revista-magazine\/wp-json\/wp\/v2\/pages\/481","targetHints":{"allow":["GET"]}}],"collection":[{"href":"https:\/\/niramart.com\/revista-magazine\/wp-json\/wp\/v2\/pages"}],"about":[{"href":"https:\/\/niramart.com\/revista-magazine\/wp-json\/wp\/v2\/types\/page"}],"replies":[{"embeddable":true,"href":"https:\/\/niramart.com\/revista-magazine\/wp-json\/wp\/v2\/comments?post=481"}],"version-history":[{"count":0,"href":"https:\/\/niramart.com\/revista-magazine\/wp-json\/wp\/v2\/pages\/481\/revisions"}],"wp:attachment":[{"href":"https:\/\/niramart.com\/revista-magazine\/wp-json\/wp\/v2\/media?parent=481"}],"curies":[{"name":"wp","href":"https:\/\/api.w.org\/{rel}","templated":true}]}}