{"id":475,"date":"2024-04-01T07:41:45","date_gmt":"2024-04-01T07:41:45","guid":{"rendered":"https:\/\/niramart.com\/revista-magazine\/aproximacion-a-la-obra-artistica-de-yolanda-dominguez-2\/"},"modified":"2024-04-01T07:41:45","modified_gmt":"2024-04-01T07:41:45","slug":"aproximacion-a-la-obra-artistica-de-yolanda-dominguez-2","status":"publish","type":"page","link":"https:\/\/niramart.com\/revista-magazine\/tag\/yolanda-dominguez\/","title":{"rendered":"Aproximaci\u00f3n a la obra art\u00edstica de Yolanda Dom\u00ednguez"},"content":{"rendered":"<div id=\"main-col\">\n<div id=\"content\" class=\"hfeed\">\n<article class=\"excerpt post-1284 post type-post status-publish format-standard hentry category-c39-articulos-espanol category-bellas-artes tag-diego-vadillo-lopez tag-yolanda-dominguez category-18-id category-119-id post-seq-1 post-parity-odd meta-position-left-pullout fix\" id=\"post-1284\">\n<header class=\"post-header title-container fix\">\n<div class=\"title\">\n<h2 class=\"posttitle\"><a href=\"https:\/\/niramart.com\/revista-magazine\/aproximacion-a-la-obra-artistica-de-yolanda-dominguez\/\" class=\"entry-title\" rel=\"bookmark\" title=\"Aproximaci\u00f3n a la obra art\u00edstica de Yolanda Dom\u00ednguez\">Aproximaci\u00f3n a la obra art\u00edstica de Yolanda Dom\u00ednguez<\/a><\/h2>\n<\/div>\n<div class=\"date\"><span class=\"month\">Oct<\/span> <span class=\"day\">04<\/span><span class=\"year\">2014<\/span><\/div>\n<\/header>\n<p> <span class=\"post-format-icon\">&nbsp;<\/span><span class=\"updated\" title=\"2014-10-04T15:46:25+00:00\">&nbsp;<\/span><\/p>\n<div class=\"entry-container fix\">\n<div class=\"entry entry-content fix\">\n<p class=\"bch4dcbow065stdpy\"> Acced\u00ed a la obra de Yolanda Dom\u00ednguez por casualidad. Me fascin\u00f3. Me parec\u00eda que esta artista moldeaba los aspectos m\u00e1s deleznables de la cotidianeidad de una manera fastuosamente sencilla; que hac\u00eda macram\u00e9 con el vac\u00edo, que esculp\u00eda la ignominia en cada uno de sus trabajos de video-arte\u2026<\/p>\n<\/div>\n<div class=\"meta-pullout meta-left-pullout\">\n<ul>\n<li class=\"fix\"><span class=\"category\"><span class=\"icon\">&nbsp;<\/span> <a href=\"https:\/\/niramart.com\/revista-magazine\/category\/s5-articulos\/c39-articulos-espanol\/\" rel=\"category tag\">Articulos espa\u00f1ol<\/a>, <a href=\"https:\/\/niramart.com\/revista-magazine\/category\/bellas-artes\/\" rel=\"category tag\">Bellas Artes<\/a><\/span><\/li>\n<li class=\"fix\"><span class=\"tags tax\"><span class=\"icon\">&nbsp;<\/span>Tagged with: <a href=\"https:\/\/niramart.com\/revista-magazine\/tag\/diego-vadillo-lopez\/\" rel=\"tag\">Diego Vadillo L\u00f3pez<\/a>, <a href=\"https:\/\/niramart.com\/revista-magazine\/tag\/yolanda-dominguez\/\" rel=\"tag\">yolanda dominguez<\/a><\/span><\/li>\n<\/ul>\n<\/div>\n<\/div>\n<footer class=\"post-footer postdata fix\"><\/footer>\n<\/article>\n<\/div>\n<\/div>\n","protected":false,"raw":""},"excerpt":{"rendered":"<p>Aproximaci\u00f3n a la obra art\u00edstica de Yolanda Dom\u00ednguez Oct [&hellip;]<\/p>\n","protected":false},"author":0,"featured_media":0,"parent":0,"menu_order":0,"comment_status":"closed","ping_status":"closed","template":"","meta":{"footnotes":""},"class_list":["post-475","page","type-page","status-publish","hentry"],"yoast_head":"<!-- This site is optimized with the Yoast SEO plugin v27.4 - https:\/\/yoast.com\/product\/yoast-seo-wordpress\/ -->\n<title>yolanda dominguez \u00bb Niram Art Magazine<\/title>\n<meta name=\"robots\" content=\"index, follow, max-snippet:-1, max-image-preview:large, max-video-preview:-1\" \/>\n<link rel=\"canonical\" href=\"https:\/\/niramart.com\/revista-magazine\/tag\/yolanda-dominguez\/\" \/>\n<meta property=\"og:type\" content=\"article\" \/>\n<meta property=\"og:title\" content=\"yolanda dominguez \u00bb Niram Art Magazine\" \/>\n<meta property=\"og:description\" content=\"Aproximaci\u00f3n a la obra art\u00edstica de Yolanda Dom\u00ednguez Oct [&hellip;]\" \/>\n<meta property=\"og:url\" content=\"https:\/\/niramart.com\/revista-magazine\/tag\/yolanda-dominguez\/\" \/>\n<meta property=\"og:site_name\" content=\"Niram Art Magazine\" \/>\n<meta name=\"twitter:card\" content=\"summary_large_image\" \/>\n<!-- \/ Yoast SEO plugin. -->","yoast_head_json":{"title":"yolanda dominguez \u00bb Niram Art Magazine","robots":{"index":"index","follow":"follow","max-snippet":"max-snippet:-1","max-image-preview":"max-image-preview:large","max-video-preview":"max-video-preview:-1"},"canonical":"https:\/\/niramart.com\/revista-magazine\/tag\/yolanda-dominguez\/","og_type":"article","og_title":"yolanda dominguez \u00bb Niram Art Magazine","og_description":"Aproximaci\u00f3n a la obra art\u00edstica de Yolanda Dom\u00ednguez Oct [&hellip;]","og_url":"https:\/\/niramart.com\/revista-magazine\/tag\/yolanda-dominguez\/","og_site_name":"Niram Art Magazine","twitter_card":"summary_large_image"},"_links":{"self":[{"href":"https:\/\/niramart.com\/revista-magazine\/wp-json\/wp\/v2\/pages\/475","targetHints":{"allow":["GET"]}}],"collection":[{"href":"https:\/\/niramart.com\/revista-magazine\/wp-json\/wp\/v2\/pages"}],"about":[{"href":"https:\/\/niramart.com\/revista-magazine\/wp-json\/wp\/v2\/types\/page"}],"replies":[{"embeddable":true,"href":"https:\/\/niramart.com\/revista-magazine\/wp-json\/wp\/v2\/comments?post=475"}],"version-history":[{"count":0,"href":"https:\/\/niramart.com\/revista-magazine\/wp-json\/wp\/v2\/pages\/475\/revisions"}],"wp:attachment":[{"href":"https:\/\/niramart.com\/revista-magazine\/wp-json\/wp\/v2\/media?parent=475"}],"curies":[{"name":"wp","href":"https:\/\/api.w.org\/{rel}","templated":true}]}}