{"id":43,"date":"2024-04-01T07:40:29","date_gmt":"2024-04-01T07:40:29","guid":{"rendered":"https:\/\/niramart.com\/revista-magazine\/aniversario-tudor\/"},"modified":"2024-04-01T07:40:29","modified_gmt":"2024-04-01T07:40:29","slug":"aniversario-tudor","status":"publish","type":"page","link":"https:\/\/niramart.com\/revista-magazine\/aniversario-tudor\/","title":{"rendered":"Aniversario Tudor"},"content":{"rendered":"<div id=\"main-col\">\n<div id=\"content\">\n<article class=\"post-1210 post type-post status-publish format-standard hentry category-c39-articulos-espanol category-bellas-artes tag-arte tag-diego-vadillo-lopez tag-pintura tag-tudor-serbanescu category-18-id category-119-id full-content meta-position-left-pullout fix\" id=\"post-1210\">\n<header class=\"post-header title-container fix\">\n<div class=\"title\">\n<h1 class=\"posttitle\"><a href=\"https:\/\/niramart.com\/revista-magazine\/aniversario-tudor\/\" class=\"entry-title\" rel=\"bookmark\" title=\"Aniversario Tudor\">Aniversario Tudor<\/a><\/h1>\n<\/div>\n<div class=\"date\"><span class=\"month\">Nov<\/span> <span class=\"day\">15<\/span><span class=\"year\">2013<\/span><\/div>\n<\/header>\n<p> <span class=\"post-format-icon\">&nbsp;<\/span><span class=\"updated\" title=\"2013-11-15T14:10:10+00:00\">&nbsp;<\/span><\/p>\n<div class=\"entry-container fix\">\n<div class=\"entry fix\">\n<p class=\"bch4dcbow065stdpy\"><b>Diego Vadillo L\u00f3pez<\/b><\/p>\n<div style=\"width: 270px\" class=\"wp-caption alignleft\"><img loading=\"lazy\" decoding=\"async\" src=\"https:\/\/niramart.com\/revista-magazine\/files\/2013\/02\/tudor_serbanescu1.jpg\" alt=\"Tudor Serbanescu\" width=\"260\" height=\"314\"\/><\/p>\n<p class=\"wp-caption-text\">Tudor Serbanescu<\/p>\n<\/div>\n<p class=\"bch4dcbow065stdpy\">Parece que fue ayer (como se suele decir) cuando, coincidiendo espacio-temporalmente con el pintor <strong>Tudor Serbanescu<\/strong>, fuimos presentados, cosa que termin\u00f3 con el feliz resultado de una portada para un libro, \u201cG\u00f3mez de la Serna era trotskista\u201d, testimonio dicha portada de una pintura previa, a su vez sustentada en la conversaci\u00f3n entrambos sobre el contenido del libro, que iba a ver la luz pronto pero al que a\u00fan le faltaba la epid\u00e9rmica presencia exterior.<\/p>\n<p class=\"bch4dcbow065stdpy\">Fue la aludida una conversaci\u00f3n agradablemente dificultosa, toda vez que Tudor a\u00fan no hablaba demasiado castellano, pero s\u00ed el suficiente para entendernos, pues era una lengua universal en la que convers\u00e1bamos, la de la cultura universal, que ejercer\u00eda de \u201cleit motiv\u201d aquella feliz tarde-noche, a tenor de los resultados.<\/p>\n<p class=\"bch4dcbow065stdpy\">Lo mejor, al fin, no obstante, fue el fraternal v\u00ednculo establecido, que llega hasta hoy, cuando estas l\u00edneas escribo, y que espero tenga continuidad incluso cuando las circunstancias interpongan m\u00e1s kil\u00f3metros de territorio entre nuestros respectivos d\u00eda a d\u00eda.<\/p>\n<p class=\"bch4dcbow065stdpy\">Tudor Serbanescu como artista es una variante pl\u00e1stica del Tudor humano, aquel que m\u00e1s que observar contempla, y contempla, examina, m\u00e1s all\u00e1 de la carcasa exterior de las personas, animales, cosas, circunstancias y dem\u00e1s abstracciones, por ello su trazo es, al fin, mera excusa para presentar lo que en otra ocasi\u00f3n defin\u00ed como \u201clencer\u00eda del alma\u201d, pues cada figura erigida sobre el lienzo es fruto de la introspecci\u00f3n, pasando a depender la t\u00e9cnica de la resonancia interior que pudieran tener las realidades observadas en el pl\u00e1stico ejecutor.<\/p>\n<p class=\"bch4dcbow065stdpy\">Como Goya, Tudor es de esos pintores con capacidad para el registro caracterol\u00f3gico, \u201cid est\u201d, dispone de la capacidad para obtener en s\u00ed la vibraci\u00f3n que produce un modo de ser y eso queda plasmado \u00f3leo sobre lienzo, por ello si se quiere obtener la sensaci\u00f3n m\u00e1s certera y cercana de lo que nos dicen los cuadros de Tudor Serbanescu, hemos de encararlos morosamente y con la intensidad con que lo hacen dos boxeadores justo antes de iniciar las normadas hostilidades de que requiere su disciplina. A poco que se encaren las obras como si las ret\u00e1semos a un duelo al sol, en plan \u201cwestern\u201d, estas se vencer\u00e1n y proceder\u00e1n a darnos las claves de su esp\u00edritu, un \u00e1nima que ha transportado Tudor Serbanescu en su pl\u00e1stica intenci\u00f3n.<\/p>\n<p class=\"bch4dcbow065stdpy\">Si amalgamamos todo lo que hasta aqu\u00ed vengo diciendo incurrimos sin remisi\u00f3n en la paradoja, al menos aparentemente, puesto que nuestro pintor es en gran parte conocido por sus obras de cariz fantasioso. Y es que es, precisamente, a trav\u00e9s de la fantas\u00eda como logra ofrecernos un mayor realismo.<\/p>\n<p class=\"bch4dcbow065stdpy\">Es Tudor un hondo-realista, pues indaga y hace aflorar lo que subyace en esa realidad, la cual nos podr\u00eda trasvasar al lienzo de la manera m\u00e1s roma, pero no, \u00e9l posee una dial\u00e9ctica del trazo-color muy caracter\u00edstica, reconocible por dem\u00e1s, que nos consigue aportar todos los rasgos de la personalidad de quien fuera, eso s\u00ed, embutidos en el cauce del estilo Tudor.<\/p>\n<p class=\"bch4dcbow065stdpy\">Un gallo, verbigracia, queda dotado de personalidad, as\u00ed como un fondo u otro; nada es gratuito y todo requerible y entra\u00f1able en el orbe pict\u00f3rico que nos ocupa.<\/p>\n<p class=\"bch4dcbow065stdpy\">Tengo el honor de pertenecer junto a otros contertulios habituales de Tudor a ese orbe, pero me disculpar\u00e1n que (m\u00e1s por pudor que por otra cosa) no proceda a glosar los rasgos intr\u00ednsecos de mi persona perceptibles en tal cuadro, pero ah\u00ed est\u00e1n muchos por m\u00ed conocidos y otros que seguro, distintas personas, desde fuera, podr\u00e1n atisbar con exterior y diferente-enriquecedora perspectiva.<\/p>\n<p class=\"bch4dcbow065stdpy\">En fin, estas impresiones sobre la obra de mi entra\u00f1able camarada Tudor viene a cuento de la celebraci\u00f3n de su aniversario, el tercero que tengo el gusto de compartir. Han sido tres a\u00f1os asistiendo al nacimiento de muchas de sus creaciones, que ya son como de la familia, por ello quiero felicitar al maestro y enviarle un fort\u00edsimo abrazo.<\/p>\n<p class=\"bch4dcbow065stdpy\">&nbsp;<\/p>\n<\/div>\n<div class=\"meta-pullout meta-left-pullout\">\n<ul>\n<li class=\"fix\"><span class=\"category\"><span class=\"icon\">&nbsp;<\/span> <a href=\"https:\/\/niramart.com\/revista-magazine\/category\/s5-articulos\/c39-articulos-espanol\/\" rel=\"category tag\">Articulos espa\u00f1ol<\/a>, <a href=\"https:\/\/niramart.com\/revista-magazine\/category\/bellas-artes\/\" rel=\"category tag\">Bellas Artes<\/a><\/span><\/li>\n<li class=\"fix\"><span class=\"tags tax\"><span class=\"icon\">&nbsp;<\/span>Tagged with: <a href=\"https:\/\/niramart.com\/revista-magazine\/tag\/arte\/\" rel=\"tag\">arte<\/a>, <a href=\"https:\/\/niramart.com\/revista-magazine\/tag\/diego-vadillo-lopez\/\" rel=\"tag\">Diego Vadillo L\u00f3pez<\/a>, <a href=\"https:\/\/niramart.com\/revista-magazine\/tag\/pintura\/\" rel=\"tag\">pintura<\/a>, <a href=\"https:\/\/niramart.com\/revista-magazine\/tag\/tudor-serbanescu\/\" rel=\"tag\">tudor serbanescu<\/a><\/span><\/li>\n<\/ul>\n<\/div>\n<\/div>\n<footer class=\"post-footer postdata fix\"> <\/footer>\n<section id=\"comments\"> <\/section>\n<\/article>\n<nav class=\"post-nav fix\">\n<table>\n<tr>\n<td class=\"previous\"><a href=\"https:\/\/niramart.com\/revista-magazine\/lady-dada-doppeltganger-y-sweet-art-en-el-i-salon-neo-simbolista-de-madrid\/\" rel=\"prev\"><span class=\"icon\">&nbsp;<\/span> Lady Dad\u00e1, Doppeltg\u00e4nger y Sweet Art en el I Sal\u00f3n Neo-simbolista<\/a><\/td>\n<td class=\"next\"><a href=\"https:\/\/niramart.com\/revista-magazine\/tarbut-arte-presenta-frank-auerbach-vida-y-obra\/\" rel=\"next\"><span class=\"icon\">&nbsp;<\/span> Tarbut Arte presenta: Frank Auerbach, vida y obra<\/a><\/td>\n<\/tr>\n<\/table>\n<\/nav>\n<\/div>\n<\/div>\n","protected":false,"raw":""},"excerpt":{"rendered":"<p>Aniversario Tudor Nov 152013 &nbsp;&nbsp; Diego Vadillo L\u00f3pez Tudor [&hellip;]<\/p>\n","protected":false},"author":0,"featured_media":0,"parent":0,"menu_order":0,"comment_status":"closed","ping_status":"closed","template":"","meta":{"footnotes":""},"class_list":["post-43","page","type-page","status-publish","hentry"],"yoast_head":"<!-- This site is optimized with the Yoast SEO plugin v27.4 - https:\/\/yoast.com\/product\/yoast-seo-wordpress\/ -->\n<title>Aniversario Tudor \u00bb Niram Art Magazine<\/title>\n<meta name=\"robots\" content=\"index, follow, max-snippet:-1, max-image-preview:large, max-video-preview:-1\" \/>\n<link rel=\"canonical\" href=\"https:\/\/niramart.com\/revista-magazine\/aniversario-tudor\/\" \/>\n<meta property=\"og:type\" content=\"article\" \/>\n<meta property=\"og:title\" content=\"Aniversario Tudor \u00bb Niram Art Magazine\" \/>\n<meta property=\"og:description\" content=\"Aniversario Tudor Nov 152013 &nbsp;&nbsp; Diego Vadillo L\u00f3pez Tudor [&hellip;]\" \/>\n<meta property=\"og:url\" content=\"https:\/\/niramart.com\/revista-magazine\/aniversario-tudor\/\" \/>\n<meta property=\"og:site_name\" content=\"Niram Art Magazine\" \/>\n<meta name=\"twitter:card\" content=\"summary_large_image\" \/>\n<meta name=\"twitter:label1\" content=\"Est. reading time\" \/>\n\t<meta name=\"twitter:data1\" content=\"4 minutes\" \/>\n<!-- \/ Yoast SEO plugin. -->","yoast_head_json":{"title":"Aniversario Tudor \u00bb Niram Art Magazine","robots":{"index":"index","follow":"follow","max-snippet":"max-snippet:-1","max-image-preview":"max-image-preview:large","max-video-preview":"max-video-preview:-1"},"canonical":"https:\/\/niramart.com\/revista-magazine\/aniversario-tudor\/","og_type":"article","og_title":"Aniversario Tudor \u00bb Niram Art Magazine","og_description":"Aniversario Tudor Nov 152013 &nbsp;&nbsp; Diego Vadillo L\u00f3pez Tudor [&hellip;]","og_url":"https:\/\/niramart.com\/revista-magazine\/aniversario-tudor\/","og_site_name":"Niram Art Magazine","twitter_card":"summary_large_image","twitter_misc":{"Est. reading time":"4 minutes"}},"_links":{"self":[{"href":"https:\/\/niramart.com\/revista-magazine\/wp-json\/wp\/v2\/pages\/43","targetHints":{"allow":["GET"]}}],"collection":[{"href":"https:\/\/niramart.com\/revista-magazine\/wp-json\/wp\/v2\/pages"}],"about":[{"href":"https:\/\/niramart.com\/revista-magazine\/wp-json\/wp\/v2\/types\/page"}],"replies":[{"embeddable":true,"href":"https:\/\/niramart.com\/revista-magazine\/wp-json\/wp\/v2\/comments?post=43"}],"version-history":[{"count":0,"href":"https:\/\/niramart.com\/revista-magazine\/wp-json\/wp\/v2\/pages\/43\/revisions"}],"wp:attachment":[{"href":"https:\/\/niramart.com\/revista-magazine\/wp-json\/wp\/v2\/media?parent=43"}],"curies":[{"name":"wp","href":"https:\/\/api.w.org\/{rel}","templated":true}]}}