{"id":399,"date":"2024-04-01T07:41:32","date_gmt":"2024-04-01T07:41:32","guid":{"rendered":"https:\/\/niramart.com\/revista-magazine\/lady-dada-doppeltganger-y-sweet-art-en-el-i-salon-neo-simbolista-4\/"},"modified":"2024-04-01T07:41:32","modified_gmt":"2024-04-01T07:41:32","slug":"lady-dada-doppeltganger-y-sweet-art-en-el-i-salon-neo-simbolista-4","status":"publish","type":"page","link":"https:\/\/niramart.com\/revista-magazine\/tag\/pedro-ortega\/","title":{"rendered":"Lady Dad\u00e1, Doppeltg\u00e4nger y Sweet Art en el I Sal\u00f3n Neo-simbolista"},"content":{"rendered":"<div id=\"main-col\">\n<div id=\"content\" class=\"hfeed\">\n<article class=\"excerpt post-1206 post type-post status-publish format-standard hentry category-c39-articulos-espanol category-bellas-artes tag-gotico tag-m-i-e-d-h-o tag-pedro-ortega category-18-id category-119-id post-seq-1 post-parity-odd meta-position-left-pullout fix\" id=\"post-1206\">\n<header class=\"post-header title-container fix\">\n<div class=\"title\">\n<h2 class=\"posttitle\"><a href=\"https:\/\/niramart.com\/revista-magazine\/lady-dada-doppeltganger-y-sweet-art-en-el-i-salon-neo-simbolista-de-madrid\/\" class=\"entry-title\" rel=\"bookmark\" title=\"Lady Dad\u00e1, Doppeltg\u00e4nger y Sweet Art en el I Sal\u00f3n Neo-simbolista\">Lady Dad\u00e1, Doppeltg\u00e4nger y Sweet Art en el I Sal\u00f3n Neo-simbolista<\/a><\/h2>\n<\/div>\n<div class=\"date\"><span class=\"month\">Nov<\/span> <span class=\"day\">09<\/span><span class=\"year\">2013<\/span><\/div>\n<\/header>\n<p> <span class=\"post-format-icon\">&nbsp;<\/span><span class=\"updated\" title=\"2013-11-09T18:12:04+00:00\">&nbsp;<\/span><\/p>\n<div class=\"entry-container fix\">\n<div class=\"entry entry-content fix\">\n<p class=\"bch4dcbow065stdpy\">&nbsp; El I Sal\u00f3n Neo-simbolista tiene lugar en el marco de la V Semana G\u00f3tica de Madrid durante todo el mes de noviembre en el Museo de Arte y Tradiciones Populares de la Universidad Aut\u00f3noma de Madrid, La Corrala. La exposici\u00f3n colectiva, que trata <a href=\"https:\/\/niramart.com\/revista-magazine\/lady-dada-doppeltganger-y-sweet-art-en-el-i-salon-neo-simbolista-de-madrid\/\" class=\"excerpt-more\">[&#8230;]<\/a><\/p>\n<\/div>\n<div class=\"meta-pullout meta-left-pullout\">\n<ul>\n<li class=\"fix\"><span class=\"category\"><span class=\"icon\">&nbsp;<\/span> <a href=\"https:\/\/niramart.com\/revista-magazine\/category\/s5-articulos\/c39-articulos-espanol\/\" rel=\"category tag\">Articulos espa\u00f1ol<\/a>, <a href=\"https:\/\/niramart.com\/revista-magazine\/category\/bellas-artes\/\" rel=\"category tag\">Bellas Artes<\/a><\/span><\/li>\n<li class=\"fix\"><span class=\"tags tax\"><span class=\"icon\">&nbsp;<\/span>Tagged with: <a href=\"https:\/\/niramart.com\/revista-magazine\/tag\/gotico\/\" rel=\"tag\">g\u00f3tico<\/a>, <a href=\"https:\/\/niramart.com\/revista-magazine\/tag\/m-i-e-d-h-o\/\" rel=\"tag\">M.I.E.D.H.O.<\/a>, <a href=\"https:\/\/niramart.com\/revista-magazine\/tag\/pedro-ortega\/\" rel=\"tag\">Pedro Ortega<\/a><\/span><\/li>\n<\/ul>\n<\/div>\n<\/div>\n<footer class=\"post-footer postdata fix\"><\/footer>\n<\/article>\n<article class=\"excerpt post-1161 post type-post status-publish format-standard hentry category-c39-articulos-espanol category-entrevistas tag-entrevista tag-fabianni-belemuski tag-mentenebre tag-pedro-ortega tag-revista-herejia-y-belleza category-18-id category-121-id post-seq-2 post-parity-even meta-position-left-pullout fix\" id=\"post-1161\">\n<header class=\"post-header title-container fix\">\n<div class=\"title\">\n<h2 class=\"posttitle\"><a href=\"https:\/\/niramart.com\/revista-magazine\/entrevista-con-pedro-ortega-critico-musical-literario-y-de-arte\/\" class=\"entry-title\" rel=\"bookmark\" title=\"Entrevista con Pedro Ortega, cr\u00edtico musical, literario y de arte\">Entrevista con Pedro Ortega, cr\u00edtico musical, literario y de arte<\/a><\/h2>\n<\/div>\n<div class=\"date\"><span class=\"month\">Oct<\/span> <span class=\"day\">30<\/span><span class=\"year\">2013<\/span><\/div>\n<\/header>\n<p> <span class=\"post-format-icon\">&nbsp;<\/span><span class=\"updated\" title=\"2013-10-30T16:44:45+00:00\">&nbsp;<\/span><\/p>\n<div class=\"entry-container fix\">\n<div class=\"entry entry-content fix\">\n<p class=\"bch4dcbow065stdpy\">Realizada por Fabianni Belemuski \u201cVivimos en una sociedad que no nos gusta, nos sentimos descontentos con lo que nos ha tocado vivir\u201d Cr\u00edtico musical, literario y de arte, Pedro Ortega es g\u00f3tico desde 1990, cuando los integrantes de esta tribu urbana eran llamados \u201csiniestros\u201d. <a href=\"https:\/\/niramart.com\/revista-magazine\/entrevista-con-pedro-ortega-critico-musical-literario-y-de-arte\/\" class=\"excerpt-more\">[&#8230;]<\/a><\/p>\n<\/div>\n<div class=\"meta-pullout meta-left-pullout\">\n<ul>\n<li class=\"fix\"><span class=\"category\"><span class=\"icon\">&nbsp;<\/span> <a href=\"https:\/\/niramart.com\/revista-magazine\/category\/s5-articulos\/c39-articulos-espanol\/\" rel=\"category tag\">Articulos espa\u00f1ol<\/a>, <a href=\"https:\/\/niramart.com\/revista-magazine\/category\/entrevistas\/\" rel=\"category tag\">Entrevistas<\/a><\/span><\/li>\n<li class=\"fix\"><span class=\"tags tax\"><span class=\"icon\">&nbsp;<\/span>Tagged with: <a href=\"https:\/\/niramart.com\/revista-magazine\/tag\/entrevista\/\" rel=\"tag\">entrevista<\/a>, <a href=\"https:\/\/niramart.com\/revista-magazine\/tag\/fabianni-belemuski\/\" rel=\"tag\">fabianni belemuski<\/a>, <a href=\"https:\/\/niramart.com\/revista-magazine\/tag\/mentenebre\/\" rel=\"tag\">Mentenebre<\/a>, <a href=\"https:\/\/niramart.com\/revista-magazine\/tag\/pedro-ortega\/\" rel=\"tag\">Pedro Ortega<\/a>, <a href=\"https:\/\/niramart.com\/revista-magazine\/tag\/revista-herejia-y-belleza\/\" rel=\"tag\">revista Herej\u00eda y Belleza<\/a><\/span><\/li>\n<\/ul>\n<\/div>\n<\/div>\n<footer class=\"post-footer postdata fix\"><\/footer>\n<\/article>\n<article class=\"excerpt post-920 post type-post status-publish format-standard hentry category-bellas-artes category-c40-english category-no-1-2-2013 tag-miedho tag-pedro-ortega category-119-id category-17-id category-148-id post-seq-3 post-parity-odd meta-position-left-pullout fix\" id=\"post-920\">\n<header class=\"post-header title-container fix\">\n<div class=\"title\">\n<h2 class=\"posttitle\"><a href=\"https:\/\/niramart.com\/revista-magazine\/miedho-a-book-review-by-pedro-ortega\/\" class=\"entry-title\" rel=\"bookmark\" title=\"MIEDHO,  Book Review by Pedro Ortega\">MIEDHO,  Book Review by Pedro Ortega<\/a><\/h2>\n<\/div>\n<div class=\"date\"><span class=\"month\">Apr<\/span> <span class=\"day\">10<\/span><span class=\"year\">2013<\/span><\/div>\n<\/header>\n<p> <span class=\"post-format-icon\">&nbsp;<\/span><span class=\"updated\" title=\"2013-04-10T18:46:46+00:00\">&nbsp;<\/span><\/p>\n<div class=\"entry-container fix\">\n<div class=\"entry entry-content fix\">\n<p class=\"bch4dcbow065stdpy\">Pedro Ortega is an Art Historian, with a degree in Advanced Studies on Art History, UAM Madrid. Currently writing Ph.D Thesis. Curator. Editor. Director of Herej\u00eda y Belleza magazine. Subdirector of Mentenebre magazine. &nbsp; By curious circumstances, a friend put me in touch with <a href=\"https:\/\/niramart.com\/revista-magazine\/miedho-a-book-review-by-pedro-ortega\/\" class=\"excerpt-more\">[&#8230;]<\/a><\/p>\n<\/div>\n<div class=\"meta-pullout meta-left-pullout\">\n<ul>\n<li class=\"fix\"><span class=\"category\"><span class=\"icon\">&nbsp;<\/span> <a href=\"https:\/\/niramart.com\/revista-magazine\/category\/bellas-artes\/\" rel=\"category tag\">Bellas Artes<\/a>, <a href=\"https:\/\/niramart.com\/revista-magazine\/category\/s5-articulos\/c40-english\/\" rel=\"category tag\">English articles<\/a>, <a href=\"https:\/\/niramart.com\/revista-magazine\/category\/s5-articulos\/no-1-2-2013\/\" rel=\"category tag\">N\u00ba 1-2, 2013<\/a><\/span><\/li>\n<li class=\"fix\"><span class=\"tags tax\"><span class=\"icon\">&nbsp;<\/span>Tagged with: <a href=\"https:\/\/niramart.com\/revista-magazine\/tag\/miedho\/\" rel=\"tag\">MIEDHO<\/a>, <a href=\"https:\/\/niramart.com\/revista-magazine\/tag\/pedro-ortega\/\" rel=\"tag\">Pedro Ortega<\/a><\/span><\/li>\n<\/ul>\n<\/div>\n<\/div>\n<footer class=\"post-footer postdata fix\"><\/footer>\n<\/article>\n<article class=\"excerpt post-855 post type-post status-publish format-standard hentry category-bellas-artes category-no-1-2-2013 tag-bodgan-ater tag-diego-vadillo-lopez tag-hector-martinez-sanz tag-miedho tag-pedro-ortega category-119-id category-148-id post-seq-4 post-parity-even meta-position-left-pullout fix\" id=\"post-855\">\n<header class=\"post-header title-container fix\">\n<div class=\"title\">\n<h2 class=\"posttitle\"><a href=\"https:\/\/niramart.com\/revista-magazine\/miedho\/\" class=\"entry-title\" rel=\"bookmark\" title=\"Miedho\">Miedho<\/a><\/h2>\n<\/div>\n<div class=\"date\"><span class=\"month\">Apr<\/span> <span class=\"day\">08<\/span><span class=\"year\">2013<\/span><\/div>\n<\/header>\n<p> <span class=\"post-format-icon\">&nbsp;<\/span><span class=\"updated\" title=\"2013-04-08T16:56:32+00:00\">&nbsp;<\/span><\/p>\n<div class=\"entry-container fix\">\n<div class=\"entry entry-content fix\">\n<p class=\"bch4dcbow065stdpy\">Pedro Ortega Historiador del Arte Por una curiosa circunstancia, una amiga me puso en contacto con el intrigante protagonista de esta historia, este artista que se da a conocer bajo el acr\u00f3nimo Miedho. Cambiamos unos amables mensajes y surgi\u00f3 la posibilidad de comentar este <a href=\"https:\/\/niramart.com\/revista-magazine\/miedho\/\" class=\"excerpt-more\">[&#8230;]<\/a><\/p>\n<\/div>\n<div class=\"meta-pullout meta-left-pullout\">\n<ul>\n<li class=\"fix\"><span class=\"category\"><span class=\"icon\">&nbsp;<\/span> <a href=\"https:\/\/niramart.com\/revista-magazine\/category\/bellas-artes\/\" rel=\"category tag\">Bellas Artes<\/a>, <a href=\"https:\/\/niramart.com\/revista-magazine\/category\/s5-articulos\/no-1-2-2013\/\" rel=\"category tag\">N\u00ba 1-2, 2013<\/a><\/span><\/li>\n<li class=\"fix\"><span class=\"tags tax\"><span class=\"icon\">&nbsp;<\/span>Tagged with: <a href=\"https:\/\/niramart.com\/revista-magazine\/tag\/bodgan-ater\/\" rel=\"tag\">Bodgan Ater<\/a>, <a href=\"https:\/\/niramart.com\/revista-magazine\/tag\/diego-vadillo-lopez\/\" rel=\"tag\">Diego Vadillo L\u00f3pez<\/a>, <a href=\"https:\/\/niramart.com\/revista-magazine\/tag\/hector-martinez-sanz\/\" rel=\"tag\">H\u00e9ctor Mart\u00ednez sanz<\/a>, <a href=\"https:\/\/niramart.com\/revista-magazine\/tag\/miedho\/\" rel=\"tag\">MIEDHO<\/a>, <a href=\"https:\/\/niramart.com\/revista-magazine\/tag\/pedro-ortega\/\" rel=\"tag\">Pedro Ortega<\/a><\/span><\/li>\n<\/ul>\n<\/div>\n<\/div>\n<footer class=\"post-footer postdata fix\"><\/footer>\n<\/article>\n<\/div>\n<\/div>\n","protected":false,"raw":""},"excerpt":{"rendered":"<p>Lady Dad\u00e1, Doppeltg\u00e4nger y Sweet Art en el I [&hellip;]<\/p>\n","protected":false},"author":0,"featured_media":0,"parent":0,"menu_order":0,"comment_status":"closed","ping_status":"closed","template":"","meta":{"footnotes":""},"class_list":["post-399","page","type-page","status-publish","hentry"],"yoast_head":"<!-- This site is optimized with the Yoast SEO plugin v27.4 - https:\/\/yoast.com\/product\/yoast-seo-wordpress\/ -->\n<title>Pedro Ortega \u00bb Niram Art Magazine<\/title>\n<meta name=\"robots\" content=\"index, follow, max-snippet:-1, max-image-preview:large, max-video-preview:-1\" \/>\n<link rel=\"canonical\" href=\"https:\/\/niramart.com\/revista-magazine\/tag\/pedro-ortega\/\" \/>\n<meta property=\"og:type\" content=\"article\" \/>\n<meta property=\"og:title\" content=\"Pedro Ortega \u00bb Niram Art Magazine\" \/>\n<meta property=\"og:description\" content=\"Lady Dad\u00e1, Doppeltg\u00e4nger y Sweet Art en el I [&hellip;]\" \/>\n<meta property=\"og:url\" content=\"https:\/\/niramart.com\/revista-magazine\/tag\/pedro-ortega\/\" \/>\n<meta property=\"og:site_name\" content=\"Niram Art Magazine\" \/>\n<meta name=\"twitter:card\" content=\"summary_large_image\" \/>\n<meta name=\"twitter:label1\" content=\"Est. reading time\" \/>\n\t<meta name=\"twitter:data1\" content=\"1 minute\" \/>\n<!-- \/ Yoast SEO plugin. -->","yoast_head_json":{"title":"Pedro Ortega \u00bb Niram Art Magazine","robots":{"index":"index","follow":"follow","max-snippet":"max-snippet:-1","max-image-preview":"max-image-preview:large","max-video-preview":"max-video-preview:-1"},"canonical":"https:\/\/niramart.com\/revista-magazine\/tag\/pedro-ortega\/","og_type":"article","og_title":"Pedro Ortega \u00bb Niram Art Magazine","og_description":"Lady Dad\u00e1, Doppeltg\u00e4nger y Sweet Art en el I [&hellip;]","og_url":"https:\/\/niramart.com\/revista-magazine\/tag\/pedro-ortega\/","og_site_name":"Niram Art Magazine","twitter_card":"summary_large_image","twitter_misc":{"Est. reading time":"1 minute"}},"_links":{"self":[{"href":"https:\/\/niramart.com\/revista-magazine\/wp-json\/wp\/v2\/pages\/399","targetHints":{"allow":["GET"]}}],"collection":[{"href":"https:\/\/niramart.com\/revista-magazine\/wp-json\/wp\/v2\/pages"}],"about":[{"href":"https:\/\/niramart.com\/revista-magazine\/wp-json\/wp\/v2\/types\/page"}],"replies":[{"embeddable":true,"href":"https:\/\/niramart.com\/revista-magazine\/wp-json\/wp\/v2\/comments?post=399"}],"version-history":[{"count":0,"href":"https:\/\/niramart.com\/revista-magazine\/wp-json\/wp\/v2\/pages\/399\/revisions"}],"wp:attachment":[{"href":"https:\/\/niramart.com\/revista-magazine\/wp-json\/wp\/v2\/media?parent=399"}],"curies":[{"name":"wp","href":"https:\/\/api.w.org\/{rel}","templated":true}]}}