{"id":390,"date":"2024-04-01T07:41:30","date_gmt":"2024-04-01T07:41:30","guid":{"rendered":"https:\/\/niramart.com\/revista-magazine\/sorin-mitu-nos-presenta-la-historia-de-asia-moderna-5\/"},"modified":"2024-04-01T07:41:30","modified_gmt":"2024-04-01T07:41:30","slug":"sorin-mitu-nos-presenta-la-historia-de-asia-moderna-5","status":"publish","type":"page","link":"https:\/\/niramart.com\/revista-magazine\/tag\/niram-art-editorial\/","title":{"rendered":"Sorin Mitu nos presenta la historia de Asia Moderna"},"content":{"rendered":"<div id=\"main-col\">\n<div id=\"content\" class=\"hfeed\">\n<article class=\"post-1293 post type-post status-publish format-standard hentry category-historia tag-asia tag-historia-2 tag-niram-art-editorial tag-sorin-mitu excerpt category-265-id post-seq-1 post-parity-odd meta-position-left-pullout fix\" id=\"post-1293\">\n<header class=\"post-header title-container fix\">\n<div class=\"title\">\n<h2 class=\"posttitle\"><a href=\"https:\/\/niramart.com\/revista-magazine\/sorin-mitu-nos-presenta-la-historia-de-asia-moderna\/\" class=\"entry-title\" rel=\"bookmark\" title=\"Sorin Mitu nos presenta la historia de Asia Moderna\">Sorin Mitu nos presenta la historia de Asia Moderna<\/a><\/h2>\n<\/div>\n<div class=\"date\"><span class=\"month\">Oct<\/span> <span class=\"day\">04<\/span><span class=\"year\">2014<\/span><\/div>\n<\/header>\n<p> <span class=\"post-format-icon\">&nbsp;<\/span><span class=\"updated\" title=\"2014-10-04T16:48:21+00:00\">&nbsp;<\/span><\/p>\n<div class=\"entry-container fix\">\n<div class=\"entry entry-content fix\">\n<p class=\"bch4dcbow065stdpy\">El libro La historia de Asia Moderna de Sorin Mitu (Niram Art Editorial, 2014) presenta en una manera clara y concisa la historia de Asia<\/p>\n<\/div>\n<div class=\"meta-pullout meta-left-pullout\">\n<ul>\n<li class=\"fix\"><span class=\"category\"><span class=\"icon\">&nbsp;<\/span> <a href=\"https:\/\/niramart.com\/revista-magazine\/category\/historia\/\" rel=\"category tag\">Historia<\/a><\/span><\/li>\n<li class=\"fix\"><span class=\"tags tax\"><span class=\"icon\">&nbsp;<\/span>Tagged with: <a href=\"https:\/\/niramart.com\/revista-magazine\/tag\/asia\/\" rel=\"tag\">Asia<\/a>, <a href=\"https:\/\/niramart.com\/revista-magazine\/tag\/historia-2\/\" rel=\"tag\">historia<\/a>, <a href=\"https:\/\/niramart.com\/revista-magazine\/tag\/niram-art-editorial\/\" rel=\"tag\">niram art editorial<\/a>, <a href=\"https:\/\/niramart.com\/revista-magazine\/tag\/sorin-mitu\/\" rel=\"tag\">Sorin Mitu<\/a><\/span><\/li>\n<\/ul>\n<\/div>\n<\/div>\n<footer class=\"post-footer postdata fix\"> <\/footer>\n<\/article>\n<article class=\"post-1268 post type-post status-publish format-standard hentry category-c39-articulos-espanol category-literatura tag-jose-serna-andres tag-niram-art-editorial tag-resena excerpt category-18-id category-120-id post-seq-2 post-parity-even meta-position-left-pullout fix\" id=\"post-1268\">\n<header class=\"post-header title-container fix\">\n<div class=\"title\">\n<h2 class=\"posttitle\"><a href=\"https:\/\/niramart.com\/revista-magazine\/calma-enredada-en-el-equipaje-consideraciones-con-respecto-a-redes-de-calma-de-jose-serna-andres\/\" class=\"entry-title\" rel=\"bookmark\" title=\"Calma enredada en el equipaje. Consideraciones con respecto a Redes de calma, de Jos\u00e9 Serna Andr\u00e9s\">Calma enredada en el equipaje. Consideraciones con respecto a Redes de calma, de Jos\u00e9 Serna Andr\u00e9s<\/a><\/h2>\n<\/div>\n<div class=\"date\"><span class=\"month\">Sep<\/span> <span class=\"day\">27<\/span><span class=\"year\">2014<\/span><\/div>\n<\/header>\n<p> <span class=\"post-format-icon\">&nbsp;<\/span><span class=\"updated\" title=\"2014-09-27T16:46:55+00:00\">&nbsp;<\/span><\/p>\n<div class=\"entry-container fix\">\n<div class=\"entry entry-content fix\">\n<p class=\"bch4dcbow065stdpy\">Diego Vadillo L\u00f3pez Tras la lectura de Redes de calma (Niram Art, 2013), de Jos\u00e9 Serna Andr\u00e9s, una serie de reflexiones de distinto tenor me sobrevinieron. Y es que se trata de una obra diversa pero unitaria en su diversidad; es un poemario conformado <a href=\"https:\/\/niramart.com\/revista-magazine\/calma-enredada-en-el-equipaje-consideraciones-con-respecto-a-redes-de-calma-de-jose-serna-andres\/\" class=\"excerpt-more\">[&#8230;]<\/a><\/p>\n<\/div>\n<div class=\"meta-pullout meta-left-pullout\">\n<ul>\n<li class=\"fix\"><span class=\"category\"><span class=\"icon\">&nbsp;<\/span> <a href=\"https:\/\/niramart.com\/revista-magazine\/category\/s5-articulos\/c39-articulos-espanol\/\" rel=\"category tag\">Articulos espa\u00f1ol<\/a>, <a href=\"https:\/\/niramart.com\/revista-magazine\/category\/literatura\/\" rel=\"category tag\">Literatura<\/a><\/span><\/li>\n<li class=\"fix\"><span class=\"tags tax\"><span class=\"icon\">&nbsp;<\/span>Tagged with: <a href=\"https:\/\/niramart.com\/revista-magazine\/tag\/jose-serna-andres\/\" rel=\"tag\">Jos\u00e9 Serna Andr\u00e9s<\/a>, <a href=\"https:\/\/niramart.com\/revista-magazine\/tag\/niram-art-editorial\/\" rel=\"tag\">niram art editorial<\/a>, <a href=\"https:\/\/niramart.com\/revista-magazine\/tag\/resena\/\" rel=\"tag\">rese\u00f1a<\/a><\/span><\/li>\n<\/ul>\n<\/div>\n<\/div>\n<footer class=\"post-footer postdata fix\"> <\/footer>\n<\/article>\n<article class=\"post-1265 post type-post status-publish format-standard hentry category-c39-articulos-espanol category-destacados category-literatura tag-ana-unhold tag-la-nena tag-niram-art-editorial tag-novela excerpt category-18-id category-270-id category-120-id post-seq-3 post-parity-odd meta-position-left-pullout fix\" id=\"post-1265\">\n<header class=\"post-header title-container fix\">\n<div class=\"title\">\n<h2 class=\"posttitle\"><a href=\"https:\/\/niramart.com\/revista-magazine\/la-nena-de-ana-unhold-la-biografia-de-una-mujer-sin-vida-propia\/\" class=\"entry-title\" rel=\"bookmark\" title=\"\u201cLa Nena\u201d, de Ana Unhold, la biograf\u00eda de una mujer sin vida propia\">\u201cLa Nena\u201d, de Ana Unhold, la biograf\u00eda de una mujer sin vida propia<\/a><\/h2>\n<\/div>\n<div class=\"date\"><span class=\"month\">Sep<\/span> <span class=\"day\">27<\/span><span class=\"year\">2014<\/span><\/div>\n<\/header>\n<p> <span class=\"post-format-icon\">&nbsp;<\/span><span class=\"updated\" title=\"2014-09-27T16:39:42+00:00\">&nbsp;<\/span><\/p>\n<div class=\"entry-container fix\">\n<div class=\"entry entry-content fix\">\n<p class=\"bch4dcbow065stdpy\">El pasado 23 de septiembre tuvo lugar en la librer\u00eda Cervantes y Compa\u00f1\u00eda la presentaci\u00f3n del libro \u201cLa Nena\u201d  (Niram Art Editorial, 2014), de la escritora y artista pl\u00e1stica bonaerense Ana Unhold, con la que tuve el gusto de compartir una amena charla a cerca de dicha obra, una novela cargada de emotividad y narrada con prosa en\u00e9rgica y vigorosa.<\/p>\n<\/div>\n<div class=\"meta-pullout meta-left-pullout\">\n<ul>\n<li class=\"fix\"><span class=\"category\"><span class=\"icon\">&nbsp;<\/span> <a href=\"https:\/\/niramart.com\/revista-magazine\/category\/s5-articulos\/c39-articulos-espanol\/\" rel=\"category tag\">Articulos espa\u00f1ol<\/a>, <a href=\"https:\/\/niramart.com\/revista-magazine\/category\/destacados\/\" rel=\"category tag\">Destacados<\/a>, <a href=\"https:\/\/niramart.com\/revista-magazine\/category\/literatura\/\" rel=\"category tag\">Literatura<\/a><\/span><\/li>\n<li class=\"fix\"><span class=\"tags tax\"><span class=\"icon\">&nbsp;<\/span>Tagged with: <a href=\"https:\/\/niramart.com\/revista-magazine\/tag\/ana-unhold\/\" rel=\"tag\">Ana Unhold<\/a>, <a href=\"https:\/\/niramart.com\/revista-magazine\/tag\/la-nena\/\" rel=\"tag\">La Nena<\/a>, <a href=\"https:\/\/niramart.com\/revista-magazine\/tag\/niram-art-editorial\/\" rel=\"tag\">niram art editorial<\/a>, <a href=\"https:\/\/niramart.com\/revista-magazine\/tag\/novela\/\" rel=\"tag\">NOVELA<\/a><\/span><\/li>\n<\/ul>\n<\/div>\n<\/div>\n<footer class=\"post-footer postdata fix\"> <\/footer>\n<\/article>\n<article class=\"post-1290 post type-post status-publish format-standard hentry category-c39-articulos-espanol category-literatura tag-aurel-m-cazacu tag-logica tag-niram-art-editorial tag-titu-maiorescu excerpt category-18-id category-120-id post-seq-4 post-parity-even meta-position-left-pullout fix\" id=\"post-1290\">\n<header class=\"post-header title-container fix\">\n<div class=\"title\">\n<h2 class=\"posttitle\"><a href=\"https:\/\/niramart.com\/revista-magazine\/aurel-m-cazacu-y-el-mundo-de-la-logica\/\" class=\"entry-title\" rel=\"bookmark\" title=\"Aurel M. Cazacu y el mundo de la l\u00f3gica\">Aurel M. Cazacu y el mundo de la l\u00f3gica<\/a><\/h2>\n<\/div>\n<div class=\"date\"><span class=\"month\">Aug<\/span> <span class=\"day\">20<\/span><span class=\"year\">2014<\/span><\/div>\n<\/header>\n<p> <span class=\"post-format-icon\">&nbsp;<\/span><span class=\"updated\" title=\"2014-08-20T16:08:02+00:00\">&nbsp;<\/span><\/p>\n<div class=\"entry-container fix\">\n<div class=\"entry entry-content fix\">\n<p class=\"bch4dcbow065stdpy\">El Prof. Aurel M. Cazacu, con su libro Un paradigma de la inteligencia rumana. La l\u00f3gica de Titu Maiorescu (Niram Art Editorial, 2014) nos propone un an\u00e1lisis extenso y bien documentado de la historia de la l\u00f3gica y filosof\u00eda<\/p>\n<\/div>\n<div class=\"meta-pullout meta-left-pullout\">\n<ul>\n<li class=\"fix\"><span class=\"category\"><span class=\"icon\">&nbsp;<\/span> <a href=\"https:\/\/niramart.com\/revista-magazine\/category\/s5-articulos\/c39-articulos-espanol\/\" rel=\"category tag\">Articulos espa\u00f1ol<\/a>, <a href=\"https:\/\/niramart.com\/revista-magazine\/category\/literatura\/\" rel=\"category tag\">Literatura<\/a><\/span><\/li>\n<li class=\"fix\"><span class=\"tags tax\"><span class=\"icon\">&nbsp;<\/span>Tagged with: <a href=\"https:\/\/niramart.com\/revista-magazine\/tag\/aurel-m-cazacu\/\" rel=\"tag\">Aurel M. Cazacu<\/a>, <a href=\"https:\/\/niramart.com\/revista-magazine\/tag\/logica\/\" rel=\"tag\">L\u00f3gica<\/a>, <a href=\"https:\/\/niramart.com\/revista-magazine\/tag\/niram-art-editorial\/\" rel=\"tag\">niram art editorial<\/a>, <a href=\"https:\/\/niramart.com\/revista-magazine\/tag\/titu-maiorescu\/\" rel=\"tag\">Titu Maiorescu<\/a><\/span><\/li>\n<\/ul>\n<\/div>\n<\/div>\n<footer class=\"post-footer postdata fix\"> <\/footer>\n<\/article>\n<article class=\"post-965 post type-post status-publish format-standard hentry category-c38-noticias-revista tag-elisei-virgil tag-niram-art-editorial tag-premio excerpt category-32-id post-seq-5 post-parity-odd meta-position-left-pullout fix\" id=\"post-965\">\n<header class=\"post-header title-container fix\">\n<div class=\"title\">\n<h2 class=\"posttitle\"><a href=\"https:\/\/niramart.com\/revista-magazine\/el-escritor-elisei-virgil-recibe-premio-para-la-literatura-en-madrid\/\" class=\"entry-title\" rel=\"bookmark\" title=\"El escritor Elisei Virgil premiado en Madrid\">El escritor Elisei Virgil premiado en Madrid<\/a><\/h2>\n<\/div>\n<div class=\"date\"><span class=\"month\">May<\/span> <span class=\"day\">13<\/span><span class=\"year\">2013<\/span><\/div>\n<\/header>\n<p> <span class=\"post-format-icon\">&nbsp;<\/span><span class=\"updated\" title=\"2013-05-13T14:45:17+00:00\">&nbsp;<\/span><\/p>\n<div class=\"entry-container fix\">\n<div class=\"entry entry-content fix\">\n<p class=\"bch4dcbow065stdpy\">El escritor   Elisei Virgil recibi\u00f3 el pasado domingo, el 12 de mayo de 2013, el Premio para Literatura \u201cEscritores del Este\u201d, el segundo lugar, dotado con 3000 Euros, ofrecido por la Nueva Sociedad Literaria Madrid. El libro fue presentado por la Editorial Niram Art <a href=\"https:\/\/niramart.com\/revista-magazine\/el-escritor-elisei-virgil-recibe-premio-para-la-literatura-en-madrid\/\" class=\"excerpt-more\">[&#8230;]<\/a><\/p>\n<\/div>\n<div class=\"meta-pullout meta-left-pullout\">\n<ul>\n<li class=\"fix\"><span class=\"category\"><span class=\"icon\">&nbsp;<\/span> <a href=\"https:\/\/niramart.com\/revista-magazine\/category\/c38-noticias-revista\/\" rel=\"category tag\">Noticias<\/a><\/span><\/li>\n<li class=\"fix\"><span class=\"tags tax\"><span class=\"icon\">&nbsp;<\/span>Tagged with: <a href=\"https:\/\/niramart.com\/revista-magazine\/tag\/elisei-virgil\/\" rel=\"tag\">elisei virgil<\/a>, <a href=\"https:\/\/niramart.com\/revista-magazine\/tag\/niram-art-editorial\/\" rel=\"tag\">niram art editorial<\/a>, <a href=\"https:\/\/niramart.com\/revista-magazine\/tag\/premio\/\" rel=\"tag\">premio<\/a><\/span><\/li>\n<\/ul>\n<\/div>\n<\/div>\n<footer class=\"post-footer postdata fix\"> <\/footer>\n<\/article>\n<article class=\"post-972 post type-post status-publish format-standard hentry category-c38-noticias-revista tag-niram-art-editorial tag-noche-de-los-libros excerpt category-32-id post-seq-6 post-parity-even meta-position-left-pullout fix\" id=\"post-972\">\n<header class=\"post-header title-container fix\">\n<div class=\"title\">\n<h2 class=\"posttitle\"><a href=\"https:\/\/niramart.com\/revista-magazine\/niram-art-editorial-participa-en-la-noche-de-los-libros\/\" class=\"entry-title\" rel=\"bookmark\" title=\"Niram Art Editorial participa en la Noche de los libros\">Niram Art Editorial participa en la Noche de los libros<\/a><\/h2>\n<\/div>\n<div class=\"date\"><span class=\"month\">Apr<\/span> <span class=\"day\">21<\/span><span class=\"year\">2013<\/span><\/div>\n<\/header>\n<p> <span class=\"post-format-icon\">&nbsp;<\/span><span class=\"updated\" title=\"2013-04-21T14:48:20+00:00\">&nbsp;<\/span><\/p>\n<div class=\"entry-container fix\">\n<div class=\"entry entry-content fix\">\n<p class=\"bch4dcbow065stdpy\">Niram Art participa el pr\u00f3ximo d\u00eda 23 de abril de 2013 en la Noche de los libros 2013. Niram Art Editorial presentar\u00e1 varios libros, en la Facultad de Filosof\u00eda de la Universidad Complutense,  dentro de la Semana del Libro 2013 organizada por la Comunidad <a href=\"https:\/\/niramart.com\/revista-magazine\/niram-art-editorial-participa-en-la-noche-de-los-libros\/\" class=\"excerpt-more\">[&#8230;]<\/a><\/p>\n<\/div>\n<div class=\"meta-pullout meta-left-pullout\">\n<ul>\n<li class=\"fix\"><span class=\"category\"><span class=\"icon\">&nbsp;<\/span> <a href=\"https:\/\/niramart.com\/revista-magazine\/category\/c38-noticias-revista\/\" rel=\"category tag\">Noticias<\/a><\/span><\/li>\n<li class=\"fix\"><span class=\"tags tax\"><span class=\"icon\">&nbsp;<\/span>Tagged with: <a href=\"https:\/\/niramart.com\/revista-magazine\/tag\/niram-art-editorial\/\" rel=\"tag\">niram art editorial<\/a>, <a href=\"https:\/\/niramart.com\/revista-magazine\/tag\/noche-de-los-libros\/\" rel=\"tag\">noche de los libros<\/a><\/span><\/li>\n<\/ul>\n<\/div>\n<\/div>\n<footer class=\"post-footer postdata fix\"> <\/footer>\n<\/article>\n<\/div>\n<\/div>\n","protected":false,"raw":""},"excerpt":{"rendered":"<p>Sorin Mitu nos presenta la historia de Asia Moderna [&hellip;]<\/p>\n","protected":false},"author":0,"featured_media":0,"parent":0,"menu_order":0,"comment_status":"closed","ping_status":"closed","template":"","meta":{"footnotes":""},"class_list":["post-390","page","type-page","status-publish","hentry"],"yoast_head":"<!-- This site is optimized with the Yoast SEO plugin v27.4 - https:\/\/yoast.com\/product\/yoast-seo-wordpress\/ -->\n<title>niram art editorial \u00bb Niram Art Magazine<\/title>\n<meta name=\"robots\" content=\"index, follow, max-snippet:-1, max-image-preview:large, max-video-preview:-1\" \/>\n<link rel=\"canonical\" href=\"https:\/\/niramart.com\/revista-magazine\/tag\/niram-art-editorial\/\" \/>\n<meta property=\"og:type\" content=\"article\" \/>\n<meta property=\"og:title\" content=\"niram art editorial \u00bb Niram Art Magazine\" \/>\n<meta property=\"og:description\" content=\"Sorin Mitu nos presenta la historia de Asia Moderna [&hellip;]\" \/>\n<meta property=\"og:url\" content=\"https:\/\/niramart.com\/revista-magazine\/tag\/niram-art-editorial\/\" \/>\n<meta property=\"og:site_name\" content=\"Niram Art Magazine\" \/>\n<meta name=\"twitter:card\" content=\"summary_large_image\" \/>\n<meta name=\"twitter:label1\" content=\"Est. reading time\" \/>\n\t<meta name=\"twitter:data1\" content=\"2 minutes\" \/>\n<!-- \/ Yoast SEO plugin. -->","yoast_head_json":{"title":"niram art editorial \u00bb Niram Art Magazine","robots":{"index":"index","follow":"follow","max-snippet":"max-snippet:-1","max-image-preview":"max-image-preview:large","max-video-preview":"max-video-preview:-1"},"canonical":"https:\/\/niramart.com\/revista-magazine\/tag\/niram-art-editorial\/","og_type":"article","og_title":"niram art editorial \u00bb Niram Art Magazine","og_description":"Sorin Mitu nos presenta la historia de Asia Moderna [&hellip;]","og_url":"https:\/\/niramart.com\/revista-magazine\/tag\/niram-art-editorial\/","og_site_name":"Niram Art Magazine","twitter_card":"summary_large_image","twitter_misc":{"Est. reading time":"2 minutes"}},"_links":{"self":[{"href":"https:\/\/niramart.com\/revista-magazine\/wp-json\/wp\/v2\/pages\/390","targetHints":{"allow":["GET"]}}],"collection":[{"href":"https:\/\/niramart.com\/revista-magazine\/wp-json\/wp\/v2\/pages"}],"about":[{"href":"https:\/\/niramart.com\/revista-magazine\/wp-json\/wp\/v2\/types\/page"}],"replies":[{"embeddable":true,"href":"https:\/\/niramart.com\/revista-magazine\/wp-json\/wp\/v2\/comments?post=390"}],"version-history":[{"count":0,"href":"https:\/\/niramart.com\/revista-magazine\/wp-json\/wp\/v2\/pages\/390\/revisions"}],"wp:attachment":[{"href":"https:\/\/niramart.com\/revista-magazine\/wp-json\/wp\/v2\/media?parent=390"}],"curies":[{"name":"wp","href":"https:\/\/api.w.org\/{rel}","templated":true}]}}