{"id":352,"date":"2024-04-01T07:41:24","date_gmt":"2024-04-01T07:41:24","guid":{"rendered":"https:\/\/niramart.com\/revista-magazine\/multiculturalitatea-un-experiment-social-esuat-de-stefan-buzarnescu-21\/"},"modified":"2024-04-01T07:41:24","modified_gmt":"2024-04-01T07:41:24","slug":"multiculturalitatea-un-experiment-social-esuat-de-stefan-buzarnescu-21","status":"publish","type":"page","link":"https:\/\/niramart.com\/revista-magazine\/tag\/lingvistice\/","title":{"rendered":"Multiculturalitatea \u2013 un experiment social e\u015fuat? de \u0218tefan Buz\u0103rnescu"},"content":{"rendered":"<div id=\"main-col\">\n<div id=\"content\" class=\"hfeed\">\n<article class=\"post-1458 post type-post status-publish format-standard hentry category-c42-articulos-romana tag-capital tag-capitalism tag-cetateni tag-civilizatii tag-clisee tag-comunitar tag-confesionale tag-culturi tag-deznationalizare tag-epistemologic tag-etnice tag-experiment-social tag-filologic tag-institutionale tag-instrument tag-intelectual tag-interculturalismul tag-lingvistice tag-modernizare tag-multiculturalitatea tag-politic tag-poncife-politicianiste tag-profesori tag-reconstructia-interculturala tag-segregari tag-stefan-buzarnescu tag-stereotipuri excerpt category-16-id post-seq-1 post-parity-odd meta-position-left-pullout fix\" id=\"post-1458\">\n<header class=\"post-header title-container fix\">\n<div class=\"title\">\n<h2 class=\"posttitle\"><a href=\"https:\/\/niramart.com\/revista-magazine\/multiculturalitatea-un-experiment-social-esuat-de-stefan-buzarnescu-2\/\" class=\"entry-title\" rel=\"bookmark\" title=\"Multiculturalitatea \u2013 un experiment social e\u015fuat? de \u0218tefan Buz\u0103rnescu\">Multiculturalitatea \u2013 un experiment social e\u015fuat? de \u0218tefan Buz\u0103rnescu<\/a><\/h2>\n<\/div>\n<div class=\"date\"><span class=\"month\">Sep<\/span> <span class=\"day\">20<\/span><span class=\"year\">2016<\/span><\/div>\n<\/header>\n<p> <span class=\"post-format-icon\">&nbsp;<\/span><span class=\"updated\" title=\"2016-09-20T17:05:19+00:00\">&nbsp;<\/span><\/p>\n<div class=\"entry-container fix\">\n<div class=\"entry entry-content fix\">\n<p class=\"bch4dcbow065stdpy\">Multiculturalitatea, identificat\u0103 \u00een mod eronat, timp de decenii cu interculturalitatea, continu\u0103 s\u0103 disemineze confuzia ini\u021bial\u0103 at\u00e2t la nivelul cunoa\u0219terii comune, c\u00e2t \u0219i la nivelul unor medii \u0219tiin\u021bifice; chiar de profil\u2026 Dac\u0103 practica gestion\u0103rii diferen\u021belor (lingvistice, confesionale, etnice, institu\u021bionale) nu ar fi relevat efecte grave <a href=\"https:\/\/niramart.com\/revista-magazine\/multiculturalitatea-un-experiment-social-esuat-de-stefan-buzarnescu-2\/\" class=\"excerpt-more\">[&#8230;]<\/a><\/p>\n<\/div>\n<div class=\"meta-pullout meta-left-pullout\">\n<ul>\n<li class=\"fix\"><span class=\"category\"><span class=\"icon\">&nbsp;<\/span> <a href=\"https:\/\/niramart.com\/revista-magazine\/category\/s5-articulos\/c42-articulos-romana\/\" rel=\"category tag\">Articole in limba romana<\/a><\/span><\/li>\n<li class=\"fix\"><span class=\"tags tax\"><span class=\"icon\">&nbsp;<\/span>Tagged with: <a href=\"https:\/\/niramart.com\/revista-magazine\/tag\/capital\/\" rel=\"tag\">capital<\/a>, <a href=\"https:\/\/niramart.com\/revista-magazine\/tag\/capitalism\/\" rel=\"tag\">capitalism<\/a>, <a href=\"https:\/\/niramart.com\/revista-magazine\/tag\/cetateni\/\" rel=\"tag\">cetateni<\/a>, <a href=\"https:\/\/niramart.com\/revista-magazine\/tag\/civilizatii\/\" rel=\"tag\">civilizatii<\/a>, <a href=\"https:\/\/niramart.com\/revista-magazine\/tag\/clisee\/\" rel=\"tag\">clisee<\/a>, <a href=\"https:\/\/niramart.com\/revista-magazine\/tag\/comunitar\/\" rel=\"tag\">comunitar<\/a>, <a href=\"https:\/\/niramart.com\/revista-magazine\/tag\/confesionale\/\" rel=\"tag\">confesionale<\/a>, <a href=\"https:\/\/niramart.com\/revista-magazine\/tag\/culturi\/\" rel=\"tag\">culturi<\/a>, <a href=\"https:\/\/niramart.com\/revista-magazine\/tag\/deznationalizare\/\" rel=\"tag\">dezna\u021bionalizare<\/a>, <a href=\"https:\/\/niramart.com\/revista-magazine\/tag\/epistemologic\/\" rel=\"tag\">epistemologic<\/a>, <a href=\"https:\/\/niramart.com\/revista-magazine\/tag\/etnice\/\" rel=\"tag\">etnice<\/a>, <a href=\"https:\/\/niramart.com\/revista-magazine\/tag\/experiment-social\/\" rel=\"tag\">experiment social<\/a>, <a href=\"https:\/\/niramart.com\/revista-magazine\/tag\/filologic\/\" rel=\"tag\">filologic<\/a>, <a href=\"https:\/\/niramart.com\/revista-magazine\/tag\/institutionale\/\" rel=\"tag\">institu\u021bionale<\/a>, <a href=\"https:\/\/niramart.com\/revista-magazine\/tag\/instrument\/\" rel=\"tag\">instrument<\/a>, <a href=\"https:\/\/niramart.com\/revista-magazine\/tag\/intelectual\/\" rel=\"tag\">intelectual<\/a>, <a href=\"https:\/\/niramart.com\/revista-magazine\/tag\/interculturalismul\/\" rel=\"tag\">Interculturalismul<\/a>, <a href=\"https:\/\/niramart.com\/revista-magazine\/tag\/lingvistice\/\" rel=\"tag\">lingvistice<\/a>, <a href=\"https:\/\/niramart.com\/revista-magazine\/tag\/modernizare\/\" rel=\"tag\">modernizare<\/a>, <a href=\"https:\/\/niramart.com\/revista-magazine\/tag\/multiculturalitatea\/\" rel=\"tag\">Multiculturalitatea<\/a>, <a href=\"https:\/\/niramart.com\/revista-magazine\/tag\/politic\/\" rel=\"tag\">politic<\/a>, <a href=\"https:\/\/niramart.com\/revista-magazine\/tag\/poncife-politicianiste\/\" rel=\"tag\">poncife politicianiste<\/a>, <a href=\"https:\/\/niramart.com\/revista-magazine\/tag\/profesori\/\" rel=\"tag\">profesori<\/a>, <a href=\"https:\/\/niramart.com\/revista-magazine\/tag\/reconstructia-interculturala\/\" rel=\"tag\">reconstruc\u021bia intercultural\u0103<\/a>, <a href=\"https:\/\/niramart.com\/revista-magazine\/tag\/segregari\/\" rel=\"tag\">segregari<\/a>, <a href=\"https:\/\/niramart.com\/revista-magazine\/tag\/stefan-buzarnescu\/\" rel=\"tag\">\u0218tefan Buz\u0103rnescu<\/a>, <a href=\"https:\/\/niramart.com\/revista-magazine\/tag\/stereotipuri\/\" rel=\"tag\">stereotipuri<\/a><\/span><\/li>\n<\/ul>\n<\/div>\n<\/div>\n<footer class=\"post-footer postdata fix\"> <\/footer>\n<\/article>\n<\/div>\n<\/div>\n","protected":false,"raw":""},"excerpt":{"rendered":"<p>Multiculturalitatea \u2013 un experiment social e\u015fuat? de \u0218tefan Buz\u0103rnescu [&hellip;]<\/p>\n","protected":false},"author":0,"featured_media":0,"parent":0,"menu_order":0,"comment_status":"closed","ping_status":"closed","template":"","meta":{"footnotes":""},"class_list":["post-352","page","type-page","status-publish","hentry"],"yoast_head":"<!-- This site is optimized with the Yoast SEO plugin v27.4 - https:\/\/yoast.com\/product\/yoast-seo-wordpress\/ -->\n<title>lingvistice \u00bb Niram Art Magazine<\/title>\n<meta name=\"robots\" content=\"index, follow, max-snippet:-1, max-image-preview:large, max-video-preview:-1\" \/>\n<link rel=\"canonical\" href=\"https:\/\/niramart.com\/revista-magazine\/tag\/lingvistice\/\" \/>\n<meta property=\"og:type\" content=\"article\" \/>\n<meta property=\"og:title\" content=\"lingvistice \u00bb Niram Art Magazine\" \/>\n<meta property=\"og:description\" content=\"Multiculturalitatea \u2013 un experiment social e\u015fuat? de \u0218tefan Buz\u0103rnescu [&hellip;]\" \/>\n<meta property=\"og:url\" content=\"https:\/\/niramart.com\/revista-magazine\/tag\/lingvistice\/\" \/>\n<meta property=\"og:site_name\" content=\"Niram Art Magazine\" \/>\n<meta name=\"twitter:card\" content=\"summary_large_image\" \/>\n<meta name=\"twitter:label1\" content=\"Est. reading time\" \/>\n\t<meta name=\"twitter:data1\" content=\"1 minute\" \/>\n<!-- \/ Yoast SEO plugin. -->","yoast_head_json":{"title":"lingvistice \u00bb Niram Art Magazine","robots":{"index":"index","follow":"follow","max-snippet":"max-snippet:-1","max-image-preview":"max-image-preview:large","max-video-preview":"max-video-preview:-1"},"canonical":"https:\/\/niramart.com\/revista-magazine\/tag\/lingvistice\/","og_type":"article","og_title":"lingvistice \u00bb Niram Art Magazine","og_description":"Multiculturalitatea \u2013 un experiment social e\u015fuat? de \u0218tefan Buz\u0103rnescu [&hellip;]","og_url":"https:\/\/niramart.com\/revista-magazine\/tag\/lingvistice\/","og_site_name":"Niram Art Magazine","twitter_card":"summary_large_image","twitter_misc":{"Est. reading time":"1 minute"}},"_links":{"self":[{"href":"https:\/\/niramart.com\/revista-magazine\/wp-json\/wp\/v2\/pages\/352","targetHints":{"allow":["GET"]}}],"collection":[{"href":"https:\/\/niramart.com\/revista-magazine\/wp-json\/wp\/v2\/pages"}],"about":[{"href":"https:\/\/niramart.com\/revista-magazine\/wp-json\/wp\/v2\/types\/page"}],"replies":[{"embeddable":true,"href":"https:\/\/niramart.com\/revista-magazine\/wp-json\/wp\/v2\/comments?post=352"}],"version-history":[{"count":0,"href":"https:\/\/niramart.com\/revista-magazine\/wp-json\/wp\/v2\/pages\/352\/revisions"}],"wp:attachment":[{"href":"https:\/\/niramart.com\/revista-magazine\/wp-json\/wp\/v2\/media?parent=352"}],"curies":[{"name":"wp","href":"https:\/\/api.w.org\/{rel}","templated":true}]}}