{"id":338,"date":"2024-04-01T07:41:22","date_gmt":"2024-04-01T07:41:22","guid":{"rendered":"https:\/\/niramart.com\/revista-magazine\/sobre-la-novela-mision-109-la-tragedia-del-lady-be-good-2\/"},"modified":"2024-04-01T07:41:22","modified_gmt":"2024-04-01T07:41:22","slug":"sobre-la-novela-mision-109-la-tragedia-del-lady-be-good-2","status":"publish","type":"page","link":"https:\/\/niramart.com\/revista-magazine\/tag\/ivan-miedho\/","title":{"rendered":"Sobre la novela Misi\u00f3n 109, la tragedia del Lady Be Good"},"content":{"rendered":"<div id=\"main-col\">\n<div id=\"content\" class=\"hfeed\">\n<article class=\"excerpt post-1091 post type-post status-publish format-standard hentry category-c39-articulos-espanol category-literatura tag-hector-martinez-sanz tag-ivan-miedho category-18-id category-120-id post-seq-1 post-parity-odd meta-position-left-pullout fix\" id=\"post-1091\">\n<header class=\"post-header title-container fix\">\n<div class=\"title\">\n<h2 class=\"posttitle\"><a href=\"https:\/\/niramart.com\/revista-magazine\/sobre-la-novela-mision-109-la-tragedia-del-lady-be-good\/\" class=\"entry-title\" rel=\"bookmark\" title=\"Sobre la novela Misi\u00f3n 109, la tragedia del Lady Be Good\">Sobre la novela Misi\u00f3n 109, la tragedia del Lady Be Good<\/a><\/h2>\n<\/div>\n<div class=\"date\"><span class=\"month\">Sep<\/span> <span class=\"day\">18<\/span><span class=\"year\">2013<\/span><\/div>\n<\/header>\n<p> <span class=\"post-format-icon\">&nbsp;<\/span><span class=\"updated\" title=\"2013-09-18T12:14:16+00:00\">&nbsp;<\/span><\/p>\n<div class=\"entry-container fix\">\n<div class=\"entry entry-content fix\">\n<p class=\"bch4dcbow065stdpy\">Por Iv\u00e1n MIEDHO Uno de los paisajes m\u00e1s aterradores y bellos que alcanzan y golpean mi esp\u00edritu son los desiertos. Un habitad inh\u00f3spito, violento. Donde la vida es m\u00ednima y la supervivencia es un lujo. Hace unos d\u00edas que he podido leer la nueva <a href=\"https:\/\/niramart.com\/revista-magazine\/sobre-la-novela-mision-109-la-tragedia-del-lady-be-good\/\" class=\"excerpt-more\">[&#8230;]<\/a><\/p>\n<\/div>\n<div class=\"meta-pullout meta-left-pullout\">\n<ul>\n<li class=\"fix\"><span class=\"category\"><span class=\"icon\">&nbsp;<\/span> <a href=\"https:\/\/niramart.com\/revista-magazine\/category\/s5-articulos\/c39-articulos-espanol\/\" rel=\"category tag\">Articulos espa\u00f1ol<\/a>, <a href=\"https:\/\/niramart.com\/revista-magazine\/category\/literatura\/\" rel=\"category tag\">Literatura<\/a><\/span><\/li>\n<li class=\"fix\"><span class=\"tags tax\"><span class=\"icon\">&nbsp;<\/span>Tagged with: <a href=\"https:\/\/niramart.com\/revista-magazine\/tag\/hector-martinez-sanz\/\" rel=\"tag\">H\u00e9ctor Mart\u00ednez sanz<\/a>, <a href=\"https:\/\/niramart.com\/revista-magazine\/tag\/ivan-miedho\/\" rel=\"tag\">iv\u00e1n miedho<\/a><\/span><\/li>\n<\/ul>\n<\/div>\n<\/div>\n<footer class=\"post-footer postdata fix\"><\/footer>\n<\/article>\n<article class=\"excerpt post-956 post type-post status-publish format-standard hentry category-c39-articulos-espanol category-literatura category-no-3-4-2013 tag-eduardo-de-la-fuente tag-espacio-niram tag-ivan-miedho tag-presentacion-de-libros category-18-id category-120-id category-178-id post-seq-2 post-parity-even meta-position-left-pullout fix\" id=\"post-956\">\n<header class=\"post-header title-container fix\">\n<div class=\"title\">\n<h2 class=\"posttitle\"><a href=\"https:\/\/niramart.com\/revista-magazine\/eduardo-de-la-fuente\/\" class=\"entry-title\" rel=\"bookmark\" title=\"Un a\u00f1o en Siberia, de Eduardo de la Fuente Carrillo\">Un a\u00f1o en Siberia, de Eduardo de la Fuente Carrillo<\/a><\/h2>\n<\/div>\n<div class=\"date\"><span class=\"month\">Apr<\/span> <span class=\"day\">29<\/span><span class=\"year\">2013<\/span><\/div>\n<\/header>\n<p> <span class=\"post-format-icon\">&nbsp;<\/span><span class=\"updated\" title=\"2013-04-29T14:58:57+00:00\">&nbsp;<\/span><\/p>\n<div class=\"entry-container fix\">\n<div class=\"entry entry-content fix\">\n<p class=\"bch4dcbow065stdpy\">Iv\u00e1n MIEDHO Cuando abr\u00ed el libro Un a\u00f1o en Siberia, de Eduardo de la Fuente Carrillo, comprend\u00ed que me encontraba ante un reflejo de una parte de m\u00ed, que a\u00fan hoy en d\u00eda, estoy intentando despertar. Siempre estoy hablando de la manipulaci\u00f3n de los <a href=\"https:\/\/niramart.com\/revista-magazine\/eduardo-de-la-fuente\/\" class=\"excerpt-more\">[&#8230;]<\/a><\/p>\n<\/div>\n<div class=\"meta-pullout meta-left-pullout\">\n<ul>\n<li class=\"fix\"><span class=\"category\"><span class=\"icon\">&nbsp;<\/span> <a href=\"https:\/\/niramart.com\/revista-magazine\/category\/s5-articulos\/c39-articulos-espanol\/\" rel=\"category tag\">Articulos espa\u00f1ol<\/a>, <a href=\"https:\/\/niramart.com\/revista-magazine\/category\/literatura\/\" rel=\"category tag\">Literatura<\/a>, <a href=\"https:\/\/niramart.com\/revista-magazine\/category\/no-3-4-2013\/\" rel=\"category tag\">N\u00ba 3-4 2013<\/a><\/span><\/li>\n<li class=\"fix\"><span class=\"tags tax\"><span class=\"icon\">&nbsp;<\/span>Tagged with: <a href=\"https:\/\/niramart.com\/revista-magazine\" rel=\"tag\">Eduardo de la Fuente<\/a>, <a href=\"https:\/\/niramart.com\/revista-magazine\/tag\/espacio-niram\/\" rel=\"tag\">espacio niram<\/a>, <a href=\"https:\/\/niramart.com\/revista-magazine\/tag\/ivan-miedho\/\" rel=\"tag\">iv\u00e1n miedho<\/a>, <a href=\"https:\/\/niramart.com\/revista-magazine\" rel=\"tag\">presentaci\u00f3n de libros<\/a><\/span><\/li>\n<\/ul>\n<\/div>\n<\/div>\n<footer class=\"post-footer postdata fix\"><\/footer>\n<\/article>\n<\/div>\n<\/div>\n","protected":false,"raw":""},"excerpt":{"rendered":"<p>Sobre la novela Misi\u00f3n 109, la tragedia del Lady [&hellip;]<\/p>\n","protected":false},"author":0,"featured_media":0,"parent":0,"menu_order":0,"comment_status":"closed","ping_status":"closed","template":"","meta":{"footnotes":""},"class_list":["post-338","page","type-page","status-publish","hentry"],"yoast_head":"<!-- This site is optimized with the Yoast SEO plugin v27.4 - https:\/\/yoast.com\/product\/yoast-seo-wordpress\/ -->\n<title>iv\u00e1n miedho \u00bb Niram Art Magazine<\/title>\n<meta name=\"robots\" content=\"index, follow, max-snippet:-1, max-image-preview:large, max-video-preview:-1\" \/>\n<link rel=\"canonical\" href=\"https:\/\/niramart.com\/revista-magazine\/tag\/ivan-miedho\/\" \/>\n<meta property=\"og:type\" content=\"article\" \/>\n<meta property=\"og:title\" content=\"iv\u00e1n miedho \u00bb Niram Art Magazine\" \/>\n<meta property=\"og:description\" content=\"Sobre la novela Misi\u00f3n 109, la tragedia del Lady [&hellip;]\" \/>\n<meta property=\"og:url\" content=\"https:\/\/niramart.com\/revista-magazine\/tag\/ivan-miedho\/\" \/>\n<meta property=\"og:site_name\" content=\"Niram Art Magazine\" \/>\n<meta name=\"twitter:card\" content=\"summary_large_image\" \/>\n<meta name=\"twitter:label1\" content=\"Est. reading time\" \/>\n\t<meta name=\"twitter:data1\" content=\"1 minute\" \/>\n<!-- \/ Yoast SEO plugin. -->","yoast_head_json":{"title":"iv\u00e1n miedho \u00bb Niram Art Magazine","robots":{"index":"index","follow":"follow","max-snippet":"max-snippet:-1","max-image-preview":"max-image-preview:large","max-video-preview":"max-video-preview:-1"},"canonical":"https:\/\/niramart.com\/revista-magazine\/tag\/ivan-miedho\/","og_type":"article","og_title":"iv\u00e1n miedho \u00bb Niram Art Magazine","og_description":"Sobre la novela Misi\u00f3n 109, la tragedia del Lady [&hellip;]","og_url":"https:\/\/niramart.com\/revista-magazine\/tag\/ivan-miedho\/","og_site_name":"Niram Art Magazine","twitter_card":"summary_large_image","twitter_misc":{"Est. reading time":"1 minute"}},"_links":{"self":[{"href":"https:\/\/niramart.com\/revista-magazine\/wp-json\/wp\/v2\/pages\/338","targetHints":{"allow":["GET"]}}],"collection":[{"href":"https:\/\/niramart.com\/revista-magazine\/wp-json\/wp\/v2\/pages"}],"about":[{"href":"https:\/\/niramart.com\/revista-magazine\/wp-json\/wp\/v2\/types\/page"}],"replies":[{"embeddable":true,"href":"https:\/\/niramart.com\/revista-magazine\/wp-json\/wp\/v2\/comments?post=338"}],"version-history":[{"count":0,"href":"https:\/\/niramart.com\/revista-magazine\/wp-json\/wp\/v2\/pages\/338\/revisions"}],"wp:attachment":[{"href":"https:\/\/niramart.com\/revista-magazine\/wp-json\/wp\/v2\/media?parent=338"}],"curies":[{"name":"wp","href":"https:\/\/api.w.org\/{rel}","templated":true}]}}