{"id":279,"date":"2024-04-01T07:41:12","date_gmt":"2024-04-01T07:41:12","guid":{"rendered":"https:\/\/niramart.com\/revista-magazine\/sobre-ninfas-y-nenufares-4\/"},"modified":"2024-04-01T07:41:12","modified_gmt":"2024-04-01T07:41:12","slug":"sobre-ninfas-y-nenufares-4","status":"publish","type":"page","link":"https:\/\/niramart.com\/revista-magazine\/tag\/el-nenufar-de-las-ninfas\/","title":{"rendered":"Sobre ninfas y nen\u00fafares"},"content":{"rendered":"<div id=\"main-col\">\n<div id=\"content\" class=\"hfeed\">\n<article class=\"excerpt post-1220 post type-post status-publish format-standard hentry category-c39-articulos-espanol category-literatura tag-damaso-lopez-garcia tag-el-nenufar-de-las-ninfas tag-jairo-compostela category-18-id category-120-id post-seq-1 post-parity-odd meta-position-left-pullout fix\" id=\"post-1220\">\n<header class=\"post-header title-container fix\">\n<div class=\"title\">\n<h2 class=\"posttitle\"><a href=\"https:\/\/niramart.com\/revista-magazine\/sobre-ninfas-y-nenufares\/\" class=\"entry-title\" rel=\"bookmark\" title=\"Sobre ninfas y nen\u00fafares\">Sobre ninfas y nen\u00fafares<\/a><\/h2>\n<\/div>\n<div class=\"date\"><span class=\"month\">Nov<\/span> <span class=\"day\">28<\/span><span class=\"year\">2013<\/span><\/div>\n<\/header>\n<p> <span class=\"post-format-icon\">&nbsp;<\/span><span class=\"updated\" title=\"2013-11-28T15:40:56+00:00\">&nbsp;<\/span><\/p>\n<div class=\"entry-container fix\">\n<div class=\"entry entry-content fix\">\n<p class=\"bch4dcbow065stdpy\">Pr\u00f3logo del libro El nen\u00fafar de las ninfas de Jairo Compostela, Niram Art Editorial D\u00e1maso L\u00f3pez Garc\u00eda, Decano de la Facultad de Filolog\u00eda, Universidad Complutense de Madrid &nbsp; El libro de Jairo Compostela  El nen\u00fafar de las ninfas  trae al \u00e1nimo del lector un <a href=\"https:\/\/niramart.com\/revista-magazine\/sobre-ninfas-y-nenufares\/\" class=\"excerpt-more\">[&#8230;]<\/a><\/p>\n<\/div>\n<div class=\"meta-pullout meta-left-pullout\">\n<ul>\n<li class=\"fix\"><span class=\"category\"><span class=\"icon\">&nbsp;<\/span> <a href=\"https:\/\/niramart.com\/revista-magazine\/category\/s5-articulos\/c39-articulos-espanol\/\" rel=\"category tag\">Articulos espa\u00f1ol<\/a>, <a href=\"https:\/\/niramart.com\/revista-magazine\/category\/literatura\/\" rel=\"category tag\">Literatura<\/a><\/span><\/li>\n<li class=\"fix\"><span class=\"tags tax\"><span class=\"icon\">&nbsp;<\/span>Tagged with: <a href=\"https:\/\/niramart.com\/revista-magazine\/tag\/damaso-lopez-garcia\/\" rel=\"tag\">D\u00e1maso L\u00f3pez Garc\u00eda<\/a>, <a href=\"https:\/\/niramart.com\/revista-magazine\/tag\/el-nenufar-de-las-ninfas\/\" rel=\"tag\">El nen\u00fafar de las ninfas<\/a>, <a href=\"https:\/\/niramart.com\/revista-magazine\/tag\/jairo-compostela\/\" rel=\"tag\">Jairo Compostela<\/a><\/span><\/li>\n<\/ul>\n<\/div>\n<\/div>\n<footer class=\"post-footer postdata fix\"><\/footer>\n<\/article>\n<\/div>\n<\/div>\n","protected":false,"raw":""},"excerpt":{"rendered":"<p>Sobre ninfas y nen\u00fafares Nov 282013 &nbsp;&nbsp; Pr\u00f3logo del [&hellip;]<\/p>\n","protected":false},"author":0,"featured_media":0,"parent":0,"menu_order":0,"comment_status":"closed","ping_status":"closed","template":"","meta":{"footnotes":""},"class_list":["post-279","page","type-page","status-publish","hentry"],"yoast_head":"<!-- This site is optimized with the Yoast SEO plugin v27.4 - https:\/\/yoast.com\/product\/yoast-seo-wordpress\/ -->\n<title>El nen\u00fafar de las ninfas \u00bb Niram Art Magazine<\/title>\n<meta name=\"robots\" content=\"index, follow, max-snippet:-1, max-image-preview:large, max-video-preview:-1\" \/>\n<link rel=\"canonical\" href=\"https:\/\/niramart.com\/revista-magazine\/tag\/el-nenufar-de-las-ninfas\/\" \/>\n<meta property=\"og:type\" content=\"article\" \/>\n<meta property=\"og:title\" content=\"El nen\u00fafar de las ninfas \u00bb Niram Art Magazine\" \/>\n<meta property=\"og:description\" content=\"Sobre ninfas y nen\u00fafares Nov 282013 &nbsp;&nbsp; Pr\u00f3logo del [&hellip;]\" \/>\n<meta property=\"og:url\" content=\"https:\/\/niramart.com\/revista-magazine\/tag\/el-nenufar-de-las-ninfas\/\" \/>\n<meta property=\"og:site_name\" content=\"Niram Art Magazine\" \/>\n<meta name=\"twitter:card\" content=\"summary_large_image\" \/>\n<!-- \/ Yoast SEO plugin. -->","yoast_head_json":{"title":"El nen\u00fafar de las ninfas \u00bb Niram Art Magazine","robots":{"index":"index","follow":"follow","max-snippet":"max-snippet:-1","max-image-preview":"max-image-preview:large","max-video-preview":"max-video-preview:-1"},"canonical":"https:\/\/niramart.com\/revista-magazine\/tag\/el-nenufar-de-las-ninfas\/","og_type":"article","og_title":"El nen\u00fafar de las ninfas \u00bb Niram Art Magazine","og_description":"Sobre ninfas y nen\u00fafares Nov 282013 &nbsp;&nbsp; Pr\u00f3logo del [&hellip;]","og_url":"https:\/\/niramart.com\/revista-magazine\/tag\/el-nenufar-de-las-ninfas\/","og_site_name":"Niram Art Magazine","twitter_card":"summary_large_image"},"_links":{"self":[{"href":"https:\/\/niramart.com\/revista-magazine\/wp-json\/wp\/v2\/pages\/279","targetHints":{"allow":["GET"]}}],"collection":[{"href":"https:\/\/niramart.com\/revista-magazine\/wp-json\/wp\/v2\/pages"}],"about":[{"href":"https:\/\/niramart.com\/revista-magazine\/wp-json\/wp\/v2\/types\/page"}],"replies":[{"embeddable":true,"href":"https:\/\/niramart.com\/revista-magazine\/wp-json\/wp\/v2\/comments?post=279"}],"version-history":[{"count":0,"href":"https:\/\/niramart.com\/revista-magazine\/wp-json\/wp\/v2\/pages\/279\/revisions"}],"wp:attachment":[{"href":"https:\/\/niramart.com\/revista-magazine\/wp-json\/wp\/v2\/media?parent=279"}],"curies":[{"name":"wp","href":"https:\/\/api.w.org\/{rel}","templated":true}]}}