{"id":270,"date":"2024-04-01T07:41:11","date_gmt":"2024-04-01T07:41:11","guid":{"rendered":"https:\/\/niramart.com\/revista-magazine\/el-hombre-que-hace-reir-2\/"},"modified":"2024-04-01T07:41:11","modified_gmt":"2024-04-01T07:41:11","slug":"el-hombre-que-hace-reir-2","status":"publish","type":"page","link":"https:\/\/niramart.com\/revista-magazine\/tag\/dorel-schor\/","title":{"rendered":"EL HOMBRE QUE HACE RE\u00cdR"},"content":{"rendered":"<div id=\"main-col\">\n<div id=\"content\" class=\"hfeed\">\n<article class=\"excerpt post-901 post type-post status-publish format-standard hentry category-c39-articulos-espanol category-literatura category-no-1-2-2013 tag-dorel-schor tag-hector-martinez-sanz category-18-id category-120-id category-148-id post-seq-1 post-parity-odd meta-position-left-pullout fix\" id=\"post-901\">\n<header class=\"post-header title-container fix\">\n<div class=\"title\">\n<h2 class=\"posttitle\"><a href=\"https:\/\/niramart.com\/revista-magazine\/el-hombre-que-hace-reir\/\" class=\"entry-title\" rel=\"bookmark\" title=\"EL HOMBRE QUE HACE RE\u00cdR\">EL HOMBRE QUE HACE RE\u00cdR<\/a><\/h2>\n<\/div>\n<div class=\"date\"><span class=\"month\">Apr<\/span> <span class=\"day\">08<\/span><span class=\"year\">2013<\/span><\/div>\n<\/header>\n<p> <span class=\"post-format-icon\">&nbsp;<\/span><span class=\"updated\" title=\"2013-04-08T15:37:29+00:00\">&nbsp;<\/span><\/p>\n<div class=\"entry-container fix\">\n<div class=\"entry entry-content fix\">\n<p class=\"bch4dcbow065stdpy\">por H\u00e9ctor Mart\u00ednez Sanz A todos nos han contado un chiste y hemos re\u00eddo. Todos hemos escuchado alg\u00fan sarcasmo y se nos ha escapado una carcajada. Todos o\u00edmos alguna vez una iron\u00eda por la que cambiamos la mueca seria por la sonrisa. Y aun <a href=\"https:\/\/niramart.com\/revista-magazine\/el-hombre-que-hace-reir\/\" class=\"excerpt-more\">[&#8230;]<\/a><\/p>\n<\/div>\n<div class=\"meta-pullout meta-left-pullout\">\n<ul>\n<li class=\"fix\"><span class=\"category\"><span class=\"icon\">&nbsp;<\/span> <a href=\"https:\/\/niramart.com\/revista-magazine\/category\/s5-articulos\/c39-articulos-espanol\/\" rel=\"category tag\">Articulos espa\u00f1ol<\/a>, <a href=\"https:\/\/niramart.com\/revista-magazine\/category\/literatura\/\" rel=\"category tag\">Literatura<\/a>, <a href=\"https:\/\/niramart.com\/revista-magazine\/category\/s5-articulos\/no-1-2-2013\/\" rel=\"category tag\">N\u00ba 1-2, 2013<\/a><\/span><\/li>\n<li class=\"fix\"><span class=\"tags tax\"><span class=\"icon\">&nbsp;<\/span>Tagged with: <a href=\"https:\/\/niramart.com\/revista-magazine\/tag\/dorel-schor\/\" rel=\"tag\">dorel schor<\/a>, <a href=\"https:\/\/niramart.com\/revista-magazine\/tag\/hector-martinez-sanz\/\" rel=\"tag\">H\u00e9ctor Mart\u00ednez sanz<\/a><\/span><\/li>\n<\/ul>\n<\/div>\n<\/div>\n<footer class=\"post-footer postdata fix\"><\/footer>\n<\/article>\n<article class=\"excerpt post-829 post type-post status-publish format-standard hentry category-c38-noticias-revista tag-dorel-schor tag-niram-art category-32-id post-seq-2 post-parity-even meta-position-left-pullout fix\" id=\"post-829\">\n<header class=\"post-header title-container fix\">\n<div class=\"title\">\n<h2 class=\"posttitle\"><a href=\"https:\/\/niramart.com\/revista-magazine\/dorel-schor-lanzamiento-de-libro-en-espacio-niram\/\" class=\"entry-title\" rel=\"bookmark\" title=\"DOREL SCHOR, lanzamiento de libro en Espacio Niram\">DOREL SCHOR, lanzamiento de libro en Espacio Niram<\/a><\/h2>\n<\/div>\n<div class=\"date\"><span class=\"month\">Feb<\/span> <span class=\"day\">08<\/span><span class=\"year\">2013<\/span><\/div>\n<\/header>\n<p> <span class=\"post-format-icon\">&nbsp;<\/span><span class=\"updated\" title=\"2013-02-08T15:55:20+00:00\">&nbsp;<\/span><\/p>\n<div class=\"entry-container fix\">\n<div class=\"entry entry-content fix\">\n<p class=\"bch4dcbow065stdpy\">Viernes, el 15 de febrero de 2013 ha tenido lugar en el Espacio Niram de Madrid, el lanzamiento del  libro de aforismos  \u201cEl Traje de Ad\u00e1n\u2014Escondido detr\u00e1s de las palabras \u201d de DOREL SCHOR. Traducci\u00f3n al espa\u00f1ol por FABIANNI BELEMUSKI Lanzamiento Dorel Schor en <a href=\"https:\/\/niramart.com\/revista-magazine\/dorel-schor-lanzamiento-de-libro-en-espacio-niram\/\" class=\"excerpt-more\">[&#8230;]<\/a><\/p>\n<\/div>\n<div class=\"meta-pullout meta-left-pullout\">\n<ul>\n<li class=\"fix\"><span class=\"category\"><span class=\"icon\">&nbsp;<\/span> <a href=\"https:\/\/niramart.com\/revista-magazine\/category\/c38-noticias-revista\/\" rel=\"category tag\">Noticias<\/a><\/span><\/li>\n<li class=\"fix\"><span class=\"tags tax\"><span class=\"icon\">&nbsp;<\/span>Tagged with: <a href=\"https:\/\/niramart.com\/revista-magazine\/tag\/dorel-schor\/\" rel=\"tag\">dorel schor<\/a>, <a href=\"https:\/\/niramart.com\/revista-magazine\/tag\/niram-art\/\" rel=\"tag\">niram art<\/a><\/span><\/li>\n<\/ul>\n<\/div>\n<\/div>\n<footer class=\"post-footer postdata fix\"><\/footer>\n<\/article>\n<article class=\"excerpt post-207 post type-post status-publish format-standard hentry category-c42-articulos-romana category-c55-no-5-6-2011 tag-arta tag-dorel-schor tag-expozitie tag-iasi tag-pictura tag-sami-briss category-16-id category-27-id post-seq-3 post-parity-odd meta-position-left-pullout fix\" id=\"post-207\">\n<header class=\"post-header title-container fix\">\n<div class=\"title\">\n<h2 class=\"posttitle\"><a href=\"https:\/\/niramart.com\/revista-magazine\/expozitie-sami-briss-la-iasi\/\" class=\"entry-title\" rel=\"bookmark\" title=\"Expozitie Sami Briss la Iasi\">Expozitie Sami Briss la Iasi<\/a><\/h2>\n<\/div>\n<div class=\"date\"><span class=\"month\">Sep<\/span> <span class=\"day\">08<\/span><span class=\"year\">2011<\/span><\/div>\n<\/header>\n<p> <span class=\"post-format-icon\">&nbsp;<\/span><span class=\"updated\" title=\"2011-09-08T12:34:23+00:00\">&nbsp;<\/span><\/p>\n<div class=\"entry-container fix\">\n<div class=\"entry entry-content fix\">\n<p class=\"bch4dcbow065stdpy\"><strong>&nbsp; <\/strong><\/p>\n<p class=\"bch4dcbow065stdpy\"><img loading=\"lazy\" decoding=\"async\" src=\"https:\/\/niramart.com\/revista-magazine\/files\/wp-content\/uploads\/2011\/09\/sami-briss_thumb.jpg\" border=\"0\" alt=\"Sami-Briss\" title=\"Sami-Briss\" width=\"191\" height=\"270\" align=\"left\" style=\"background-image: none; padding-left: 0px; padding-right: 0px; display: inline; float: left; padding-top: 0px; border: 4px solid black; margin: 4px;\"\/><strong>DOREL SCHOR<\/strong><\/p>\n<p class=\"bch4dcbow065stdpy\"><strong>preluare Revista Niram Art Israel<\/strong><\/p>\n<p class=\"bch4dcbow065stdpy\">Iata  o surpriza deosebit de placuta: maestrul Briss ma invita la vernisajul  expozitiei sale de pictura la galeria de arta &#8220;Dana&#8221; din Iasi. Era de  asteptat. Pentru ca <strong>Sami Briss<\/strong> s-a nascut in tirgul Iesilor, a studiat  la Academia de arte din Bucuresti, a trait si creat in Israel, s-a  stabilit la Paris si a devenit un faimos artist al lumii, cistigind, in  timp, o solida si binemeritata notorietate.<\/p>\n<p class=\"bch4dcbow065stdpy\">Exegetii considera ca  opera sa reflecta in mare masura biografia sa. Pictorul e influentat  structural de folclorul romanesc si de miturile rurale, are nostalgia  icoanelor si a plaiurilor moldave si multe dintre lucrarile sale sunt de  esenta populara. Israelul l-a apropiat de valorile si simbolurile  iudaice, de temele biblice, de traditiile, sarbatorile si arta  muzicantilor cleizmeri. Iar Parisul i-a prilejuit impactul frenetic cu  creuzetul tendintelor si cautarilor artistice contemporane, care l-au  plasat in familia pretioasa a lui Paul Klee si Victor Brauner.<\/p>\n<p class=\"bch4dcbow065stdpy\">\n<\/div>\n<div class=\"meta-pullout meta-left-pullout\">\n<ul>\n<li class=\"fix\"><span class=\"category\"><span class=\"icon\">&nbsp;<\/span> <a href=\"https:\/\/niramart.com\/revista-magazine\/category\/s5-articulos\/c42-articulos-romana\/\" rel=\"category tag\">Articole in limba romana<\/a>, <a href=\"https:\/\/niramart.com\/revista-magazine\/category\/s5-articulos\/c55-no-5-6-2011\/\" rel=\"category tag\">N\u00ba 5- 6, 2011<\/a><\/span><\/li>\n<li class=\"fix\"><span class=\"tags tax\"><span class=\"icon\">&nbsp;<\/span>Tagged with: <a href=\"https:\/\/niramart.com\/revista-magazine\/tag\/arta\/\" rel=\"tag\">arta<\/a>, <a href=\"https:\/\/niramart.com\/revista-magazine\/tag\/dorel-schor\/\" rel=\"tag\">dorel schor<\/a>, <a href=\"https:\/\/niramart.com\/revista-magazine\/tag\/expozitie\/\" rel=\"tag\">expozitie<\/a>, <a href=\"https:\/\/niramart.com\/revista-magazine\/tag\/iasi\/\" rel=\"tag\">iasi<\/a>, <a href=\"https:\/\/niramart.com\/revista-magazine\/tag\/pictura\/\" rel=\"tag\">pictura<\/a>, <a href=\"https:\/\/niramart.com\/revista-magazine\/tag\/sami-briss\/\" rel=\"tag\">sami briss<\/a><\/span><\/li>\n<\/ul>\n<\/div>\n<\/div>\n<footer class=\"post-footer postdata fix\"><\/footer>\n<\/article>\n<\/div>\n<\/div>\n","protected":false,"raw":""},"excerpt":{"rendered":"<p>EL HOMBRE QUE HACE RE\u00cdR Apr 082013 &nbsp;&nbsp; por [&hellip;]<\/p>\n","protected":false},"author":0,"featured_media":0,"parent":0,"menu_order":0,"comment_status":"closed","ping_status":"closed","template":"","meta":{"footnotes":""},"class_list":["post-270","page","type-page","status-publish","hentry"],"yoast_head":"<!-- This site is optimized with the Yoast SEO plugin v27.4 - https:\/\/yoast.com\/product\/yoast-seo-wordpress\/ -->\n<title>dorel schor \u00bb Niram Art Magazine<\/title>\n<meta name=\"robots\" content=\"index, follow, max-snippet:-1, max-image-preview:large, max-video-preview:-1\" \/>\n<link rel=\"canonical\" href=\"https:\/\/niramart.com\/revista-magazine\/tag\/dorel-schor\/\" \/>\n<meta property=\"og:type\" content=\"article\" \/>\n<meta property=\"og:title\" content=\"dorel schor \u00bb Niram Art Magazine\" \/>\n<meta property=\"og:description\" content=\"EL HOMBRE QUE HACE RE\u00cdR Apr 082013 &nbsp;&nbsp; por [&hellip;]\" \/>\n<meta property=\"og:url\" content=\"https:\/\/niramart.com\/revista-magazine\/tag\/dorel-schor\/\" \/>\n<meta property=\"og:site_name\" content=\"Niram Art Magazine\" \/>\n<meta name=\"twitter:card\" content=\"summary_large_image\" \/>\n<meta name=\"twitter:label1\" content=\"Est. reading time\" \/>\n\t<meta name=\"twitter:data1\" content=\"2 minutes\" \/>\n<!-- \/ Yoast SEO plugin. -->","yoast_head_json":{"title":"dorel schor \u00bb Niram Art Magazine","robots":{"index":"index","follow":"follow","max-snippet":"max-snippet:-1","max-image-preview":"max-image-preview:large","max-video-preview":"max-video-preview:-1"},"canonical":"https:\/\/niramart.com\/revista-magazine\/tag\/dorel-schor\/","og_type":"article","og_title":"dorel schor \u00bb Niram Art Magazine","og_description":"EL HOMBRE QUE HACE RE\u00cdR Apr 082013 &nbsp;&nbsp; por [&hellip;]","og_url":"https:\/\/niramart.com\/revista-magazine\/tag\/dorel-schor\/","og_site_name":"Niram Art Magazine","twitter_card":"summary_large_image","twitter_misc":{"Est. reading time":"2 minutes"}},"_links":{"self":[{"href":"https:\/\/niramart.com\/revista-magazine\/wp-json\/wp\/v2\/pages\/270","targetHints":{"allow":["GET"]}}],"collection":[{"href":"https:\/\/niramart.com\/revista-magazine\/wp-json\/wp\/v2\/pages"}],"about":[{"href":"https:\/\/niramart.com\/revista-magazine\/wp-json\/wp\/v2\/types\/page"}],"replies":[{"embeddable":true,"href":"https:\/\/niramart.com\/revista-magazine\/wp-json\/wp\/v2\/comments?post=270"}],"version-history":[{"count":0,"href":"https:\/\/niramart.com\/revista-magazine\/wp-json\/wp\/v2\/pages\/270\/revisions"}],"wp:attachment":[{"href":"https:\/\/niramart.com\/revista-magazine\/wp-json\/wp\/v2\/media?parent=270"}],"curies":[{"name":"wp","href":"https:\/\/api.w.org\/{rel}","templated":true}]}}