{"id":217,"date":"2024-04-01T07:41:02","date_gmt":"2024-04-01T07:41:02","guid":{"rendered":"https:\/\/niramart.com\/revista-magazine\/100-anos-do-nascimento-do-pintor-estevao-soares-3\/"},"modified":"2024-04-01T07:41:02","modified_gmt":"2024-04-01T07:41:02","slug":"100-anos-do-nascimento-do-pintor-estevao-soares-3","status":"publish","type":"page","link":"https:\/\/niramart.com\/revista-magazine\/tag\/alvaro-lobato-de-faria\/","title":{"rendered":"100 anos do nascimento do pintor Est\u00eav\u00e3o Soares"},"content":{"rendered":"<div id=\"main-col\">\n<div id=\"content\" class=\"hfeed\">\n<article class=\"post-1313 post type-post status-publish format-standard hentry category-c41-articulos-portugues tag-alvaro-lobato-de-faria tag-estevao-soares excerpt category-15-id post-seq-1 post-parity-odd meta-position-left-pullout fix\" id=\"post-1313\">\n<header class=\"post-header title-container fix\">\n<div class=\"title\">\n<h2 class=\"posttitle\"><a href=\"https:\/\/niramart.com\/revista-magazine\/100-anos-do-nascimento-do-pintor-estevao-soares\/\" class=\"entry-title\" rel=\"bookmark\" title=\"100 anos do nascimento do pintor Est\u00eav\u00e3o Soares\">100 anos do nascimento do pintor Est\u00eav\u00e3o Soares<\/a><\/h2>\n<\/div>\n<div class=\"date\"><span class=\"month\">Nov<\/span> <span class=\"day\">20<\/span><span class=\"year\">2014<\/span><\/div>\n<\/header>\n<p> <span class=\"post-format-icon\">&nbsp;<\/span><span class=\"updated\" title=\"2014-11-20T18:53:04+00:00\">&nbsp;<\/span><\/p>\n<div class=\"entry-container fix\">\n<div class=\"entry entry-content fix\">\n<p class=\"bch4dcbow065stdpy\">No dia 16 de Outubro comemoraram-se os 100 anos do nascimento de Est\u00eav\u00e3o Soares. Um evento organizado pelos filhos do pintor, com o apoio da SNBA e da Pintora Maria Gabriel. O MAC, pela presen\u00e7a do seu Diretor Dr. \u00c1lvaro Lobato de Faria, participou <a href=\"https:\/\/niramart.com\/revista-magazine\/100-anos-do-nascimento-do-pintor-estevao-soares\/\" class=\"excerpt-more\">[&#8230;]<\/a><\/p>\n<\/div>\n<div class=\"meta-pullout meta-left-pullout\">\n<ul>\n<li class=\"fix\"><span class=\"category\"><span class=\"icon\">&nbsp;<\/span> <a href=\"https:\/\/niramart.com\/revista-magazine\/category\/s5-articulos\/c41-articulos-portugues\/\" rel=\"category tag\">Artigos em Portugu\u00eas<\/a><\/span><\/li>\n<li class=\"fix\"><span class=\"tags tax\"><span class=\"icon\">&nbsp;<\/span>Tagged with: <a href=\"https:\/\/niramart.com\/revista-magazine\/tag\/alvaro-lobato-de-faria\/\" rel=\"tag\">\u00c1lvaro Lobato de Faria<\/a>, <a href=\"https:\/\/niramart.com\/revista-magazine\/tag\/estevao-soares\/\" rel=\"tag\">Est\u00eav\u00e3o Soares<\/a><\/span><\/li>\n<\/ul>\n<\/div>\n<\/div>\n<footer class=\"post-footer postdata fix\"> <\/footer>\n<\/article>\n<article class=\"post-1155 post type-post status-publish format-standard hentry category-c41-articulos-portugues category-c38-noticias-revista tag-alvaro-lobato-de-faria tag-mac-lisboa excerpt category-15-id category-32-id post-seq-2 post-parity-even meta-position-left-pullout fix\" id=\"post-1155\">\n<header class=\"post-header title-container fix\">\n<div class=\"title\">\n<h2 class=\"posttitle\"><a href=\"https:\/\/niramart.com\/revista-magazine\/arte-e-tudo-aquilo-que-os-homens-dizem-que-e-arte\/\" class=\"entry-title\" rel=\"bookmark\" title=\"\u201cArte \u00e9 tudo aquilo que os homens dizem que \u00e9 arte\u201d\">&#8220;Arte \u00e9 tudo aquilo que os homens dizem que \u00e9 arte&#8221;<\/a><\/h2>\n<\/div>\n<div class=\"date\"><span class=\"month\">Oct<\/span> <span class=\"day\">24<\/span><span class=\"year\">2013<\/span><\/div>\n<\/header>\n<p> <span class=\"post-format-icon\">&nbsp;<\/span><span class=\"updated\" title=\"2013-10-24T13:17:12+00:00\">&nbsp;<\/span><\/p>\n<div class=\"entry-container fix\">\n<div class=\"entry entry-content fix\">\n<p class=\"bch4dcbow065stdpy\">Texto de introducci\u00f3n  en el marco de la inauguraci\u00f3n de la exposici\u00f3n: Arte y Problemas de Salud Mental Curador: Dr. \u00c1lvaro Lobato de Faria Director Coordenador do MAC &#8211; Movimento Arte Contempor\u00e2nea &nbsp; Num universo povoado e multiplicado por um sem n\u00famero de sensibilidades <a href=\"https:\/\/niramart.com\/revista-magazine\/arte-e-tudo-aquilo-que-os-homens-dizem-que-e-arte\/\" class=\"excerpt-more\">[&#8230;]<\/a><\/p>\n<\/div>\n<div class=\"meta-pullout meta-left-pullout\">\n<ul>\n<li class=\"fix\"><span class=\"category\"><span class=\"icon\">&nbsp;<\/span> <a href=\"https:\/\/niramart.com\/revista-magazine\/category\/s5-articulos\/c41-articulos-portugues\/\" rel=\"category tag\">Artigos em Portugu\u00eas<\/a>, <a href=\"https:\/\/niramart.com\/revista-magazine\/category\/c38-noticias-revista\/\" rel=\"category tag\">Noticias<\/a><\/span><\/li>\n<li class=\"fix\"><span class=\"tags tax\"><span class=\"icon\">&nbsp;<\/span>Tagged with: <a href=\"https:\/\/niramart.com\/revista-magazine\/tag\/alvaro-lobato-de-faria\/\" rel=\"tag\">\u00c1lvaro Lobato de Faria<\/a>, <a href=\"https:\/\/niramart.com\/revista-magazine\" rel=\"tag\">MAC Lisboa<\/a><\/span><\/li>\n<\/ul>\n<\/div>\n<\/div>\n<footer class=\"post-footer postdata fix\"> <\/footer>\n<\/article>\n<article class=\"post-1153 post type-post status-publish format-standard hentry category-c41-articulos-portugues category-c38-noticias-revista tag-alvaro-lobato-de-faria tag-mac excerpt category-15-id category-32-id post-seq-3 post-parity-odd meta-position-left-pullout fix\" id=\"post-1153\">\n<header class=\"post-header title-container fix\">\n<div class=\"title\">\n<h2 class=\"posttitle\"><a href=\"https:\/\/niramart.com\/revista-magazine\/palestra-e-texto-referente-a-exposicao-arte-e-saude-mental\/\" class=\"entry-title\" rel=\"bookmark\" title=\"Palestra e texto referente \u00e0 exposi\u00e7\u00e3o: Arte e Sa\u00fade Mental\">Palestra e texto referente \u00e0 exposi\u00e7\u00e3o: Arte e Sa\u00fade Mental<\/a><\/h2>\n<\/div>\n<div class=\"date\"><span class=\"month\">Oct<\/span> <span class=\"day\">24<\/span><span class=\"year\">2013<\/span><\/div>\n<\/header>\n<p> <span class=\"post-format-icon\">&nbsp;<\/span><span class=\"updated\" title=\"2013-10-24T13:14:24+00:00\">&nbsp;<\/span><\/p>\n<div class=\"entry-container fix\">\n<div class=\"entry entry-content fix\">\n<p class=\"bch4dcbow065stdpy\">Ponencia presentada en el marco de la inauguraci\u00f3n de la exposici\u00f3n: Arte y Problemas de Salud Mental Curador: Dr. \u00c1lvaro Lobato de Faria Director Coordenador do MAC Movimento Arte Contempor\u00e2nea A defesa e promo\u00e7\u00e3o de actividades relacionadas com a utiliza\u00e7\u00e3o de recursos art\u00edsticos nos <a href=\"https:\/\/niramart.com\/revista-magazine\/palestra-e-texto-referente-a-exposicao-arte-e-saude-mental\/\" class=\"excerpt-more\">[&#8230;]<\/a><\/p>\n<\/div>\n<div class=\"meta-pullout meta-left-pullout\">\n<ul>\n<li class=\"fix\"><span class=\"category\"><span class=\"icon\">&nbsp;<\/span> <a href=\"https:\/\/niramart.com\/revista-magazine\/category\/s5-articulos\/c41-articulos-portugues\/\" rel=\"category tag\">Artigos em Portugu\u00eas<\/a>, <a href=\"https:\/\/niramart.com\/revista-magazine\/category\/c38-noticias-revista\/\" rel=\"category tag\">Noticias<\/a><\/span><\/li>\n<li class=\"fix\"><span class=\"tags tax\"><span class=\"icon\">&nbsp;<\/span>Tagged with: <a href=\"https:\/\/niramart.com\/revista-magazine\/tag\/alvaro-lobato-de-faria\/\" rel=\"tag\">\u00c1lvaro Lobato de Faria<\/a>, <a href=\"https:\/\/niramart.com\/revista-magazine\/tag\/mac\/\" rel=\"tag\">MAC<\/a><\/span><\/li>\n<\/ul>\n<\/div>\n<\/div>\n<footer class=\"post-footer postdata fix\"> <\/footer>\n<\/article>\n<article class=\"post-1146 post type-post status-publish format-standard hentry category-c38-noticias-revista tag-alvaro-lobato-de-faria tag-lisboa tag-mac tag-portugal excerpt category-32-id post-seq-4 post-parity-even meta-position-left-pullout fix\" id=\"post-1146\">\n<header class=\"post-header title-container fix\">\n<div class=\"title\">\n<h2 class=\"posttitle\"><a href=\"https:\/\/niramart.com\/revista-magazine\/salud-mental-y-exposicion-de-arte-lisboa\/\" class=\"entry-title\" rel=\"bookmark\" title=\"SALUD MENTAL Y EXPOSICI\u00d3N DE ARTE \u2013 LISBOA\">SALUD MENTAL Y EXPOSICI\u00d3N DE ARTE &#8211; LISBOA<\/a><\/h2>\n<\/div>\n<div class=\"date\"><span class=\"month\">Oct<\/span> <span class=\"day\">24<\/span><span class=\"year\">2013<\/span><\/div>\n<\/header>\n<p> <span class=\"post-format-icon\">&nbsp;<\/span><span class=\"updated\" title=\"2013-10-24T13:07:36+00:00\">&nbsp;<\/span><\/p>\n<div class=\"entry-container fix\">\n<div class=\"entry entry-content fix\">\n<p class=\"bch4dcbow065stdpy\">En el contexto de las iniciativas culturales para combatir el estigma, la El Programa Nacional Portugu\u00e9s de Salud Mental promueve la exposici\u00f3n de obras de arte realizadas por personas con enfermedad mental en las \u00e1reas de pintura, escultura y fotograf\u00eda. La exposici\u00f3n es comisariada <a href=\"https:\/\/niramart.com\/revista-magazine\/salud-mental-y-exposicion-de-arte-lisboa\/\" class=\"excerpt-more\">[&#8230;]<\/a><\/p>\n<\/div>\n<div class=\"meta-pullout meta-left-pullout\">\n<ul>\n<li class=\"fix\"><span class=\"category\"><span class=\"icon\">&nbsp;<\/span> <a href=\"https:\/\/niramart.com\/revista-magazine\/category\/c38-noticias-revista\/\" rel=\"category tag\">Noticias<\/a><\/span><\/li>\n<li class=\"fix\"><span class=\"tags tax\"><span class=\"icon\">&nbsp;<\/span>Tagged with: <a href=\"https:\/\/niramart.com\/revista-magazine\/tag\/alvaro-lobato-de-faria\/\" rel=\"tag\">\u00c1lvaro Lobato de Faria<\/a>, <a href=\"https:\/\/niramart.com\/revista-magazine\" rel=\"tag\">Lisboa<\/a>, <a href=\"https:\/\/niramart.com\/revista-magazine\/tag\/mac\/\" rel=\"tag\">MAC<\/a>, <a href=\"https:\/\/niramart.com\/revista-magazine\" rel=\"tag\">portugal<\/a><\/span><\/li>\n<\/ul>\n<\/div>\n<\/div>\n<footer class=\"post-footer postdata fix\"> <\/footer>\n<\/article>\n<\/div>\n<\/div>\n","protected":false,"raw":""},"excerpt":{"rendered":"<p>100 anos do nascimento do pintor Est\u00eav\u00e3o Soares Nov [&hellip;]<\/p>\n","protected":false},"author":0,"featured_media":0,"parent":0,"menu_order":0,"comment_status":"closed","ping_status":"closed","template":"","meta":{"footnotes":""},"class_list":["post-217","page","type-page","status-publish","hentry"],"yoast_head":"<!-- This site is optimized with the Yoast SEO plugin v27.4 - https:\/\/yoast.com\/product\/yoast-seo-wordpress\/ -->\n<title>\u00c1lvaro Lobato de Faria \u00bb Niram Art Magazine<\/title>\n<meta name=\"robots\" content=\"index, follow, max-snippet:-1, max-image-preview:large, max-video-preview:-1\" \/>\n<link rel=\"canonical\" href=\"https:\/\/niramart.com\/revista-magazine\/tag\/alvaro-lobato-de-faria\/\" \/>\n<meta property=\"og:type\" content=\"article\" \/>\n<meta property=\"og:title\" content=\"\u00c1lvaro Lobato de Faria \u00bb Niram Art Magazine\" \/>\n<meta property=\"og:description\" content=\"100 anos do nascimento do pintor Est\u00eav\u00e3o Soares Nov [&hellip;]\" \/>\n<meta property=\"og:url\" content=\"https:\/\/niramart.com\/revista-magazine\/tag\/alvaro-lobato-de-faria\/\" \/>\n<meta property=\"og:site_name\" content=\"Niram Art Magazine\" \/>\n<meta name=\"twitter:card\" content=\"summary_large_image\" \/>\n<meta name=\"twitter:label1\" content=\"Est. reading time\" \/>\n\t<meta name=\"twitter:data1\" content=\"1 minute\" \/>\n<!-- \/ Yoast SEO plugin. -->","yoast_head_json":{"title":"\u00c1lvaro Lobato de Faria \u00bb Niram Art Magazine","robots":{"index":"index","follow":"follow","max-snippet":"max-snippet:-1","max-image-preview":"max-image-preview:large","max-video-preview":"max-video-preview:-1"},"canonical":"https:\/\/niramart.com\/revista-magazine\/tag\/alvaro-lobato-de-faria\/","og_type":"article","og_title":"\u00c1lvaro Lobato de Faria \u00bb Niram Art Magazine","og_description":"100 anos do nascimento do pintor Est\u00eav\u00e3o Soares Nov [&hellip;]","og_url":"https:\/\/niramart.com\/revista-magazine\/tag\/alvaro-lobato-de-faria\/","og_site_name":"Niram Art Magazine","twitter_card":"summary_large_image","twitter_misc":{"Est. reading time":"1 minute"}},"_links":{"self":[{"href":"https:\/\/niramart.com\/revista-magazine\/wp-json\/wp\/v2\/pages\/217","targetHints":{"allow":["GET"]}}],"collection":[{"href":"https:\/\/niramart.com\/revista-magazine\/wp-json\/wp\/v2\/pages"}],"about":[{"href":"https:\/\/niramart.com\/revista-magazine\/wp-json\/wp\/v2\/types\/page"}],"replies":[{"embeddable":true,"href":"https:\/\/niramart.com\/revista-magazine\/wp-json\/wp\/v2\/comments?post=217"}],"version-history":[{"count":0,"href":"https:\/\/niramart.com\/revista-magazine\/wp-json\/wp\/v2\/pages\/217\/revisions"}],"wp:attachment":[{"href":"https:\/\/niramart.com\/revista-magazine\/wp-json\/wp\/v2\/media?parent=217"}],"curies":[{"name":"wp","href":"https:\/\/api.w.org\/{rel}","templated":true}]}}