{"id":202,"date":"2024-04-01T07:41:00","date_gmt":"2024-04-01T07:41:00","guid":{"rendered":"https:\/\/niramart.com\/revista-magazine\/reportaje-se-alquila-mercado\/"},"modified":"2024-04-01T07:41:00","modified_gmt":"2024-04-01T07:41:00","slug":"reportaje-se-alquila-mercado","status":"publish","type":"page","link":"https:\/\/niramart.com\/revista-magazine\/reportaje-se-alquila-mercado\/","title":{"rendered":"Reportaje: Se Alquila Mercado"},"content":{"rendered":"<div id=\"main-col\">\n<div id=\"content\">\n<article class=\"post-1011 post type-post status-publish format-standard hentry category-c39-articulos-espanol category-no-3-4-2013 category-c38-noticias-revista tag-diego-vadillo-lopez category-18-id category-178-id category-32-id full-content meta-position-left-pullout fix\" id=\"post-1011\">\n<header class=\"post-header title-container fix\">\n<div class=\"title\">\n<h1 class=\"posttitle\"><a href=\"https:\/\/niramart.com\/revista-magazine\/reportaje-se-alquila-mercado\/\" class=\"entry-title\" rel=\"bookmark\" title=\"Reportaje: Se Alquila Mercado\">Reportaje: Se Alquila Mercado<\/a><\/h1>\n<\/div>\n<div class=\"date\"><span class=\"month\">Jun<\/span> <span class=\"day\">12<\/span><span class=\"year\">2013<\/span><\/div>\n<\/header>\n<p> <span class=\"post-format-icon\">&nbsp;<\/span><span class=\"updated\" title=\"2013-06-12T15:09:17+00:00\">&nbsp;<\/span><\/p>\n<div class=\"entry-container fix\">\n<div class=\"entry fix\">\n<p class=\"bch4dcbow065stdpy\"><b>Diego Vadillo L\u00f3pez<\/b><\/p>\n<p class=\"bch4dcbow065stdpy\">&nbsp;<\/p>\n<p class=\"bch4dcbow065stdpy\"><img loading=\"lazy\" decoding=\"async\" class=\"alignleft\" alt=\"\" src=\"https:\/\/niramart.com\/revista-magazine\/files\/2013\/06\/fotografia-0.jpg\" width=\"281\" height=\"396\"\/>A instancia de la artista pl\u00e1stica Laura Herrero Crespo acud\u00ed la ma\u00f1ana del pasado s\u00e1bado 18 de mayo a la \u00faltima jornada en que ten\u00eda lugar el proyecto art\u00edstico-cultural \u201cSe Alquila Mercado\u201d. El lugar no era otro que el madrile\u00f1\u00edsimo Mercado de la Cebada, reconvertido durante dos d\u00edas y medio en centro coyuntural de cultura. En este recinto se cedieron los puestos tradicionales, otrora activos, que permanecen cerrados hoy d\u00eda, a las distintas iniciativas para que tuvieran la opci\u00f3n de difundir sus respectivos discursos pl\u00e1sticos, est\u00e9ticos, o como se los quiera llamar.<\/p>\n<p class=\"bch4dcbow065stdpy\">Se dieron cita en tan incomparable e inveros\u00edmil marco muy distintas propuestas de variada \u00edndole: \u201cperformances\u201d, actuaciones musicales, artesan\u00eda, artes pl\u00e1sticas, etc. actividades a las que se un\u00edan las habituales, las consustanciales a tal entorno. Y es ah\u00ed donde pude caer en la cuenta del profundo componente de plasticidad que ten\u00edan los puestos tradicionales de los mercados de siempre: la magn\u00edfica disposici\u00f3n de las frutas y hortalizas, sus colores y olores entremezclados; la geom\u00e9trica organizaci\u00f3n de los huevos, de las carnes y pescados; el barroquismo de la casquer\u00eda&#8230; todo un universo altamente estimulante. Pens\u00e9 que hab\u00eda que transitar, de vez en cuando, los pasillos de los mercados de siempre.<\/p>\n<p class=\"bch4dcbow065stdpy\">&nbsp;<\/p>\n<p class=\"bch4dcbow065stdpy\">Llamaron mi atenci\u00f3n en el tr\u00e1nsito que realic\u00e9 por las distintas estancias del Mercado de la Cebada muchas cosas. Qued\u00e9 investido como escrutador de las audacias m\u00e1s imprevistas, todas de distinto tenor. El mercado era una coctelera que albergaba en su seno los m\u00e1s dislocados ingredientes. \u00a1Cuanto hubiera disfrutado G\u00f3mez de la Serna paseando por tan animado bosque!, y Huidobro.<\/p>\n<p class=\"bch4dcbow065stdpy\">&nbsp;<\/p>\n<p class=\"bch4dcbow065stdpy\"><img loading=\"lazy\" decoding=\"async\" class=\"aligncenter\" alt=\"\" src=\"https:\/\/niramart.com\/revista-magazine\/files\/2013\/06\/fotografc3ada-1.jpg\" width=\"500\" height=\"375\"\/><\/p>\n<p class=\"bch4dcbow065stdpy\">Reclam\u00f3 mi atenci\u00f3n, por ejemplo, una singular carnicer\u00eda \u201cLa Carnicer\u00eda del Pepe\u201d, un puesto especializado en \u201cRecortes\u201d, que en entre las ofertas de su mostrador inclu\u00eda pedazos de cuerpo humano: una mano, suponemos que de obra, asi\u00e1tica, con una etiqueta que dec\u00eda \u201cBarata\u201d. En un cartel se pod\u00eda leer que no ten\u00edan \u201cni sanidad, ni educaci\u00f3n\u201d, con lo que el potencial cliente quedaba avisado. Adem\u00e1s, vend\u00edan \u201cPollas en vinagre\u201d en tarritos de conserva muy simp\u00e1ticos.<\/p>\n<p class=\"bch4dcbow065stdpy\"><img loading=\"lazy\" decoding=\"async\" class=\"aligncenter\" alt=\"\" src=\"https:\/\/niramart.com\/revista-magazine\/files\/2013\/06\/fotografc3ada-9.jpg\" width=\"500\" height=\"343\"\/><\/p>\n<p class=\"bch4dcbow065stdpy\">No muy lejos de all\u00ed hab\u00eda un puesto de casquer\u00eda en el que los distintos productos eran de muy otra materia: zarajos y chorizos de lana, sangre en el caracter\u00edstico envase que se usa para las transfusiones&#8230; y as\u00ed.<\/p>\n<p class=\"bch4dcbow065stdpy\"><img loading=\"lazy\" decoding=\"async\" class=\"aligncenter\" alt=\"\" src=\"https:\/\/niramart.com\/revista-magazine\/files\/2013\/06\/fotografc3ada-7-w-500.jpg\" width=\"500\" height=\"375\"\/><\/p>\n<p class=\"bch4dcbow065stdpy\">Por entre el exuberante panorama acaecido en la Cebada, llegu\u00e9 al puesto, erigido en minigaler\u00eda, en el que las dibujantes del C\u00edrculo de Bellas Artes Laura Herrero Crespo y Eva S\u00e1nchez Ramo exhib\u00edan parte de sus dibujos y grabados. Una morena y otra rubia, como en la castiza zarzuela, amabas artistas, a primera vista, reflejaban distintos rasgos de temperamento, tambi\u00e9n sus dibujos.<\/p>\n<p class=\"bch4dcbow065stdpy\"><img loading=\"lazy\" decoding=\"async\" class=\"aligncenter\" alt=\"\" src=\"https:\/\/niramart.com\/revista-magazine\/files\/2013\/06\/fotografc3ada-8.jpg\" width=\"600\" height=\"450\"\/><\/p>\n<p class=\"bch4dcbow065stdpy\">Pude recrearme en la contemplaci\u00f3n de los dibujos de una y de otra: los de Laura Herrero eran m\u00e1s manieristas, el trazado de sus l\u00edneas portaba gran dinamismo gr\u00e1fico; parece incurrir Herrero en sus dibujos de desnudos en una torsi\u00f3n corporal que en ocasiones raya con lo desfigurador, de lo que se colige un mayor inter\u00e9s por expresar que por reproducir meramente la realidad tal cual, tal cosa le permite conceptualizar, sugerir a trav\u00e9s de la a veces agreste ondulaci\u00f3n de su trazo. Eva S\u00e1nchez, por su parte, se mueve en una mayor armon\u00eda de las formas; sus femeniles desnudos muestran simult\u00e1neamente una sensualidad pr\u00f3xima a la realidad y, a la vez, con un componente idealizador. Los rostros que dibuja Eva S\u00e1nchez Ramo se muestran serenos, la suavidad de los gestos, de insinuante liviandad, a veces se nos presentan con delicadas inclinaciones de cabeza.<\/p>\n<p class=\"bch4dcbow065stdpy\"><img loading=\"lazy\" decoding=\"async\" class=\"aligncenter\" alt=\"\" src=\"https:\/\/niramart.com\/revista-magazine\/files\/2013\/06\/fotografc3ada-15.jpg\" width=\"600\" height=\"450\"\/><\/p>\n<p class=\"bch4dcbow065stdpy\">Una (Eva) parece buscar una armon\u00eda m\u00e1s clasicista, otra (Laura) busca una armon\u00eda inversa; Laura expresa una leve contrariedad gestual cuando dicho gesto comparece en la l\u00e1mina, Eva nos atrae gestos de una fin\u00edsima melancol\u00eda. Y ambas, sea de manera abrupta, sea con la excusa de dejar entrar la claridad en el universo de papel y carboncillo, nos borran o no dejan lugar a la aparici\u00f3n del personaje en toda su corporeidad, algo que puede representar la falta de completud en que el hombre y la mujer contempor\u00e1neos se mueven, nos movemos. Encontramos, por tanto, dos deliciosas v\u00edas para la expresi\u00f3n pl\u00e1stica del desencanto: una radicada en una armon\u00eda de las formas m\u00e1s apegada a lo real, y otra m\u00e1s en\u00e9rgica, expresionista y trascendida; una m\u00e1s \u201cagrecada\u201d y \u201ctolouselautrecquiana\u201d y otra m\u00e1s \u201catizianada\u201d.<\/p>\n<p class=\"bch4dcbow065stdpy\"><img loading=\"lazy\" decoding=\"async\" class=\"aligncenter\" alt=\"\" src=\"https:\/\/niramart.com\/revista-magazine\/files\/2013\/06\/fotografc3ada-17.jpg\" width=\"500\" height=\"375\"\/><\/p>\n<p class=\"bch4dcbow065stdpy\">Tras mi paseo matinal por el Mercado de la Cebada sal\u00ed encantado con todo lo que por all\u00ed pude observar. Una encantadora e interesante propuesta en un tiempo necesitado de ellas. M\u00e1s me sugieren los mercados de abastos que los secundarios-especulativos&#8230; sobre todo ahora.<\/p>\n<p class=\"bch4dcbow065stdpy\">&nbsp;<\/p>\n<p class=\"bch4dcbow065stdpy\">&nbsp;<\/p>\n<\/div>\n<div class=\"meta-pullout meta-left-pullout\">\n<ul>\n<li class=\"fix\"><span class=\"category\"><span class=\"icon\">&nbsp;<\/span> <a href=\"https:\/\/niramart.com\/revista-magazine\/category\/s5-articulos\/c39-articulos-espanol\/\" rel=\"category tag\">Articulos espa\u00f1ol<\/a>, <a href=\"https:\/\/niramart.com\/revista-magazine\/category\/no-3-4-2013\/\" rel=\"category tag\">N\u00ba 3-4 2013<\/a>, <a href=\"https:\/\/niramart.com\/revista-magazine\/category\/c38-noticias-revista\/\" rel=\"category tag\">Noticias<\/a><\/span><\/li>\n<li class=\"fix\"><span class=\"tags tax\"><span class=\"icon\">&nbsp;<\/span>Tagged with: <a href=\"https:\/\/niramart.com\/revista-magazine\/tag\/diego-vadillo-lopez\/\" rel=\"tag\">Diego Vadillo L\u00f3pez<\/a><\/span><\/li>\n<\/ul>\n<\/div>\n<\/div>\n<footer class=\"post-footer postdata fix\"><\/footer>\n<section id=\"comments\"><\/section>\n<\/article>\n<nav class=\"post-nav fix\">\n<table>\n<tr>\n<td class=\"previous\"><a href=\"https:\/\/niramart.com\/revista-magazine\/trilogia-chungo-preciosista-de-madrid\/\" rel=\"prev\"><span class=\"icon\">&nbsp;<\/span> TRILOG\u00cdA CHUNGO-PRECIOSISTA DE MADRID<\/a><\/td>\n<td class=\"next\"><a href=\"https:\/\/niramart.com\/revista-magazine\/alex-belemuski-y-mussorgsky\/\" rel=\"next\"><span class=\"icon\">&nbsp;<\/span> ALEX BELEMUSKI Y MUSSORGSKY<\/a><\/td>\n<\/tr>\n<\/table>\n<\/nav>\n<\/div>\n<\/div>\n","protected":false,"raw":""},"excerpt":{"rendered":"<p>Reportaje: Se Alquila Mercado Jun 122013 &nbsp;&nbsp; Diego Vadillo [&hellip;]<\/p>\n","protected":false},"author":0,"featured_media":0,"parent":0,"menu_order":0,"comment_status":"closed","ping_status":"closed","template":"","meta":{"footnotes":""},"class_list":["post-202","page","type-page","status-publish","hentry"],"yoast_head":"<!-- This site is optimized with the Yoast SEO plugin v27.4 - https:\/\/yoast.com\/product\/yoast-seo-wordpress\/ -->\n<title>Reportaje: Se Alquila Mercado \u00bb Niram Art Magazine<\/title>\n<meta name=\"robots\" content=\"index, follow, max-snippet:-1, max-image-preview:large, max-video-preview:-1\" \/>\n<link rel=\"canonical\" href=\"https:\/\/niramart.com\/revista-magazine\/reportaje-se-alquila-mercado\/\" \/>\n<meta property=\"og:type\" content=\"article\" \/>\n<meta property=\"og:title\" content=\"Reportaje: Se Alquila Mercado \u00bb Niram Art Magazine\" \/>\n<meta property=\"og:description\" content=\"Reportaje: Se Alquila Mercado Jun 122013 &nbsp;&nbsp; Diego Vadillo [&hellip;]\" \/>\n<meta property=\"og:url\" content=\"https:\/\/niramart.com\/revista-magazine\/reportaje-se-alquila-mercado\/\" \/>\n<meta property=\"og:site_name\" content=\"Niram Art Magazine\" \/>\n<meta name=\"twitter:card\" content=\"summary_large_image\" \/>\n<meta name=\"twitter:label1\" content=\"Est. reading time\" \/>\n\t<meta name=\"twitter:data1\" content=\"4 minutes\" \/>\n<!-- \/ Yoast SEO plugin. -->","yoast_head_json":{"title":"Reportaje: Se Alquila Mercado \u00bb Niram Art Magazine","robots":{"index":"index","follow":"follow","max-snippet":"max-snippet:-1","max-image-preview":"max-image-preview:large","max-video-preview":"max-video-preview:-1"},"canonical":"https:\/\/niramart.com\/revista-magazine\/reportaje-se-alquila-mercado\/","og_type":"article","og_title":"Reportaje: Se Alquila Mercado \u00bb Niram Art Magazine","og_description":"Reportaje: Se Alquila Mercado Jun 122013 &nbsp;&nbsp; Diego Vadillo [&hellip;]","og_url":"https:\/\/niramart.com\/revista-magazine\/reportaje-se-alquila-mercado\/","og_site_name":"Niram Art Magazine","twitter_card":"summary_large_image","twitter_misc":{"Est. reading time":"4 minutes"}},"_links":{"self":[{"href":"https:\/\/niramart.com\/revista-magazine\/wp-json\/wp\/v2\/pages\/202","targetHints":{"allow":["GET"]}}],"collection":[{"href":"https:\/\/niramart.com\/revista-magazine\/wp-json\/wp\/v2\/pages"}],"about":[{"href":"https:\/\/niramart.com\/revista-magazine\/wp-json\/wp\/v2\/types\/page"}],"replies":[{"embeddable":true,"href":"https:\/\/niramart.com\/revista-magazine\/wp-json\/wp\/v2\/comments?post=202"}],"version-history":[{"count":0,"href":"https:\/\/niramart.com\/revista-magazine\/wp-json\/wp\/v2\/pages\/202\/revisions"}],"wp:attachment":[{"href":"https:\/\/niramart.com\/revista-magazine\/wp-json\/wp\/v2\/media?parent=202"}],"curies":[{"name":"wp","href":"https:\/\/api.w.org\/{rel}","templated":true}]}}