{"id":197,"date":"2024-04-01T07:41:00","date_gmt":"2024-04-01T07:41:00","guid":{"rendered":"https:\/\/niramart.com\/revista-magazine\/presentacion-del-libro-puentes-inconexos\/"},"modified":"2024-04-01T07:41:00","modified_gmt":"2024-04-01T07:41:00","slug":"presentacion-del-libro-puentes-inconexos","status":"publish","type":"page","link":"https:\/\/niramart.com\/revista-magazine\/presentacion-del-libro-puentes-inconexos\/","title":{"rendered":"Presentaci\u00f3n del libro Puentes Inconexos"},"content":{"rendered":"<div id=\"main-col\">\n<div id=\"content\">\n<article class=\"post-1026 post type-post status-publish format-standard hentry category-c39-articulos-espanol tag-alexander-anchia-vindas tag-bogdan-ater tag-fabianni-belemuski tag-luis-frayle category-18-id full-content meta-position-left-pullout fix\" id=\"post-1026\">\n<header class=\"post-header title-container fix\">\n<div class=\"title\">\n<h1 class=\"posttitle\"><a href=\"https:\/\/niramart.com\/revista-magazine\/presentacion-del-libro-puentes-inconexos\/\" class=\"entry-title\" rel=\"bookmark\" title=\"Presentaci\u00f3n del libro Puentes Inconexos\">Presentaci\u00f3n del libro Puentes Inconexos<\/a><\/h1>\n<\/div>\n<div class=\"date\"><span class=\"month\">Jul<\/span> <span class=\"day\">18<\/span><span class=\"year\">2013<\/span><\/div>\n<\/header>\n<p> <span class=\"post-format-icon\">&nbsp;<\/span><span class=\"updated\" title=\"2013-07-18T09:02:17+00:00\">&nbsp;<\/span><\/p>\n<div class=\"entry-container fix\">\n<div class=\"entry fix\">\n<h3><strong>El jueves 11 de julio de 2013 tuvo lugar en la Facultad de Geograf\u00eda e Historia de la Universidad de Salamanca la presentaci\u00f3n del libro <i>Puentes Inconexos<\/i> del autor Alexander Anch\u00eda Vindas. <\/strong><\/h3>\n<p class=\"bch4dcbow065stdpy\"><strong>El libro, publicado por Mundibook, es una selecci\u00f3n de relatos del escritor costarricense quien estuvo presente en el acto.<\/strong><\/p>\n<p class=\"bch4dcbow065stdpy\">Intervinieron, aparte del autor, el catedr\u00e1tico de lat\u00edn <strong>Luis Frayle<\/strong>, el poeta <strong>Alfredo P\u00e9rez Alancart<\/strong>, organizador del evento, <strong>Bogdan Ater<\/strong>, artista pl\u00e1stico, realizador de la portada del libro y <strong>Fabianni Belemuski<\/strong>, periodista y escritor.<\/p>\n<div style=\"width: 484px\" class=\"wp-caption aligncenter\"><img loading=\"lazy\" decoding=\"async\" alt=\"Presentaci\u00f3n del libro Puentes Inconexos de Alexander Anch\u00eda Vindas\" src=\"https:\/\/niramart.com\/revista-magazine\/files\/2013\/07\/universidad-salamanca-1.jpg\" width=\"474\" height=\"355\"\/><\/p>\n<p class=\"wp-caption-text\">Presentaci\u00f3n del libro Puentes Inconexos de Alexander Anch\u00eda Vindas<\/p>\n<\/div>\n<p class=\"bch4dcbow065stdpy\"><strong>Luis Frayle<\/strong> dio comienzo al acto con una breve exposici\u00f3n de los acontecimientos que llevaron a la p\u00e9rdida de la identidad que, seg\u00fan \u00e9l, sufre el hombre moderno e hizo una conexi\u00f3n entre los \u201crelatos angustiosos\u201d de <strong>Alexander Anch\u00ed Vindas<\/strong> y el concepto de la identidad perdida. \u201cYo no s\u00e9 si el mundo se acabar\u00e1\u201d, afirm\u00f3 Frayle a prop\u00f3sito del relato que dio nombre a la obra presentada, <i>Puentes Inconexos<\/i>, \u201cpero el mundo tal como lo conocemos ahora, acabar\u00e1\u201d. El catedr\u00e1tico, tambi\u00e9n poeta y escritor, llam\u00f3 la atenci\u00f3n sobre el peligro de creer que se puede hacer literatura de cualquier forma e invit\u00f3 a los asistentes a reflexionar sobre los relatos de Vindas y sobre los problemas espinosos que el escritor analiza en su libro.<\/p>\n<p class=\"bch4dcbow065stdpy\">Coincidieron con <strong>Luis Frayle, Bogdan Ater<\/strong> y <strong>Fabianni Belemuski<\/strong> al hablar del fin del mundo, de la p\u00e9rdida de los valores y de la muerte de Dios, todas ellas ideas inspiradas por los cuentos de <strong>Alexander Anch\u00eda Vindas<\/strong>.<img loading=\"lazy\" decoding=\"async\" class=\"alignright\" alt=\"\" src=\"https:\/\/niramart.com\/revista-magazine\/files\/2013\/07\/invitacion-universidad-salamanca-web.jpg\" width=\"300\" height=\"225\"\/><\/p>\n<p class=\"bch4dcbow065stdpy\">\u201cComparto la visi\u00f3n del mundo que tiene el autor\u201d, explic\u00f3 Ater, \u201cun mundo en permanente cambio, un mundo a punto de convertirse en ruinas. He querido sorprender el momento de la ca\u00edda, el momento en que los puentes dejan de conectarse. Me interesa retratar ese mundo en ca\u00edda, tanto en mis obras como en las portadas que realizo y que son para m\u00ed un ejercicio art\u00edstico\u201d.<\/p>\n<div style=\"width: 452px\" class=\"wp-caption aligncenter\"><img loading=\"lazy\" decoding=\"async\" alt=\"Presentaci\u00f3n del libro Puentes Inconexos de Alexander Anch\u00eda Vindas\" src=\"https:\/\/niramart.com\/revista-magazine\/files\/2013\/07\/universidad-salamanca-2.jpg\" width=\"442\" height=\"355\"\/><\/p>\n<p class=\"wp-caption-text\">Presentaci\u00f3n del libro Puentes Inconexos de Alexander Anch\u00eda Vindas<\/p>\n<\/div>\n<p class=\"bch4dcbow065stdpy\">Por su parte, el escritor Fabianni Belemuski record\u00f3 el \u201cpenoso sentimiento del fin, esa tristeza sin causa, casi imperceptible que se desprende de la literatura de Anch\u00eda Vindas\u201d, pero subray\u00f3 que \u201csolamente se trata del fin de una manera de contar el mundo\u201d.<\/p>\n<p class=\"bch4dcbow065stdpy\">Despu\u00e9s de las intervenciones de los ponentes los asistentes al acto escucharon la lectura del relato <i>La monja de az\u00facar<\/i>, de la colecci\u00f3n Puentes Inconexos. El acto concluy\u00f3 con unas palabras del autor, qui\u00e9n, tras ofrecer su propia explicaci\u00f3n a los relatos, respondi\u00f3 a las preguntas del p\u00fablico.<\/p>\n<\/div>\n<div class=\"meta-pullout meta-left-pullout\">\n<ul>\n<li class=\"fix\"><span class=\"category\"><span class=\"icon\">&nbsp;<\/span> <a href=\"https:\/\/niramart.com\/revista-magazine\/category\/s5-articulos\/c39-articulos-espanol\/\" rel=\"category tag\">Articulos espa\u00f1ol<\/a><\/span><\/li>\n<li class=\"fix\"><span class=\"tags tax\"><span class=\"icon\">&nbsp;<\/span>Tagged with: <a href=\"https:\/\/niramart.com\/revista-magazine\/tag\/alexander-anchia-vindas\/\" rel=\"tag\">Alexander Anch\u00eda Vindas<\/a>, <a href=\"https:\/\/niramart.com\/revista-magazine\/tag\/bogdan-ater\/\" rel=\"tag\">bogdan ater<\/a>, <a href=\"https:\/\/niramart.com\/revista-magazine\/tag\/fabianni-belemuski\/\" rel=\"tag\">fabianni belemuski<\/a>, <a href=\"https:\/\/niramart.com\/revista-magazine\/tag\/luis-frayle\/\" rel=\"tag\">Luis Frayle<\/a><\/span><\/li>\n<\/ul>\n<\/div>\n<\/div>\n<footer class=\"post-footer postdata fix\"><\/footer>\n<section id=\"comments\"><\/section>\n<\/article>\n<nav class=\"post-nav fix\">\n<table>\n<tr>\n<td class=\"previous\"><a href=\"https:\/\/niramart.com\/revista-magazine\/alex-belemuski-y-mussorgsky\/\" rel=\"prev\"><span class=\"icon\">&nbsp;<\/span> ALEX BELEMUSKI Y MUSSORGSKY<\/a><\/td>\n<td class=\"next\"><a href=\"https:\/\/niramart.com\/revista-magazine\/la-critica-como-arte\/\" rel=\"next\"><span class=\"icon\">&nbsp;<\/span> La cr\u00edtica como arte por Ruth Blidhav<\/a><\/td>\n<\/tr>\n<\/table>\n<\/nav>\n<\/div>\n<\/div>\n","protected":false,"raw":""},"excerpt":{"rendered":"<p>Presentaci\u00f3n del libro Puentes Inconexos Jul 182013 &nbsp;&nbsp; El [&hellip;]<\/p>\n","protected":false},"author":0,"featured_media":0,"parent":0,"menu_order":0,"comment_status":"closed","ping_status":"closed","template":"","meta":{"footnotes":""},"class_list":["post-197","page","type-page","status-publish","hentry"],"yoast_head":"<!-- This site is optimized with the Yoast SEO plugin v27.4 - https:\/\/yoast.com\/product\/yoast-seo-wordpress\/ -->\n<title>Presentaci\u00f3n del libro Puentes Inconexos \u00bb Niram Art Magazine<\/title>\n<meta name=\"robots\" content=\"index, follow, max-snippet:-1, max-image-preview:large, max-video-preview:-1\" \/>\n<link rel=\"canonical\" href=\"https:\/\/niramart.com\/revista-magazine\/presentacion-del-libro-puentes-inconexos\/\" \/>\n<meta property=\"og:type\" content=\"article\" \/>\n<meta property=\"og:title\" content=\"Presentaci\u00f3n del libro Puentes Inconexos \u00bb Niram Art Magazine\" \/>\n<meta property=\"og:description\" content=\"Presentaci\u00f3n del libro Puentes Inconexos Jul 182013 &nbsp;&nbsp; El [&hellip;]\" \/>\n<meta property=\"og:url\" content=\"https:\/\/niramart.com\/revista-magazine\/presentacion-del-libro-puentes-inconexos\/\" \/>\n<meta property=\"og:site_name\" content=\"Niram Art Magazine\" \/>\n<meta name=\"twitter:card\" content=\"summary_large_image\" \/>\n<meta name=\"twitter:label1\" content=\"Est. reading time\" \/>\n\t<meta name=\"twitter:data1\" content=\"2 minutes\" \/>\n<!-- \/ Yoast SEO plugin. -->","yoast_head_json":{"title":"Presentaci\u00f3n del libro Puentes Inconexos \u00bb Niram Art Magazine","robots":{"index":"index","follow":"follow","max-snippet":"max-snippet:-1","max-image-preview":"max-image-preview:large","max-video-preview":"max-video-preview:-1"},"canonical":"https:\/\/niramart.com\/revista-magazine\/presentacion-del-libro-puentes-inconexos\/","og_type":"article","og_title":"Presentaci\u00f3n del libro Puentes Inconexos \u00bb Niram Art Magazine","og_description":"Presentaci\u00f3n del libro Puentes Inconexos Jul 182013 &nbsp;&nbsp; El [&hellip;]","og_url":"https:\/\/niramart.com\/revista-magazine\/presentacion-del-libro-puentes-inconexos\/","og_site_name":"Niram Art Magazine","twitter_card":"summary_large_image","twitter_misc":{"Est. reading time":"2 minutes"}},"_links":{"self":[{"href":"https:\/\/niramart.com\/revista-magazine\/wp-json\/wp\/v2\/pages\/197","targetHints":{"allow":["GET"]}}],"collection":[{"href":"https:\/\/niramart.com\/revista-magazine\/wp-json\/wp\/v2\/pages"}],"about":[{"href":"https:\/\/niramart.com\/revista-magazine\/wp-json\/wp\/v2\/types\/page"}],"replies":[{"embeddable":true,"href":"https:\/\/niramart.com\/revista-magazine\/wp-json\/wp\/v2\/comments?post=197"}],"version-history":[{"count":0,"href":"https:\/\/niramart.com\/revista-magazine\/wp-json\/wp\/v2\/pages\/197\/revisions"}],"wp:attachment":[{"href":"https:\/\/niramart.com\/revista-magazine\/wp-json\/wp\/v2\/media?parent=197"}],"curies":[{"name":"wp","href":"https:\/\/api.w.org\/{rel}","templated":true}]}}