{"id":190,"date":"2024-04-01T07:40:59","date_gmt":"2024-04-01T07:40:59","guid":{"rendered":"https:\/\/niramart.com\/revista-magazine\/poemas-de-maria-postu\/"},"modified":"2024-04-01T07:40:59","modified_gmt":"2024-04-01T07:40:59","slug":"poemas-de-maria-postu","status":"publish","type":"page","link":"https:\/\/niramart.com\/revista-magazine\/poemas-de-maria-postu\/","title":{"rendered":"Poemas de Maria Postu"},"content":{"rendered":"<div id=\"main-col\">\n<div id=\"content\">\n<article class=\"post-810 post type-post status-publish format-standard hentry category-c39-articulos-espanol category-no-5-6-s5-articulos tag-maria-postu tag-poeme tag-poezii tag-traduccion category-18-id category-127-id full-content meta-position-left-pullout fix\" id=\"post-810\">\n<header class=\"post-header title-container fix\">\n<div class=\"title\">\n<h1 class=\"posttitle\"><a href=\"https:\/\/niramart.com\/revista-magazine\/poemas-de-maria-postu\/\" class=\"entry-title\" rel=\"bookmark\" title=\"Poemas de Maria Postu\">Poemas de Maria Postu<\/a><\/h1>\n<\/div>\n<div class=\"date\"><span class=\"month\">Apr<\/span> <span class=\"day\">05<\/span><span class=\"year\">2013<\/span><\/div>\n<\/header>\n<p> <span class=\"post-format-icon\">&nbsp;<\/span><span class=\"updated\" title=\"2013-04-05T15:20:26+00:00\">&nbsp;<\/span><\/p>\n<div class=\"entry-container fix\">\n<div class=\"entry fix\">\n<blockquote>\n<p class=\"bch4dcbow065stdpy\">Traducci\u00f3n  al espa\u00f1ol por Prof CRISTINA MUNTEANU<\/p>\n<\/blockquote>\n<p class=\"bch4dcbow065stdpy\"><b>1. El desv\u00edo<\/b><\/p>\n<p class=\"bch4dcbow065stdpy\"><b> <\/b><br class=\"bch4dcbow065stdpy\"\/> So\u00f1\u00e9 con desviar una manada de elefantes<br class=\"bch4dcbow065stdpy\"\/> Con adiestrarlos y que me llevaran al circo de los elefantes<\/p>\n<p class=\"bch4dcbow065stdpy\">&nbsp;<\/p>\n<p class=\"bch4dcbow065stdpy\">Hacer volteretas, pasar a trav\u00e9s de aros de fuego, y de noche,<\/p>\n<p class=\"bch4dcbow065stdpy\">por la noche, cuando los elefantes se re\u00fanen para decidir mi destino<\/p>\n<p class=\"bch4dcbow065stdpy\">comer comida de elefantes<\/p>\n<p class=\"bch4dcbow065stdpy\">y vivienda de elefante<\/p>\n<p class=\"bch4dcbow065stdpy\">y  vida de elefante.<\/p>\n<p class=\"bch4dcbow065stdpy\">Ser azotada y recompensada \u200b\u200bcon aplausos,<\/p>\n<p class=\"bch4dcbow065stdpy\">olvidar <b>a<\/b> mis seres queridos, no tener tiempo de escribir,<\/p>\n<p class=\"bch4dcbow065stdpy\">preguntar si me hab\u00edan olvidado o si tienen otra hija, esposa, madre,<\/p>\n<p class=\"bch4dcbow065stdpy\">amante.<\/p>\n<p class=\"bch4dcbow065stdpy\">So\u00f1\u00e9 con pagar por todos y por todo &#8230;<\/p>\n<p class=\"bch4dcbow065stdpy\">&nbsp;<\/p>\n<p class=\"bch4dcbow065stdpy\">&nbsp;<\/p>\n<p class=\"bch4dcbow065stdpy\">&nbsp;<\/p>\n<p class=\"bch4dcbow065stdpy\">&nbsp;<\/p>\n<p class=\"bch4dcbow065stdpy\">&nbsp;<\/p>\n<p class=\"bch4dcbow065stdpy\">&nbsp;<\/p>\n<p class=\"bch4dcbow065stdpy\">&nbsp;<\/p>\n<p class=\"bch4dcbow065stdpy\">&nbsp;<\/p>\n<p class=\"bch4dcbow065stdpy\">&nbsp;<\/p>\n<p class=\"bch4dcbow065stdpy\">&nbsp;<\/p>\n<p class=\"bch4dcbow065stdpy\">&nbsp;<\/p>\n<p class=\"bch4dcbow065stdpy\">&nbsp;<\/p>\n<p class=\"bch4dcbow065stdpy\">&nbsp;<\/p>\n<p class=\"bch4dcbow065stdpy\">&nbsp;<\/p>\n<p class=\"bch4dcbow065stdpy\">&nbsp;<\/p>\n<p class=\"bch4dcbow065stdpy\">&nbsp;<\/p>\n<p class=\"bch4dcbow065stdpy\">&nbsp;<\/p>\n<p class=\"bch4dcbow065stdpy\">&nbsp;<\/p>\n<p class=\"bch4dcbow065stdpy\">&nbsp;<\/p>\n<p class=\"bch4dcbow065stdpy\">&nbsp;<\/p>\n<p class=\"bch4dcbow065stdpy\">2.ALTAMIRA<\/p>\n<p class=\"bch4dcbow065stdpy\">&nbsp;<\/p>\n<p class=\"bch4dcbow065stdpy\">LEMA: &#8220;Una tarde del verano de 1879, el arque\u00f3logo Marcelino de Sautuola descubri\u00f3 una gran cueva sobre su propiedad en Altamira, en el norte de Espa\u00f1a&#8221;<br class=\"bch4dcbow065stdpy\"\/> Daniel Schmidt<\/p>\n<p class=\"bch4dcbow065stdpy\">&nbsp;<\/p>\n<p class=\"bch4dcbow065stdpy\">&#8211; Se\u00f1or jardinero, le dijo Don Marcelino a su amigo, el jardinero \u2013 porque sumiso no pod\u00eda ser, pero ni en su due\u00f1o no se hab\u00eda convertido todav\u00eda, me gustar\u00eda ser mi testigo de mi expedici\u00f3n en Altamira. So\u00f1\u00e9 que estaba en un ruedo extra\u00f1o rodeada de &#8220;toros&#8221; gigantes, de bisontes gigantes,contra quienes no pod\u00eda luchar. El recuerdo de la fragancia de tus jardines me ayuda siempre a escaparme a tiempo, nunca me di\u00f3 en la mano nada m\u00e1s que el perfume, la ilusi\u00f3n, la promesa de la gloria tard\u00eda, se\u00f1or jardinero, con que semillas y donde cultiva su jard\u00edn que ni siquiera mis toros de Altamira lograron destruirlo, ni los bisontes rojos, ni las ciervas delicadas, los ciervos en cuyos cuernos llevan misterios eternos, ni los jabal\u00edes que desde milenios est\u00e1n viviendo de la piedra de la cueva, usted, que no tiene miedo a nada, aislado en su jard\u00edn nacido del miedo y del silencio de la virtud y del pecado, siguiendo tranquilo su camino en la galaxia, como dir\u00eda un astronauta del siglo XXI, pidale que me lleve de vuelta a m\u00ed tambi\u00e9n a Altamira, so\u00f1\u00e9 que estaba desgarrado por los dientes de los bisontes rojos, vestidos con trajes acad\u00e9micos, llevando gafas sobre la nariz, acusandome de impostura y de falsificaci\u00f3n, poni\u00e9ndome en el muro del oprobio p\u00fablico, se\u00f1or jardinero.<\/p>\n<p class=\"bch4dcbow065stdpy\">&nbsp;<\/p>\n<p class=\"bch4dcbow065stdpy\">&nbsp;<\/p>\n<p class=\"bch4dcbow065stdpy\">&nbsp;<\/p>\n<p class=\"bch4dcbow065stdpy\">&nbsp;<\/p>\n<p class=\"bch4dcbow065stdpy\">&nbsp;<\/p>\n<p class=\"bch4dcbow065stdpy\">&nbsp;<\/p>\n<p class=\"bch4dcbow065stdpy\">&nbsp;<\/p>\n<p class=\"bch4dcbow065stdpy\">&nbsp;<\/p>\n<p class=\"bch4dcbow065stdpy\">&nbsp;<\/p>\n<p class=\"bch4dcbow065stdpy\">&nbsp;<\/p>\n<p class=\"bch4dcbow065stdpy\">&nbsp;<\/p>\n<p class=\"bch4dcbow065stdpy\">&nbsp;<\/p>\n<p class=\"bch4dcbow065stdpy\">&nbsp;<\/p>\n<p class=\"bch4dcbow065stdpy\">&nbsp;<\/p>\n<p class=\"bch4dcbow065stdpy\">&nbsp;<\/p>\n<p class=\"bch4dcbow065stdpy\">&nbsp;<\/p>\n<p class=\"bch4dcbow065stdpy\">&nbsp;<\/p>\n<p class=\"bch4dcbow065stdpy\">&nbsp;<\/p>\n<p class=\"bch4dcbow065stdpy\">&nbsp;<\/p>\n<p class=\"bch4dcbow065stdpy\">&nbsp;<\/p>\n<p class=\"bch4dcbow065stdpy\">&nbsp;<\/p>\n<p class=\"bch4dcbow065stdpy\">&nbsp;<\/p>\n<p class=\"bch4dcbow065stdpy\">&nbsp;<\/p>\n<p class=\"bch4dcbow065stdpy\">&nbsp;<\/p>\n<p class=\"bch4dcbow065stdpy\">&nbsp;<\/p>\n<p class=\"bch4dcbow065stdpy\">&nbsp;<\/p>\n<p class=\"bch4dcbow065stdpy\">3. PROTECCI\u00d3N<br class=\"bch4dcbow065stdpy\"\/> Pero l\u00e9eme por favor, <i>sine ira<\/i><i> et studio<\/i> como si fuera una voz sin rostro, que ha prestado su esp\u00edritu a un ordenador que contin\u00faa escribiendo en mi lugar, incluso cuando yo veo a mi ef\u00edmero cuerpo cuidandole discretamente las heridas que no se sabe por que secreta alquimia siempre llegan al papel de la impresora, l\u00e9eme sin preguntarte si es demasiado tarde o demasiado temprano para m\u00ed,<br class=\"bch4dcbow065stdpy\"\/> si soy del \u201980 o del \u201990 o nada de todo eso, un pedazo de arcilla rodando sobre el teclado inmaculado del ordenador, la tentaci\u00f3n de la vulgaridad, dir\u00e1s,<\/p>\n<p class=\"bch4dcbow065stdpy\">Refrescando el azul, <b>la viciosa<\/b> sangre de la poes\u00eda, a trav\u00e9s de una transfusi\u00f3n de savias, o de una transferencia de certezas en un momento en el que en los puestos de venta, yaciendo bellamente empaquetados los vol\u00famenes de poes\u00eda espantan a sus indecisos lectores irradiandoles con su contagiosa incertidumbre<\/p>\n<p class=\"bch4dcbow065stdpy\">&nbsp;<\/p>\n<p class=\"bch4dcbow065stdpy\">&nbsp;<\/p>\n<p class=\"bch4dcbow065stdpy\">4. ME ESCRIBES DESDE M\u00c1S ALLA DEL TIEMPO&#8230;.<br class=\"bch4dcbow065stdpy\"\/> Tal vez ahora mismo entres en una batalla<br class=\"bch4dcbow065stdpy\"\/> Como entro yo por la ma\u00f1ana en el sal\u00f3n de t\u00e9<br class=\"bch4dcbow065stdpy\"\/> Nos preparamos, estando a tantos a\u00f1os &#8211; luz de distancia<br class=\"bch4dcbow065stdpy\"\/> el uno del otro, para tomar el ba\u00f1o de la sinceridad.<br class=\"bch4dcbow065stdpy\"\/> A m\u00ed me traen la bandeja con los diarios y las cartas<br class=\"bch4dcbow065stdpy\"\/> Y encima de ellos un manojo de rosas enviado por un desconocido admirador<br class=\"bch4dcbow065stdpy\"\/> quiz\u00e1s eres t\u00fa \u00e9l que me escribe desde m\u00e1s alla del tiempo<br class=\"bch4dcbow065stdpy\"\/> esperando conseguir tus mensajes alg\u00fan d\u00eda,<\/p>\n<p class=\"bch4dcbow065stdpy\">Cuando  nuestras estrellas se alinear\u00e1n tranquilas una junto a otra<\/p>\n<p class=\"bch4dcbow065stdpy\">eliges de la panoplia tu mejor arma<br class=\"bch4dcbow065stdpy\"\/> para el estado de \u00e1nimo de hoy<br class=\"bch4dcbow065stdpy\"\/> olvid\u00e1ndome la quien no va a esperarte<br class=\"bch4dcbow065stdpy\"\/> por la noche cuando regreses de la batalla<\/p>\n<p class=\"bch4dcbow065stdpy\">como si fueras a una reuni\u00f3n con tus amigos,<br class=\"bch4dcbow065stdpy\"\/> olvidandote de m\u00ed<br class=\"bch4dcbow065stdpy\"\/> acordante de m\u00ed por la noche,<\/p>\n<p class=\"bch4dcbow065stdpy\">cuando est\u00e1s demasiado ocupado en escribir una balada<br class=\"bch4dcbow065stdpy\"\/> de las damas de anta\u00f1o,<br class=\"bch4dcbow065stdpy\"\/> qui\u00e9n soy yo para entrar por la puerta principal de tu poema,<br class=\"bch4dcbow065stdpy\"\/> no lo s\u00e9,<br class=\"bch4dcbow065stdpy\"\/> e incluso ahora, al final del d\u00eda, el cartero me trae otra carta,<br class=\"bch4dcbow065stdpy\"\/> la balada que me dedicaste hace varios a\u00f1os luz de distancia<br class=\"bch4dcbow065stdpy\"\/> me ha llegado y tengo que preparar las maletas para ir a verte&#8230;.<\/p>\n<p class=\"bch4dcbow065stdpy\">&nbsp;<\/p>\n<p class=\"bch4dcbow065stdpy\">&nbsp;<\/p>\n<p class=\"bch4dcbow065stdpy\">&nbsp;<\/p>\n<p class=\"bch4dcbow065stdpy\">&nbsp;<\/p>\n<p class=\"bch4dcbow065stdpy\">&nbsp;<\/p>\n<p class=\"bch4dcbow065stdpy\">&nbsp;<\/p>\n<p class=\"bch4dcbow065stdpy\">5. Vienes en las cartas<\/p>\n<p class=\"bch4dcbow065stdpy\">Vienes en las cartas<br class=\"bch4dcbow065stdpy\"\/> de los no escritas, flotando en el agua en busqueda de ruletas seguras<br class=\"bch4dcbow065stdpy\"\/> o de aquellas que se ganaron fortunas<br class=\"bch4dcbow065stdpy\"\/> y arruinaron palacios<br class=\"bch4dcbow065stdpy\"\/> tu bata escondiendo antes trucos baratos<br class=\"bch4dcbow065stdpy\"\/> ondea como una bandera vencida,<\/p>\n<p class=\"bch4dcbow065stdpy\">y las manos que te buscan<br class=\"bch4dcbow065stdpy\"\/> tropiezan en las sombras y en los nombres de quienes te deseaban y no tuvieron el privilegio<br class=\"bch4dcbow065stdpy\"\/> de poseer tu alma<br class=\"bch4dcbow065stdpy\"\/> porqu\u00e9 fuera yo la elegida,<\/p>\n<p class=\"bch4dcbow065stdpy\">Hice acrobacias en el fr\u00e1gil puente entre  el s\u00ed y el no<br class=\"bch4dcbow065stdpy\"\/> me derrumb\u00e9 ante los ojos de los espectadores,<br class=\"bch4dcbow065stdpy\"\/> no evit\u00e9 la hoja de tu cuchillo<\/p>\n<p class=\"bch4dcbow065stdpy\">cuando en el \u00faltimo espect\u00e1culo no diste en el blanco,<br class=\"bch4dcbow065stdpy\"\/> y nad\u00e9 con los delfines al atardecer<br class=\"bch4dcbow065stdpy\"\/> recibiendo con el az\u00facar prometido<br class=\"bch4dcbow065stdpy\"\/> una gota de veneno.<\/p>\n<p class=\"bch4dcbow065stdpy\">&nbsp;<\/p>\n<p class=\"bch4dcbow065stdpy\">&nbsp;<\/p>\n<p class=\"bch4dcbow065stdpy\">Vienes de los cuadros con los que so\u00f1aban<br class=\"bch4dcbow065stdpy\"\/> los pintores arruinados en Moulin Rouge<br class=\"bch4dcbow065stdpy\"\/> tengo las manos manchadas de todos los colores<br class=\"bch4dcbow065stdpy\"\/> que desliz\u00e1n por tu rostro cansado en la ma\u00f1ana,<br class=\"bch4dcbow065stdpy\"\/> estoy esperando la sentencia por el delito de no haber podido venderte<br class=\"bch4dcbow065stdpy\"\/> a cambio de una copa de vino y de una cama caliente,<\/p>\n<p class=\"bch4dcbow065stdpy\">por el delito de haberte crucificado en un naipe<br class=\"bch4dcbow065stdpy\"\/> imprimido una sola vez<br class=\"bch4dcbow065stdpy\"\/> y con el cual juego cada noche<br class=\"bch4dcbow065stdpy\"\/> apostando todo  nuestro pasado com\u00fan<br class=\"bch4dcbow065stdpy\"\/> y este futuro que estoy vendiendo en dosis peque\u00f1as<br class=\"bch4dcbow065stdpy\"\/> a los jugadores cuyo tiempo se acab\u00f3.<\/p>\n<\/div>\n<div class=\"meta-pullout meta-left-pullout\">\n<ul>\n<li class=\"fix\"><span class=\"category\"><span class=\"icon\">&nbsp;<\/span> <a href=\"https:\/\/niramart.com\/revista-magazine\/category\/s5-articulos\/c39-articulos-espanol\/\" rel=\"category tag\">Articulos espa\u00f1ol<\/a>, <a href=\"https:\/\/niramart.com\/revista-magazine\/category\/s5-articulos\/no-5-6-s5-articulos\/\" rel=\"category tag\">N\u00ba 5-6, 2012<\/a><\/span><\/li>\n<li class=\"fix\"><span class=\"tags tax\"><span class=\"icon\">&nbsp;<\/span>Tagged with: <a href=\"https:\/\/niramart.com\/revista-magazine\/tag\/maria-postu\/\" rel=\"tag\">Maria Postu<\/a>, <a href=\"https:\/\/niramart.com\/revista-magazine\/tag\/poeme\/\" rel=\"tag\">poeme<\/a>, <a href=\"https:\/\/niramart.com\/revista-magazine\/tag\/poezii\/\" rel=\"tag\">poezii<\/a>, <a href=\"https:\/\/niramart.com\/revista-magazine\/tag\/traduccion\/\" rel=\"tag\">traducci\u00f3n<\/a><\/span><\/li>\n<\/ul>\n<\/div>\n<\/div>\n<footer class=\"post-footer postdata fix\"><\/footer>\n<section id=\"comments\"><\/section>\n<\/article>\n<nav class=\"post-nav fix\">\n<table>\n<tr>\n<td class=\"previous\"><a href=\"https:\/\/niramart.com\/revista-magazine\/cantecul-valkiriei-ajunge-in-romania\/\" rel=\"prev\"><span class=\"icon\">&nbsp;<\/span> Cantecul Valkiriei ajunge in Romania<\/a><\/td>\n<td class=\"next\"><a href=\"https:\/\/niramart.com\/revista-magazine\/lichis-el-vate-verbenero\/\" rel=\"next\"><span class=\"icon\">&nbsp;<\/span> Lichis, el vate verbenero<\/a><\/td>\n<\/tr>\n<\/table>\n<\/nav>\n<\/div>\n<\/div>\n","protected":false,"raw":""},"excerpt":{"rendered":"<p>Poemas de Maria Postu Apr 052013 &nbsp;&nbsp; Traducci\u00f3n al [&hellip;]<\/p>\n","protected":false},"author":0,"featured_media":0,"parent":0,"menu_order":0,"comment_status":"closed","ping_status":"closed","template":"","meta":{"footnotes":""},"class_list":["post-190","page","type-page","status-publish","hentry"],"yoast_head":"<!-- This site is optimized with the Yoast SEO plugin v27.4 - https:\/\/yoast.com\/product\/yoast-seo-wordpress\/ -->\n<title>Poemas de Maria Postu \u00bb Niram Art Magazine<\/title>\n<meta name=\"robots\" content=\"index, follow, max-snippet:-1, max-image-preview:large, max-video-preview:-1\" \/>\n<link rel=\"canonical\" href=\"https:\/\/niramart.com\/revista-magazine\/poemas-de-maria-postu\/\" \/>\n<meta property=\"og:type\" content=\"article\" \/>\n<meta property=\"og:title\" content=\"Poemas de Maria Postu \u00bb Niram Art Magazine\" \/>\n<meta property=\"og:description\" content=\"Poemas de Maria Postu Apr 052013 &nbsp;&nbsp; Traducci\u00f3n al [&hellip;]\" \/>\n<meta property=\"og:url\" content=\"https:\/\/niramart.com\/revista-magazine\/poemas-de-maria-postu\/\" \/>\n<meta property=\"og:site_name\" content=\"Niram Art Magazine\" \/>\n<meta name=\"twitter:card\" content=\"summary_large_image\" \/>\n<meta name=\"twitter:label1\" content=\"Est. reading time\" \/>\n\t<meta name=\"twitter:data1\" content=\"5 minutes\" \/>\n<!-- \/ Yoast SEO plugin. -->","yoast_head_json":{"title":"Poemas de Maria Postu \u00bb Niram Art Magazine","robots":{"index":"index","follow":"follow","max-snippet":"max-snippet:-1","max-image-preview":"max-image-preview:large","max-video-preview":"max-video-preview:-1"},"canonical":"https:\/\/niramart.com\/revista-magazine\/poemas-de-maria-postu\/","og_type":"article","og_title":"Poemas de Maria Postu \u00bb Niram Art Magazine","og_description":"Poemas de Maria Postu Apr 052013 &nbsp;&nbsp; Traducci\u00f3n al [&hellip;]","og_url":"https:\/\/niramart.com\/revista-magazine\/poemas-de-maria-postu\/","og_site_name":"Niram Art Magazine","twitter_card":"summary_large_image","twitter_misc":{"Est. reading time":"5 minutes"}},"_links":{"self":[{"href":"https:\/\/niramart.com\/revista-magazine\/wp-json\/wp\/v2\/pages\/190","targetHints":{"allow":["GET"]}}],"collection":[{"href":"https:\/\/niramart.com\/revista-magazine\/wp-json\/wp\/v2\/pages"}],"about":[{"href":"https:\/\/niramart.com\/revista-magazine\/wp-json\/wp\/v2\/types\/page"}],"replies":[{"embeddable":true,"href":"https:\/\/niramart.com\/revista-magazine\/wp-json\/wp\/v2\/comments?post=190"}],"version-history":[{"count":0,"href":"https:\/\/niramart.com\/revista-magazine\/wp-json\/wp\/v2\/pages\/190\/revisions"}],"wp:attachment":[{"href":"https:\/\/niramart.com\/revista-magazine\/wp-json\/wp\/v2\/media?parent=190"}],"curies":[{"name":"wp","href":"https:\/\/api.w.org\/{rel}","templated":true}]}}