{"id":188,"date":"2024-04-01T07:40:59","date_gmt":"2024-04-01T07:40:59","guid":{"rendered":"https:\/\/niramart.com\/revista-magazine\/peixoto-poeta-de-hector-martinez-sanz\/"},"modified":"2024-04-01T07:40:59","modified_gmt":"2024-04-01T07:40:59","slug":"peixoto-poeta-de-hector-martinez-sanz","status":"publish","type":"page","link":"https:\/\/niramart.com\/revista-magazine\/peixoto-poeta-de-hector-martinez-sanz\/","title":{"rendered":"PEIXOTO, POETA de H\u00c9CTOR MART\u00cdNEZ SANZ"},"content":{"rendered":"<div id=\"main-col\">\n<div id=\"content\">\n<article class=\"post-140 post type-post status-publish format-standard hentry category-c39-articulos-espanol category-literatura category-c53-no-5-6-2010 category-18-id category-120-id category-25-id full-content meta-position-left-pullout fix\" id=\"post-140\">\n<header class=\"post-header title-container fix\">\n<div class=\"title\">\n<h1 class=\"posttitle\"><a href=\"https:\/\/niramart.com\/revista-magazine\/peixoto-poeta-de-hector-martinez-sanz\/\" class=\"entry-title\" rel=\"bookmark\" title=\"PEIXOTO, POETA de H\u00c9CTOR MART\u00cdNEZ SANZ\">PEIXOTO, POETA de H\u00c9CTOR MART\u00cdNEZ SANZ<\/a><\/h1>\n<\/div>\n<div class=\"date\"><span class=\"month\">Aug<\/span> <span class=\"day\">22<\/span><span class=\"year\">2010<\/span><\/div>\n<\/header>\n<p> <span class=\"post-format-icon\">&nbsp;<\/span><span class=\"updated\" title=\"2010-08-22T13:11:17+00:00\">&nbsp;<\/span><\/p>\n<div class=\"entry-container fix\">\n<div class=\"entry fix\">\n<p class=\"bch4dcbow065stdpy\"><img loading=\"lazy\" decoding=\"async\" class=\"alignleft\" alt=\"\" src=\"https:\/\/niramart.com\/revista-magazine\/files\/2010\/08\/jose-luis-peixoto-web-w-212-h-300.jpg\" width=\"212\" height=\"300\"\/>Para finales del mes de julio, la Revista de Arte y Ensayo Madrid en Marco conjuntamente con Espacio Niram organizamos un encuentro literario sobre Jos\u00e9 Lu\u00eds Peixoto, reconocido escritor portugu\u00e9s. Sobre todo quer\u00edamos subrayar el costado po\u00e9tico de su obra para Espa\u00f1a, menos conocido que su faceta narrativa. Para ello, entre los invitados contamos con dos poetas, Ovia Herbert y Andrei Donarond, quienes, junto a m\u00ed, en calidad de director de la Revista organizadora y cr\u00edtico, quisimos dar una visi\u00f3n del Peixoto poeta, esto es, el Peixoto que Espa\u00f1a no debe perderse, siendo la lengua portuguesa tan pr\u00f3xima al hispanohablante que, en muchos casos, ni siquiera necesita de traducci\u00f3n.<\/p>\n<p class=\"MsoNormal\"><span style=\"font-size: 12pt; line-height: 115%; font-family: 'Times New Roman','serif';\">Bajo esta idea principal, abrimos el evento con una breve proyecci\u00f3n de im\u00e1genes y videos sobre Jos\u00e9 Lu\u00eds Peixoto, en la que introdujimos desde el inicio la voz del mismo Peixoto recitando sus versos. \u201cSiempre es un placer poder escuchar a los poetas darles voz a sus creaciones\u201d, me apunt\u00f3 Ovia Herbert. Y as\u00ed, bajo el silencio del p\u00fablico de la sala al comienzo de la proyecci\u00f3n, llegaron a los o\u00eddos de todos, con la voz del poeta y en espa\u00f1ol, las palabras de uno de los poemas m\u00e1s afamados de Peixoto: \u201cA la hora de poner la mesa\u2026\u201d, del que Donarond destac\u00f3 \u201cla sencillez expresiva con que pone de manifiesto la sensibilidad familiar, rehuyendo las sensibler\u00edas\u201d. A\u00fan aguardaba una sorpresa mayor al p\u00fablico que, en parte madrile\u00f1o, con gran atenci\u00f3n escuch\u00f3 al poeta recitar en portugu\u00e9s aqul \u201cMadrid regressar\u00e1 sempre\u2026 Eu e Madrid Madrid n\u00e3o nos conhecemos bem. Sabemos o essencial e inventamos tudo o resto. Tanto a minha vida, como a vida de Madrid, j\u00e1 tiveram muitas formas\u201d. Era necesario que este poema surgiera en la velada cuando era en Madrid el homenaje al poeta. Era necesario tambi\u00e9n porque, como aut\u00e9ntico madrile\u00f1o y organizador, trato de no pasar por alto a mi ciudad como tema art\u00edstico o literario cuando lo encuentro. Y en el momento coment\u00e9 algo conocido por todos y es la idea de que en la identificaci\u00f3n que el poeta realiza con Madrid est\u00e1 el reflejo de una verdad insondable de la ciudad: nadie se siente extra\u00f1o aqu\u00ed, sino extra\u00f1ado por no serlo. Y as\u00ed, de la proyecci\u00f3n s\u00f3lo quedaba un elemento m\u00e1s que diera ya pie a los comentarios de los invitados, como era escuchar a Peixoto recitar el santo y se\u00f1a de su arte po\u00e9tica: \u201cla letra p no es la primera letra de la palabra poema, poema no se lee poema, se lee pan o flor, se lee hierba\u201d.<\/span><\/p>\n<p class=\"MsoNormal\">\n<p class=\"MsoNormal\"><span style=\"font-size: 12pt; line-height: 115%; font-family: 'Times New Roman','serif';\">Hubo unanimidad en cuanto al estilo sencillo e \u00edntimo de los versos libres, y la evidente musicalidad del portugu\u00e9s, punto esencial a la hora de escuchar los poemas recitados por Peixoto en la lengua de origen. Se destac\u00f3 el fondo familiar que escuchamos tanto en \u201cA la hora de poner la mesa\u2026\u201d como en otro que recit\u00e9 yo para acentuar m\u00e1s esta tem\u00e1tica, \u201cPalabras para mi madre\u201d, en el que, seg\u00fan Donarond, \u201cse conten\u00eda el hecho cotidiano de amar sin tener que escribir o decirlo, sobre todo respecto de los padres o hermanos, reservando las palabras para aqu\u00e9llos a los que amamos despu\u00e9s en el mundo\u201d. Aprovechando que sal\u00eda a relucir el tema del amor, junto a la muerte, temas que son piedra angular en la poes\u00eda de Peixoto, se recit\u00f3 otro poema de gran val\u00eda, titulado \u201cEste libro\u201d, en el que tanto Ovia Herbert como yo subrayamos la facilidad con que el poeta lograba la metamorfosis de ser libro y p\u00e1gina, y llevar a la amada a besar el papel para culminar el encuentro amoroso. \u00bfEs el poeta el verso, la p\u00e1gina, el libro, o est\u00e1 justo detr\u00e1s y besa a trav\u00e9s de ellos? Nos planteamos la pregunta sin hallar respuesta, para terminar, con sentido del humor, en los versos del propio poema: \u201cno me preguntes nada. Yo no s\u00e9 responder a todas las preguntas del mundo\u201d, se\u00f1al\u00f3 Donarond, intervenci\u00f3n que abri\u00f3 la puerta de la reflexi\u00f3n po\u00e9tica en que hube de sumergirme durante unos minutos. El arte po\u00e9tica mencionado me empuj\u00f3 hacia uno de mis temas favoritos, metaling\u00fc\u00edstico, nietzscheano, y que tambi\u00e9n estaba presente en los poemas de Peixoto: la lucha y superaci\u00f3n de la palabra, la vuelta al mundo de la experiencia con la palabra como met\u00e1fora de la vivencia, frente a la retirada hacia el mundo conceptual de la palabra, hacia el sistematismo que todo lo ordena y etiqueta, como bien le\u00edmos a prop\u00f3sito de ello en el poema \u201cTodo ser\u00e1 ordenado\u201d. Al fin y al cabo, sosten\u00eda Nietzsche, las palabras son una serie de sonidos m\u00e1s o menos arbitrarios que usamos para sustituir una realidad; al fin y al cabo, dice Peixoto: \u201cel poema no tiene m\u00e1s que la sonoridad de su sentido\u201d.<\/span><\/p>\n<p class=\"MsoNormal\">\n<p class=\"MsoNormal\"><span style=\"font-size: 12pt; line-height: 115%; font-family: 'Times New Roman','serif';\">Al finalizar el evento, Herbert, Donarond y yo vimos rostros satisfechos que declaraban el \u00e9xito de aquella tertulia: el p\u00fablico marchaba, efectivamente, con Peixoto en su interior, con sus versos en los labios, y con el sonido, ese fundamental sonido del poema, recorriendo el camino que va desde los o\u00eddos, bien a la cabeza, o bien al coraz\u00f3n. Yo me qued\u00e9 con mi peque\u00f1o discurso filos\u00f3fico y la extraordinaria sensaci\u00f3n de haber acercado con Peixoto un poco m\u00e1s Portugal hacia Espa\u00f1a, y m\u00e1s concretamente hacia Madrid.<\/span><\/p>\n<p class=\"MsoNormal\">\n<p class=\"bch4dcbow065stdpy\">&nbsp;<\/p>\n<\/div>\n<div class=\"meta-pullout meta-left-pullout\">\n<ul>\n<li class=\"fix\"><span class=\"category\"><span class=\"icon\">&nbsp;<\/span> <a href=\"https:\/\/niramart.com\/revista-magazine\/category\/s5-articulos\/c39-articulos-espanol\/\" rel=\"category tag\">Articulos espa\u00f1ol<\/a>, <a href=\"https:\/\/niramart.com\/revista-magazine\/category\/literatura\/\" rel=\"category tag\">Literatura<\/a>, <a href=\"https:\/\/niramart.com\/revista-magazine\/category\/s5-articulos\/c53-no-5-6-2010\/\" rel=\"category tag\">N\u00ba 5 &#8211; 6, 2010<\/a><\/span><\/li>\n<\/ul>\n<\/div>\n<\/div>\n<footer class=\"post-footer postdata fix\"><\/footer>\n<section id=\"comments\"><\/section>\n<\/article>\n<nav class=\"post-nav fix\">\n<table>\n<tr>\n<td class=\"previous\"><a href=\"https:\/\/niramart.com\/revista-magazine\/entrevista-con-florin-rogneanu-director-del-museo-de-arte-de-craiova\/\" rel=\"prev\"><span class=\"icon\">&nbsp;<\/span> ENTREVISTA CON FLORIN ROGNEANU, DIRECTOR DEL MUSEO DE ARTE DE CRAIOVA<\/a><\/td>\n<td class=\"next\"><a href=\"https:\/\/niramart.com\/revista-magazine\/the-book-of-whispers-by-varujan-vosganian\/\" rel=\"next\"><span class=\"icon\">&nbsp;<\/span> THE BOOK OF WHISPERS by Varujan Vosganian<\/a><\/td>\n<\/tr>\n<\/table>\n<\/nav>\n<\/div>\n<\/div>\n","protected":false,"raw":""},"excerpt":{"rendered":"<p>PEIXOTO, POETA de H\u00c9CTOR MART\u00cdNEZ SANZ Aug 222010 &nbsp;&nbsp; [&hellip;]<\/p>\n","protected":false},"author":0,"featured_media":0,"parent":0,"menu_order":0,"comment_status":"closed","ping_status":"closed","template":"","meta":{"footnotes":""},"class_list":["post-188","page","type-page","status-publish","hentry"],"yoast_head":"<!-- This site is optimized with the Yoast SEO plugin v27.4 - https:\/\/yoast.com\/product\/yoast-seo-wordpress\/ -->\n<title>PEIXOTO, POETA de H\u00c9CTOR MART\u00cdNEZ SANZ \u00bb Niram Art Magazine<\/title>\n<meta name=\"robots\" content=\"index, follow, max-snippet:-1, max-image-preview:large, max-video-preview:-1\" \/>\n<link rel=\"canonical\" href=\"https:\/\/niramart.com\/revista-magazine\/peixoto-poeta-de-hector-martinez-sanz\/\" \/>\n<meta property=\"og:type\" content=\"article\" \/>\n<meta property=\"og:title\" content=\"PEIXOTO, POETA de H\u00c9CTOR MART\u00cdNEZ SANZ \u00bb Niram Art Magazine\" \/>\n<meta property=\"og:description\" content=\"PEIXOTO, POETA de H\u00c9CTOR MART\u00cdNEZ SANZ Aug 222010 &nbsp;&nbsp; [&hellip;]\" \/>\n<meta property=\"og:url\" content=\"https:\/\/niramart.com\/revista-magazine\/peixoto-poeta-de-hector-martinez-sanz\/\" \/>\n<meta property=\"og:site_name\" content=\"Niram Art Magazine\" \/>\n<meta name=\"twitter:card\" content=\"summary_large_image\" \/>\n<meta name=\"twitter:label1\" content=\"Est. reading time\" \/>\n\t<meta name=\"twitter:data1\" content=\"5 minutes\" \/>\n<!-- \/ Yoast SEO plugin. -->","yoast_head_json":{"title":"PEIXOTO, POETA de H\u00c9CTOR MART\u00cdNEZ SANZ \u00bb Niram Art Magazine","robots":{"index":"index","follow":"follow","max-snippet":"max-snippet:-1","max-image-preview":"max-image-preview:large","max-video-preview":"max-video-preview:-1"},"canonical":"https:\/\/niramart.com\/revista-magazine\/peixoto-poeta-de-hector-martinez-sanz\/","og_type":"article","og_title":"PEIXOTO, POETA de H\u00c9CTOR MART\u00cdNEZ SANZ \u00bb Niram Art Magazine","og_description":"PEIXOTO, POETA de H\u00c9CTOR MART\u00cdNEZ SANZ Aug 222010 &nbsp;&nbsp; [&hellip;]","og_url":"https:\/\/niramart.com\/revista-magazine\/peixoto-poeta-de-hector-martinez-sanz\/","og_site_name":"Niram Art Magazine","twitter_card":"summary_large_image","twitter_misc":{"Est. reading time":"5 minutes"}},"_links":{"self":[{"href":"https:\/\/niramart.com\/revista-magazine\/wp-json\/wp\/v2\/pages\/188","targetHints":{"allow":["GET"]}}],"collection":[{"href":"https:\/\/niramart.com\/revista-magazine\/wp-json\/wp\/v2\/pages"}],"about":[{"href":"https:\/\/niramart.com\/revista-magazine\/wp-json\/wp\/v2\/types\/page"}],"replies":[{"embeddable":true,"href":"https:\/\/niramart.com\/revista-magazine\/wp-json\/wp\/v2\/comments?post=188"}],"version-history":[{"count":0,"href":"https:\/\/niramart.com\/revista-magazine\/wp-json\/wp\/v2\/pages\/188\/revisions"}],"wp:attachment":[{"href":"https:\/\/niramart.com\/revista-magazine\/wp-json\/wp\/v2\/media?parent=188"}],"curies":[{"name":"wp","href":"https:\/\/api.w.org\/{rel}","templated":true}]}}