{"id":178,"date":"2024-04-01T07:40:57","date_gmt":"2024-04-01T07:40:57","guid":{"rendered":"https:\/\/niramart.com\/revista-magazine\/miedho-book-review-by-pedro-ortega\/"},"modified":"2024-04-01T07:40:57","modified_gmt":"2024-04-01T07:40:57","slug":"miedho-book-review-by-pedro-ortega","status":"publish","type":"page","link":"https:\/\/niramart.com\/revista-magazine\/miedho-a-book-review-by-pedro-ortega\/","title":{"rendered":"MIEDHO,  Book Review by Pedro Ortega"},"content":{"rendered":"<div id=\"main-col\">\n<div id=\"content\">\n<article class=\"post-920 post type-post status-publish format-standard hentry category-bellas-artes category-c40-english category-no-1-2-2013 tag-miedho tag-pedro-ortega category-119-id category-17-id category-148-id full-content meta-position-left-pullout fix\" id=\"post-920\">\n<header class=\"post-header title-container fix\">\n<div class=\"title\">\n<h1 class=\"posttitle\"><a href=\"https:\/\/niramart.com\/revista-magazine\/miedho-a-book-review-by-pedro-ortega\/\" class=\"entry-title\" rel=\"bookmark\" title=\"MIEDHO,  Book Review by Pedro Ortega\">MIEDHO,  Book Review by Pedro Ortega<\/a><\/h1>\n<\/div>\n<div class=\"date\"><span class=\"month\">Apr<\/span> <span class=\"day\">10<\/span><span class=\"year\">2013<\/span><\/div>\n<\/header>\n<p> <span class=\"post-format-icon\">&nbsp;<\/span><span class=\"updated\" title=\"2013-04-10T18:46:46+00:00\">&nbsp;<\/span><\/p>\n<div class=\"entry-container fix\">\n<div class=\"entry fix\">\n<blockquote>\n<p class=\"bch4dcbow065stdpy\"><img loading=\"lazy\" decoding=\"async\" class=\"alignleft\" alt=\"Pedro Ortega\" src=\"https:\/\/niramart.com\/revista-magazine\/files\/2013\/04\/pedro-ortega-w-200.jpg\" width=\"77\" height=\"114\"\/><\/p>\n<p class=\"bch4dcbow065stdpy\"><b><i>Pedro Ortega<\/i><\/b><i> is an Art Historian, with a degree in Advanced Studies on Art History, UAM Madrid. Currently writing Ph.D Thesis. Curator. Editor. Director of Herej\u00eda y Belleza magazine. Subdirector of <\/i><a href=\"http:\/\/www.mentenebre.com\/\"><i>Mentenebre<\/i><\/a><i> magazine.<\/i><\/p>\n<\/blockquote>\n<p class=\"bch4dcbow065stdpy\">&nbsp;<\/p>\n<p class=\"bch4dcbow065stdpy\">By curious circumstances, a friend put me in touch with the intriguing protagonist of this story, who goes by the acronym <a href=\"https:\/\/niramart.com\/revista-magazine\"><strong>MIEDHO<\/strong><\/a>. After exchanging several polite messages, came the opportunity of writing a review of this monographic book of philosophical and artistic essays on his work.  Curious to find out more about his work, I searched over the internet but only a few of his works are available online.  As I was reading the book, I grew more and more curious and I must confess that now I feel the need to meet MIEDHO in person and have him show me some of his works, so I can see them for real and not on the web.<\/p>\n<p class=\"bch4dcbow065stdpy\">&nbsp;<\/p>\n<p class=\"bch4dcbow065stdpy\">The book we are dealing with is a collection of essays on the artist, namely, on his point of view on society, the philosophy he abides by, some observations about his exhibitions, an interview and an artistic essay as final colophon. The persons behind the texts are <strong>H\u00e9ctor Mart\u00ednez Sanz, Diego Vadillo L\u00f3pez, Bodgan Ater<\/strong> and <strong>MIEDHO<\/strong> himself.<\/p>\n<p class=\"bch4dcbow065stdpy\">&nbsp;<\/p>\n<div style=\"width: 330px\" class=\"wp-caption aligncenter\"><img loading=\"lazy\" decoding=\"async\" alt=\"MIEDHO\" src=\"https:\/\/niramart.com\/revista-magazine\/files\/_xajjlliw_t4\/s-x9pnssmpi\/aaaaaaaaafo\/c3by5gvhru8\/s320\/tierra-2.jpg\" width=\"320\" height=\"240\"\/><\/p>\n<p class=\"wp-caption-text\">MIEDHO<\/p>\n<\/div>\n<p class=\"bch4dcbow065stdpy\">Undoubtedly, the storyline of this work is a profound and tough social criticism, a rebellion against the brutal alienation of the individuals who are born, grow up and die submitted to a continuous brainwash by means of the image and the messages that are constantly bombing us every single day, telling us what we should do or not do, what we should buy or not buy, turning us into little consumers from an early age. While I was reading the book, a terrible anecdote came to mind: a class of pre-school pupils was taken one day, as an extracurricular activity, to visit the premises of a known shopping center. It\u2019s tragic. Therefore, I can state that I completely agree with the general idea transmitted throughout the book.<\/p>\n<p class=\"bch4dcbow065stdpy\">&nbsp;<\/p>\n<p class=\"bch4dcbow065stdpy\">A different issue is the wonderful criticism of the authors on MIEDHO\u2019s work, which, as I\u2019ve already said, has aroused my curiosity. The exhibition \u201cEidolon\u201d, a Greek word meaning image, phantasm, apparition, highlights one of the concepts that MIEDHO wants to convey, the alienation we suffer by means of the image. Another exhibition is based on the four elements, translated by MIEDHO into colours. To a certain degree, MIEDHO looks back at the pagan past of ancient Greece in a quest for a new Renaissance, by trying to recover the wise values of the ancients that we have long lost.<\/p>\n<p class=\"bch4dcbow065stdpy\">&nbsp;<\/p>\n<p class=\"bch4dcbow065stdpy\">Unquestionably, as an Art Historian, the essay that I mostly liked is the one written by <strong>Bogdan Ater<\/strong>, because he is the first to link MIEDHO\u2019s artistic works with several contemporary art references.  I find the comparison he makes between MIEDHO\u2019s work and <strong>Zdzislaw Beksinsk<\/strong>i\u2019s highly interesting, given the personal admiration that I feel towards the work of this Polish artist.<\/p>\n<p class=\"bch4dcbow065stdpy\">&nbsp;<\/p>\n<div style=\"width: 888px\" class=\"wp-caption aligncenter\"><img loading=\"lazy\" decoding=\"async\" class=\"\" title=\"MIEDHO, Niram Art Editorial\" alt=\"MIEDHO, Niram Art Editorial\" src=\"https:\/\/niramart.com\/revista-magazine\/files\/niramarteditorial-sub\/wp-content\/uploads\/2013\/03\/portada-miedho.jpg\" width=\"878\" height=\"411\"\/><\/p>\n<p class=\"wp-caption-text\">MIEDHO, Niram Art Editorial<\/p>\n<\/div>\n<p class=\"bch4dcbow065stdpy\">This is where I\u2019d like to emphasize some issues I consider important and which have been overlooked or omitted. I\u2019m talking about enclosing MIEDHO\u2019s art within the Gothic Movement. I\u2019m completely sure that if anyone who presents himself as an artist puts forward the Gothic label, he will undoubtedly be bashed at first glance because of the evilness that society has bestowed upon us.  Nonetheless, the ideology, MIEDHO\u2019s work, &#8211; at least as far as I\u2019ve come to know it \u2013 his dress code and the music he listens to \u2013 among others, Marilyn Manson and Rammstein \u2013 collides with my conception of what characterizes the Gothic Movement. As my readers well know, one of my latest initiatives is to highlight the value of the Gothic within academic circles, starting with the Congress of Gothic Art, Literature and Urban Culture \u2013 whose second edition will be held between 23<sup>rd <\/sup>\u2013 25<sup>th<\/sup> of May at the Cultural Center <i>La Corrala<\/i> in Madrid- and the magazine <i>Heresy and Beauty,<\/i> which gathers the conferences of the above mentioned congress as well as other academic articles. Therefore, I believe that to consider oneself within a movement characterized precisely by this kind of social criticism and the contra cultural values that are expressed in the book is something one should feel proud of, and not conceal. At least, this is how I feel.<\/p>\n<p class=\"bch4dcbow065stdpy\">&nbsp;<\/p>\n<p class=\"bch4dcbow065stdpy\">Another issue that I\u2019d like to emphasize is that MIEDHO\u2019s work should not be analyzed in an isolated fashion; it should be enclosed within an entire series of creators who have followed the same ideological patterns as MIEDHO. I recall many artists who, although formally, technically and iconographical different, are in the same line with MIEDHO\u2019s fine work, such as Ra\u00fal Moreira, Mar\u00eda Men\u00e9ndez, Alonso Urbanos, Rage Against World, Mara Hern\u00e1ndez\u2026Many of them participated in the Exhibition Pre-Raphaelite Dream (the online catalogue can be found on <a href=\"http:\/\/www.mentenebre.com\/\">Mentenebre<\/a> website)<\/p>\n<p class=\"bch4dcbow065stdpy\">&nbsp;<\/p>\n<p class=\"bch4dcbow065stdpy\">After these clarifications, I\u2019d like to recommend this book because you\u2019ll see that it connects with a feeling, which I feel as general, of all of us who read and make <a href=\"http:\/\/www.mentenebre.com\/\">Mentenebre<\/a> magazine. It outlines an ideological component that I believe all of us share.<\/p>\n<p class=\"bch4dcbow065stdpy\">&nbsp;<\/p>\n<p class=\"bch4dcbow065stdpy\">Now, all I can do is waiting for an opportunity that will allow me to see MIEDHO\u2019s work in reality, since this book has revealed to me the numerous points of view that we seem to have in common.<\/p>\n<blockquote>\n<p class=\"bch4dcbow065stdpy\">First published in Spanish,<a href=\"http:\/\/www.mentenebre.com\/articulos.php?op=verarticle&amp;artid=2428\"> Mentenebre Magazine<\/a><\/p>\n<\/blockquote>\n<p class=\"bch4dcbow065stdpy\">&nbsp;<\/p>\n<\/div>\n<div class=\"meta-pullout meta-left-pullout\">\n<ul>\n<li class=\"fix\"><span class=\"category\"><span class=\"icon\">&nbsp;<\/span> <a href=\"https:\/\/niramart.com\/revista-magazine\/category\/bellas-artes\/\" rel=\"category tag\">Bellas Artes<\/a>, <a href=\"https:\/\/niramart.com\/revista-magazine\/category\/s5-articulos\/c40-english\/\" rel=\"category tag\">English articles<\/a>, <a href=\"https:\/\/niramart.com\/revista-magazine\/category\/s5-articulos\/no-1-2-2013\/\" rel=\"category tag\">N\u00ba 1-2, 2013<\/a><\/span><\/li>\n<li class=\"fix\"><span class=\"tags tax\"><span class=\"icon\">&nbsp;<\/span>Tagged with: <a href=\"https:\/\/niramart.com\/revista-magazine\/tag\/miedho\/\" rel=\"tag\">MIEDHO<\/a>, <a href=\"https:\/\/niramart.com\/revista-magazine\/tag\/pedro-ortega\/\" rel=\"tag\">Pedro Ortega<\/a><\/span><\/li>\n<\/ul>\n<\/div>\n<\/div>\n<footer class=\"post-footer postdata fix\"><\/footer>\n<section id=\"comments\"><\/section>\n<\/article>\n<nav class=\"post-nav fix\">\n<table>\n<tr>\n<td class=\"previous\"><a href=\"https:\/\/niramart.com\/revista-magazine\/baruch-elron-artist-of-dream-and-love\/\" rel=\"prev\"><span class=\"icon\">&nbsp;<\/span> Baruch Elron \u2013 Artist of Dream and Love<\/a><\/td>\n<td class=\"next\"><a href=\"https:\/\/niramart.com\/revista-magazine\/first-official-activity-of-the-jewish-association-of-fine-artists-of-spain\/\" rel=\"next\"><span class=\"icon\">&nbsp;<\/span> First Official Activity of the Jewish Association of Fine Artists of Spain<\/a><\/td>\n<\/tr>\n<\/table>\n<\/nav>\n<\/div>\n<\/div>\n","protected":false,"raw":""},"excerpt":{"rendered":"<p>MIEDHO, Book Review by Pedro Ortega Apr 102013 &nbsp;&nbsp; [&hellip;]<\/p>\n","protected":false},"author":0,"featured_media":0,"parent":0,"menu_order":0,"comment_status":"closed","ping_status":"closed","template":"","meta":{"footnotes":""},"class_list":["post-178","page","type-page","status-publish","hentry"],"yoast_head":"<!-- This site is optimized with the Yoast SEO plugin v27.4 - https:\/\/yoast.com\/product\/yoast-seo-wordpress\/ -->\n<title>MIEDHO, Book Review by Pedro Ortega \u00bb Niram Art Magazine<\/title>\n<meta name=\"robots\" content=\"index, follow, max-snippet:-1, max-image-preview:large, max-video-preview:-1\" \/>\n<link rel=\"canonical\" href=\"https:\/\/niramart.com\/revista-magazine\/miedho-a-book-review-by-pedro-ortega\/\" \/>\n<meta property=\"og:type\" content=\"article\" \/>\n<meta property=\"og:title\" content=\"MIEDHO, Book Review by Pedro Ortega \u00bb Niram Art Magazine\" \/>\n<meta property=\"og:description\" content=\"MIEDHO, Book Review by Pedro Ortega Apr 102013 &nbsp;&nbsp; [&hellip;]\" \/>\n<meta property=\"og:url\" content=\"https:\/\/niramart.com\/revista-magazine\/miedho-a-book-review-by-pedro-ortega\/\" \/>\n<meta property=\"og:site_name\" content=\"Niram Art Magazine\" \/>\n<meta name=\"twitter:card\" content=\"summary_large_image\" \/>\n<meta name=\"twitter:label1\" content=\"Est. reading time\" \/>\n\t<meta name=\"twitter:data1\" content=\"5 minutes\" \/>\n<!-- \/ Yoast SEO plugin. -->","yoast_head_json":{"title":"MIEDHO, Book Review by Pedro Ortega \u00bb Niram Art Magazine","robots":{"index":"index","follow":"follow","max-snippet":"max-snippet:-1","max-image-preview":"max-image-preview:large","max-video-preview":"max-video-preview:-1"},"canonical":"https:\/\/niramart.com\/revista-magazine\/miedho-a-book-review-by-pedro-ortega\/","og_type":"article","og_title":"MIEDHO, Book Review by Pedro Ortega \u00bb Niram Art Magazine","og_description":"MIEDHO, Book Review by Pedro Ortega Apr 102013 &nbsp;&nbsp; [&hellip;]","og_url":"https:\/\/niramart.com\/revista-magazine\/miedho-a-book-review-by-pedro-ortega\/","og_site_name":"Niram Art Magazine","twitter_card":"summary_large_image","twitter_misc":{"Est. reading time":"5 minutes"}},"_links":{"self":[{"href":"https:\/\/niramart.com\/revista-magazine\/wp-json\/wp\/v2\/pages\/178","targetHints":{"allow":["GET"]}}],"collection":[{"href":"https:\/\/niramart.com\/revista-magazine\/wp-json\/wp\/v2\/pages"}],"about":[{"href":"https:\/\/niramart.com\/revista-magazine\/wp-json\/wp\/v2\/types\/page"}],"replies":[{"embeddable":true,"href":"https:\/\/niramart.com\/revista-magazine\/wp-json\/wp\/v2\/comments?post=178"}],"version-history":[{"count":0,"href":"https:\/\/niramart.com\/revista-magazine\/wp-json\/wp\/v2\/pages\/178\/revisions"}],"wp:attachment":[{"href":"https:\/\/niramart.com\/revista-magazine\/wp-json\/wp\/v2\/media?parent=178"}],"curies":[{"name":"wp","href":"https:\/\/api.w.org\/{rel}","templated":true}]}}