{"id":173,"date":"2024-04-01T07:40:56","date_gmt":"2024-04-01T07:40:56","guid":{"rendered":"https:\/\/niramart.com\/revista-magazine\/lirismos-de-lo-desapacible-josele-santiago\/"},"modified":"2024-04-01T07:40:56","modified_gmt":"2024-04-01T07:40:56","slug":"lirismos-de-lo-desapacible-josele-santiago","status":"publish","type":"page","link":"https:\/\/niramart.com\/revista-magazine\/lirismos-de-lo-desapacible-josele-santiago\/","title":{"rendered":"Lirismos de lo desapacible: Josele Santiago"},"content":{"rendered":"<div id=\"main-col\">\n<div id=\"content\">\n<article class=\"post-209 post type-post status-publish format-standard hentry category-c39-articulos-espanol category-literatura category-c55-no-5-6-2011 category-18-id category-120-id category-27-id full-content meta-position-left-pullout fix\" id=\"post-209\">\n<header class=\"post-header title-container fix\">\n<div class=\"title\">\n<h1 class=\"posttitle\"><a href=\"https:\/\/niramart.com\/revista-magazine\/lirismos-de-lo-desapacible-josele-santiago\/\" class=\"entry-title\" rel=\"bookmark\" title=\"Lirismos de lo desapacible: Josele Santiago\">Lirismos de lo desapacible: Josele Santiago<\/a><\/h1>\n<\/div>\n<div class=\"date\"><span class=\"month\">Sep<\/span> <span class=\"day\">08<\/span><span class=\"year\">2011<\/span><\/div>\n<\/header>\n<p> <span class=\"post-format-icon\">&nbsp;<\/span><span class=\"updated\" title=\"2011-09-08T12:47:44+00:00\">&nbsp;<\/span><\/p>\n<div class=\"entry-container fix\">\n<div class=\"entry fix\">\n<p class=\"bch4dcbow065stdpy\">&nbsp;<\/p>\n<div>\n<div>\n<p class=\"bch4dcbow065stdpy\"><strong>Por Diego Vadillo L\u00f3pez<\/strong><\/p>\n<p class=\"bch4dcbow065stdpy\">Los Enemigos han quedado como grupo de culto. Su alma: Josele Santiago, quien con sus letras otorg\u00f3 una impronta sui generis a la formaci\u00f3n, contin\u00faa su trayecto en solitario, como ese cowboy de lo tremendo-desapasionado que es.<\/p>\n<p class=\"bch4dcbow065stdpy\">Sigue portando Josele el aire de rock malasa\u00f1ero que caracterizara a la insigne banda, no en vano Los Enemigos era un grupo que exhalaba un madrile\u00f1ismo, impl\u00edcito y nada dogm\u00e1tico, que era el del propio Josele. Era la suya una chuler\u00eda idiosincr\u00e1sica y nada prepotente. Un estilo, en definitiva, aquel que exhibieran, tributario de las melod\u00edas pendencieras de Burning y del rock de ladrillo visto edificado por Rosendo, ya desde Le\u00f1o.<\/p>\n<p class=\"bch4dcbow065stdpy\">&nbsp;<\/p>\n<\/div>\n<\/div>\n<p class=\"MsoNormal\" style=\"text-align: justify; line-height: 150%;\">Creemos que es un letrista hura\u00f1o (\u00e1spero) Josele, porque sus canciones abordan circunstancias poco edificantes: como el hecho de que en un pueblo colgasen de un \u00e1rbol a un sujeto por miccionar en una paella comunal, tras serle denegada la participaci\u00f3n en la ingesta de la misma (\u201cLa paella\u201d); o la historia de un joven que se ahorca ante la presi\u00f3n que le supon\u00edan los estudios (\u201cSeptiembre\u201d); o las correr\u00edas de un muchacho con tendencias psicop\u00e1ticas (\u201cPaquito\u201d); etc.<\/p>\n<p class=\"MsoNormal\" style=\"text-align: justify; line-height: 150%;\">Una canci\u00f3n con un fondo de gran calado se me antoja \u201cMe sobra carnaval\u201d. En la susodicha trova empieza Josele trasmitiendo ese v\u00e9rtigo del devenir cuando escribe: \u201cAunque los platos pagues\/ ya no hay quien te devuelva\/ lo que un d\u00eda no supiste\/ y ahora sabes\u201d; continuando, aborda aquella circunstancia para la que Braudillard elabor\u00f3 el concepto de \u201csimulacro\u201d con el t\u00e9rmino \u201ccarnaval\u201d. Aclara, adem\u00e1s, que en tal juego se entra pero no se sale. Sin duda alude a ese territorio que, en t\u00e9rminos braudillardianos, preced\u00eda al mapa y que ahora, habiendo mediado giro copernicano, es precedido por un mapa de incierta cartograf\u00eda. \u201cPRECENSI\u00d3N DE LOS SIMULACROS\u201d, lo llamaba Braudillard, y quiere referirse no a la imitaci\u00f3n, ni a la parodia, acaso a \u201cuna suplantaci\u00f3n de lo real por los signos de lo real\u201d (J. Braudillard).<\/p>\n<p class=\"MsoNormal\" style=\"text-align: justify; line-height: 150%;\">La identidad que hemos aventurado entre las tesis de Braudillard y el gui\u00f1o del letrista-cantor, lejos de venirnos dada en desnuda escritura, se acompa\u00f1a de unas im\u00e1genes de gran audacia, en perfecto maridaje con el prurito de trasmitir con eficacia el fondo, eso s\u00ed, para el receptivo-perceptivo. Ya el t\u00edtulo se me antoja genial, por lo que comporta la utilizaci\u00f3n del t\u00e9rmino en el contexto de la canci\u00f3n, como m\u00e1s arriba se dijo. Despu\u00e9s, en la tercera estrofa, escribe: \u201cAmigos como treguas\/ olvida lo que sabes\/ ahora somos animales\u201d. Trata de poner de manifiesto, y a fe que lo consigue, el bueno de Josele, haciendo uso de su particular expresionismo, la animalizaci\u00f3n a que est\u00e1 sometido el hombre, gregario por dem\u00e1s. Hasta tal punto, que compara a las amigas con \u201cyeguas\u201d. Tambi\u00e9n expresa el desenga\u00f1o cuando escribe \u201camistades con fraude,\/ remedios que siempre llegan tarde\u201d.<\/p>\n<p class=\"MsoNormal\" style=\"text-align: justify; line-height: 150%;\">Asimismo, se advierte en la canci\u00f3n el hecho de que de nada sirve el acceso a ciertos estadios de lucidez: \u201cmu\u00e9rdete la lengua\/ y baila infeliz\u201d, un baile el expresado que es el que se ejecuta al son que tocan quienes manejan los resortes de control social.<\/p>\n<p class=\"MsoNormal\" style=\"text-align: justify; line-height: 150%;\">Otra estrofa, brillante por dem\u00e1s y que no merecer\u00eda ser pasada por alto a estas alturas del art\u00edculo es la que sigue: \u201cVoy derecho al desguace,\/ con mi nuevo disfraz,\/ voy vestido de barbaridad\u201d.<\/p>\n<p class=\"MsoNormal\" style=\"text-align: justify; line-height: 150%;\">Si acerc\u00e1bamos \u201cMe sobra carnaval\u201d a Cultura y simulacro, ahora, con en abordaje de \u201cSeptiembre\u201d nos introducimos en zonas trasegadas por E. Durkheim. Como dec\u00edamos, esta canci\u00f3n trata sobre un suceso del que Josele se enter\u00f3 por las noticias, y tanto lo conmovi\u00f3 el hecho, que se vio urgido a confeccionar la copla.<\/p>\n<p class=\"MsoNormal\" style=\"text-align: justify; line-height: 150%;\">Resulta impresionante que la canci\u00f3n comience: \u201cPor qu\u00e9 estoy fr\u00edo si hoy hace calor\u201d. A Josele le gusta en sus letras mostrarse algo cr\u00edptico, como si quisiera hacer un gui\u00f1o a su audiencia para que entrara en el juego de desentra\u00f1ar sus mensajes en clave.<\/p>\n<p class=\"MsoNormal\" style=\"text-align: justify; line-height: 150%;\">Sigue diciendo la letra: \u201cyo iba a ser un gran tipo, todo un ganador\/ ser\u00e1 que no es lo m\u00edo esta competici\u00f3n&#8230;\u201d.<\/p>\n<p class=\"MsoNormal\" style=\"text-align: justify; line-height: 150%;\">M\u00e1s adelante contin\u00faa: \u201cEn septiembre yo no voy a estar,\/ en septiembre no pienso vendimiar\u201d. Usa Josele todo un entramado de alegor\u00edas que, al margen del componente l\u00fadico de tener que aclarar lo urdido de manera compleja, resulta t\u00e9trico al cabo; como cuando se dice: \u201cVoy a estrenar corbata hoy,\/ por fin har\u00e9 algo de verdad,\/ qu\u00e9 feliz soy&#8230;\u201d. Teniendo en cuenta que el joven en el que se inspira la canci\u00f3n se ahorc\u00f3, resulta t\u00e9trica la alusi\u00f3n al estreno de una prenda caracter\u00edstica del vestuario masculino como es la corbata.<\/p>\n<p class=\"MsoNormal\" style=\"text-align: justify; line-height: 150%;\">\n<p style=\"text-align: center;\">\n<p class=\"MsoNormal\" style=\"text-align: justify; line-height: 150%;\">Otra canci\u00f3n muy estimada por su p\u00fablico es \u201cAn-tonio\u201d, tema de tintes eleg\u00edacos, en la que, tambi\u00e9n de modo cr\u00edptico, se alude a la cesaci\u00f3n de sus actividades musicales por parte de un tal Antonio, aduci\u00e9ndose una irreversible desgana. Las tinturas surreales brotan del hecho de que el tal Antonio quiera montar un bar en el fondo del mar. Y es precisamente cuando, en sugestiva prosopopeya, el cantante se refiere en segunda persona al propio mar inst\u00e1ndolo a la devoluci\u00f3n del protag\u00f3nico supuesto malogrado cuando broten las m\u00e1s sagaces im\u00e1genes: \u201cSopita de sal, ahora picas m\u00e1s,\/ puta del sol.\/ Amante del viento, fosa com\u00fan,\/ vom\u00edtalo\u201d, y sigue: \u201cGuardi\u00e1n de la espuma salpiment\u00e1,\/ \u00bfes que no tienes bastante\/ con su dolor?\/ Chochito del mundo, \u00bfqu\u00e9 m\u00e1s quieres t\u00fa?\/ El d\u00eda que sus cenizas canten\/ no ser\u00e1 por ti,\/ por ti no\u201d.<\/p>\n<p class=\"MsoNormal\" style=\"text-align: justify; line-height: 150%;\">Realmente sugestivas las im\u00e1genes a trav\u00e9s de las que lanza requerimientos al inmenso mar.<\/p>\n<p class=\"MsoNormal\" style=\"text-align: justify; line-height: 150%;\">Porta esta \u00faltima canci\u00f3n rasgos de gran distinci\u00f3n y genialidad. Una cierta magia: esa propia del expresionismo que supedita la enunciaci\u00f3n del sentimiento por encima de lo hiperreal.<\/p>\n<p class=\"MsoNormal\" style=\"text-align: justify; line-height: 150%;\">Josele posee un mundo interior del que sabe extraer, con la cuchara de su agudeza, porciones brillantes, si bien adobadas con ese poso de desapacible desencanto.<\/p>\n<\/div>\n<div class=\"meta-pullout meta-left-pullout\">\n<ul>\n<li class=\"fix\"><span class=\"category\"><span class=\"icon\">&nbsp;<\/span> <a href=\"https:\/\/niramart.com\/revista-magazine\/category\/s5-articulos\/c39-articulos-espanol\/\" rel=\"category tag\">Articulos espa\u00f1ol<\/a>, <a href=\"https:\/\/niramart.com\/revista-magazine\/category\/literatura\/\" rel=\"category tag\">Literatura<\/a>, <a href=\"https:\/\/niramart.com\/revista-magazine\/category\/s5-articulos\/c55-no-5-6-2011\/\" rel=\"category tag\">N\u00ba 5- 6, 2011<\/a><\/span><\/li>\n<\/ul>\n<\/div>\n<\/div>\n<footer class=\"post-footer postdata fix\"><\/footer>\n<section id=\"comments\"><\/section>\n<\/article>\n<nav class=\"post-nav fix\">\n<table>\n<tr>\n<td class=\"previous\"><a href=\"https:\/\/niramart.com\/revista-magazine\/esquemas-del-sentimiento-acercamiento-a-la-poetica-de-eran-eisen\/\" rel=\"prev\"><span class=\"icon\">&nbsp;<\/span> Esquemas del sentimiento. Acercamiento a la po\u00e9tica de Eran Eisen<\/a><\/td>\n<td class=\"next\"><a href=\"https:\/\/niramart.com\/revista-magazine\/diego-vadillo-lopez-en-el-lanzamiento-de-lirismos-de-lo-horizontal\/\" rel=\"next\"><span class=\"icon\">&nbsp;<\/span> Diego Vadillo L\u00f3pez en el lanzamiento de Lirismos de lo horizontal<\/a><\/td>\n<\/tr>\n<\/table>\n<\/nav>\n<\/div>\n<\/div>\n","protected":false,"raw":""},"excerpt":{"rendered":"<p>Lirismos de lo desapacible: Josele Santiago Sep 082011 &nbsp;&nbsp; [&hellip;]<\/p>\n","protected":false},"author":0,"featured_media":0,"parent":0,"menu_order":0,"comment_status":"closed","ping_status":"closed","template":"","meta":{"footnotes":""},"class_list":["post-173","page","type-page","status-publish","hentry"],"yoast_head":"<!-- This site is optimized with the Yoast SEO plugin v27.4 - https:\/\/yoast.com\/product\/yoast-seo-wordpress\/ -->\n<title>Lirismos de lo desapacible: Josele Santiago \u00bb Niram Art Magazine<\/title>\n<meta name=\"robots\" content=\"index, follow, max-snippet:-1, max-image-preview:large, max-video-preview:-1\" \/>\n<link rel=\"canonical\" href=\"https:\/\/niramart.com\/revista-magazine\/lirismos-de-lo-desapacible-josele-santiago\/\" \/>\n<meta property=\"og:type\" content=\"article\" \/>\n<meta property=\"og:title\" content=\"Lirismos de lo desapacible: Josele Santiago \u00bb Niram Art Magazine\" \/>\n<meta property=\"og:description\" content=\"Lirismos de lo desapacible: Josele Santiago Sep 082011 &nbsp;&nbsp; [&hellip;]\" \/>\n<meta property=\"og:url\" content=\"https:\/\/niramart.com\/revista-magazine\/lirismos-de-lo-desapacible-josele-santiago\/\" \/>\n<meta property=\"og:site_name\" content=\"Niram Art Magazine\" \/>\n<meta name=\"twitter:card\" content=\"summary_large_image\" \/>\n<meta name=\"twitter:label1\" content=\"Est. reading time\" \/>\n\t<meta name=\"twitter:data1\" content=\"6 minutes\" \/>\n<!-- \/ Yoast SEO plugin. -->","yoast_head_json":{"title":"Lirismos de lo desapacible: Josele Santiago \u00bb Niram Art Magazine","robots":{"index":"index","follow":"follow","max-snippet":"max-snippet:-1","max-image-preview":"max-image-preview:large","max-video-preview":"max-video-preview:-1"},"canonical":"https:\/\/niramart.com\/revista-magazine\/lirismos-de-lo-desapacible-josele-santiago\/","og_type":"article","og_title":"Lirismos de lo desapacible: Josele Santiago \u00bb Niram Art Magazine","og_description":"Lirismos de lo desapacible: Josele Santiago Sep 082011 &nbsp;&nbsp; [&hellip;]","og_url":"https:\/\/niramart.com\/revista-magazine\/lirismos-de-lo-desapacible-josele-santiago\/","og_site_name":"Niram Art Magazine","twitter_card":"summary_large_image","twitter_misc":{"Est. reading time":"6 minutes"}},"_links":{"self":[{"href":"https:\/\/niramart.com\/revista-magazine\/wp-json\/wp\/v2\/pages\/173","targetHints":{"allow":["GET"]}}],"collection":[{"href":"https:\/\/niramart.com\/revista-magazine\/wp-json\/wp\/v2\/pages"}],"about":[{"href":"https:\/\/niramart.com\/revista-magazine\/wp-json\/wp\/v2\/types\/page"}],"replies":[{"embeddable":true,"href":"https:\/\/niramart.com\/revista-magazine\/wp-json\/wp\/v2\/comments?post=173"}],"version-history":[{"count":0,"href":"https:\/\/niramart.com\/revista-magazine\/wp-json\/wp\/v2\/pages\/173\/revisions"}],"wp:attachment":[{"href":"https:\/\/niramart.com\/revista-magazine\/wp-json\/wp\/v2\/media?parent=173"}],"curies":[{"name":"wp","href":"https:\/\/api.w.org\/{rel}","templated":true}]}}