{"id":155,"date":"2024-04-01T07:40:54","date_gmt":"2024-04-01T07:40:54","guid":{"rendered":"https:\/\/niramart.com\/revista-magazine\/la-critica-como-arte-por-ruth-blidhav-2\/"},"modified":"2024-04-01T07:40:54","modified_gmt":"2024-04-01T07:40:54","slug":"la-critica-como-arte-por-ruth-blidhav-2","status":"publish","type":"page","link":"https:\/\/niramart.com\/revista-magazine\/la-critica-como-arte\/","title":{"rendered":"La cr\u00edtica como arte por Ruth Blidhav"},"content":{"rendered":"<div id=\"main-col\">\n<div id=\"content\">\n<article class=\"post-1031 post type-post status-publish format-standard hentry category-c39-articulos-espanol category-no-1-2-2013 tag-baruch-elron tag-bogdan-ater tag-fabianni-belemuski category-18-id category-148-id full-content meta-position-left-pullout fix\" id=\"post-1031\">\n<header class=\"post-header title-container fix\">\n<div class=\"title\">\n<h1 class=\"posttitle\"><a href=\"https:\/\/niramart.com\/revista-magazine\/la-critica-como-arte\/\" class=\"entry-title\" rel=\"bookmark\" title=\"La cr\u00edtica como arte por Ruth Blidhav\">La cr\u00edtica como arte por Ruth Blidhav<\/a><\/h1>\n<\/div>\n<div class=\"date\"><span class=\"month\">Jul<\/span> <span class=\"day\">18<\/span><span class=\"year\">2013<\/span><\/div>\n<\/header>\n<p> <span class=\"post-format-icon\">&nbsp;<\/span><span class=\"updated\" title=\"2013-07-18T09:10:44+00:00\">&nbsp;<\/span><\/p>\n<div class=\"entry-container fix\">\n<div class=\"entry fix\">\n<div style=\"width: 130px\" class=\"wp-caption alignleft\"><img loading=\"lazy\" decoding=\"async\" src=\"https:\/\/niramart.com\/revista-magazine\/files\/2013\/07\/ruth-blidhav.jpg\" alt=\"Ruth Blidhav\" width=\"120\" height=\"167\"\/><\/p>\n<p class=\"wp-caption-text\">Ruth Blidhav<\/p>\n<\/div>\n<h3>El mi\u00e9rcoles 10 de julio del 2013 tuvo lugar en la <b>Universidad de \u00c1vila<\/b> el coloquio <b><i>La cr\u00edtica como arte<\/i><\/b>, una exposici\u00f3n-di\u00e1logo en torno a la cr\u00edtica como instrumento de creaci\u00f3n art\u00edstica.<\/h3>\n<p class=\"bch4dcbow065stdpy\">El evento cont\u00f3 con la presencia de <b>Bogdan Ater<\/b>, artista pl\u00e1stico y coautor del libro <strong>MIEDHO<\/strong> y de <b>Fabianni Belemuski<\/b>, periodista y escritor, redactor de la revista Niram Art e implic\u00f3 activamente a los participantes, estudiantes de la Facultad de Ciencias y Artes, quienes dirigieron sus preguntas y dudas a los ponentes.<\/p>\n<div style=\"width: 610px\" class=\"wp-caption aligncenter\"><img loading=\"lazy\" decoding=\"async\" src=\"https:\/\/niramart.com\/revista-magazine\/files\/2013\/07\/niram-art-universidad-de-avila.jpg\" alt=\"Coloquio La cr\u00edtica como arte, Univ. \u00c1vila\" width=\"600\" height=\"493\"\/><\/p>\n<p class=\"wp-caption-text\">Coloquio La cr\u00edtica como arte, Univ. \u00c1vila<\/p>\n<\/div>\n<div style=\"width: 610px\" class=\"wp-caption aligncenter\"><img loading=\"lazy\" decoding=\"async\" src=\"https:\/\/niramart.com\/revista-magazine\/files\/2013\/07\/bogdan-ater-universidad-de-avila.jpg\" alt=\"Bogdan Ater\" width=\"600\" height=\"450\"\/><\/p>\n<p class=\"wp-caption-text\">Bogdan Ater<\/p>\n<\/div>\n<p class=\"bch4dcbow065stdpy\"><b>Fabianni Belemuski<\/b> hizo una lectura de varias cr\u00edticas de arte mientras se proyectaban im\u00e1genes de las obras de los artistas criticados. Primero ley\u00f3 el texto <b><i>El realismo espa\u00f1ol<\/i><\/b>, de <b>Antonella Colaninno<\/b>, un ejemplo de cr\u00edtica comparada de la corriente art\u00edstica en Espa\u00f1a. Sigui\u00f3 con la lectura de la cr\u00edtica a la obra del pintor <b>Baruch Elron<\/b>, <b><i>Inter arma silent musae<\/i><\/b>, perteneciente al fil\u00f3sofo <b>H\u00e9ctor Mart\u00ednez Sanz<\/b>, un ejemplo m\u00e1s de cr\u00edtica como arte y con <b><i>Dad\u00e1 visita el taller de Rufino de Mingo<\/i><\/b>, de <b>Diego Vadillo L\u00f3pez<\/b>.<\/p>\n<div style=\"width: 361px\" class=\"wp-caption alignright\"><img loading=\"lazy\" decoding=\"async\" src=\"https:\/\/niramart.com\/revista-magazine\/files\/2013\/07\/fabianni-belemuski-universidad-de-avila.jpg\" alt=\"Fabianni Belemuski\" width=\"351\" height=\"263\"\/><\/p>\n<p class=\"wp-caption-text\">Fabianni Belemuski<\/p>\n<\/div>\n<p class=\"bch4dcbow065stdpy\">Para finalizar, el escritor ley\u00f3 el art\u00edculo <b><i>Hic sunt dracones<\/i><\/b>, del artista <b>Bogdan Ater<\/b> y luego hizo un comentario al margen de la cr\u00edtica del artista. \u201cEste es un ejemplo de cr\u00edtica s\u00f3lida\u201d, explic\u00f3. \u201cEl autor, en este caso el artista <b>Bogdan Ater<\/b>, construye un paralelismo entre <b>MIEDHO<\/b> y el fot\u00f3grafo polaco <b>Zdzislaw Beksinski<\/b>, argumentando su posici\u00f3n respecto a <b>MIEDHO<\/b>. Se trata del arte de la cr\u00edtica\u201d, afirm\u00f3 Belemuski. \u201cFaltan buenos cr\u00edticos en un momento en que el arte se ha diluido entre propuestas tan extremas como el arte ef\u00edmero y la nostalgia por un pasado glorioso en que las reglas est\u00e9ticas estaban establecidas y nadie pod\u00eda transgredirlas\u201d, a\u00f1adi\u00f3.<\/p>\n<p class=\"bch4dcbow065stdpy\">El coloquio fue presentado por <b>Bogdan Ater<\/b> como parte imprescindible del proceso art\u00edstico. El artista insisti\u00f3 tanto en la importancia de la formaci\u00f3n de los cr\u00edticos como en la importancia de la cr\u00edtica art\u00edstica como herramienta valorativa de las obras de arte. A modo de ejemplo, <b>Bogdan Ater<\/b> hizo su propio comentario acerca de su cr\u00edtica a la obra del artista <b>MIEDHO<\/b>, incluida en la obra del mismo nombre publicada en 2013 por la editorial Niram Art: \u201cMe centr\u00e9 en un di\u00e1logo art\u00edstico entre dos propuestas\u201d. \u201cMi mensaje como artista, no es algo fijo y bien delimitado. No me gustan los l\u00edmites, tampoco me gusta afirmar que no hay l\u00edmites. Ambas posiciones son equivocadas. Lo que a m\u00ed me gusta es trabajar. Este es el valor en que creo. Soy un obseso de los detalles y por esto me gusta trabajar y dejar mis obras en un estado cercano a la perfecci\u00f3n, a la perfecci\u00f3n desde mi punto de vista, claro est\u00e1. Me gustar\u00eda que ocurriera lo mismo con la cr\u00edtica\u201d, concluy\u00f3.<\/p>\n<p class=\"bch4dcbow065stdpy\"><img loading=\"lazy\" decoding=\"async\" class=\"alignleft\" src=\"https:\/\/niramart.com\/revista-magazine\/files\/2013\/07\/editorial-niram-art-universidad-c3a1vila.jpg\" alt=\"\" width=\"403\" height=\"278\"\/>Al final del acto los ponentes contestaron a las preguntas de los estudiantes presentes al debate, indicando algunas pautas para realizar art\u00edculos y rese\u00f1as de cr\u00edtica de arte. \u201cLo interesante, a la hora de fijarnos en la obra de un artista, ser\u00eda poder establecer parecidos con otros artistas. Por regla general, tanto los artistas como sus representantes, los galeristas, quieren elogios. Hay que saber criticar, criticar viene de criterio y los criterios hay que justificarlos porque ya no hay unanimidad al hablar de ellos; no basta con dejarse fascinar por la obra\u201d, asever\u00f3 Belemuski al terminar las jornadas.<\/p>\n<p class=\"bch4dcbow065stdpy\">&nbsp;<\/p>\n<p class=\"bch4dcbow065stdpy\">&nbsp;<\/p>\n<\/div>\n<div class=\"meta-pullout meta-left-pullout\">\n<ul>\n<li class=\"fix\"><span class=\"category\"><span class=\"icon\">&nbsp;<\/span> <a href=\"https:\/\/niramart.com\/revista-magazine\/category\/s5-articulos\/c39-articulos-espanol\/\" rel=\"category tag\">Articulos espa\u00f1ol<\/a>, <a href=\"https:\/\/niramart.com\/revista-magazine\/category\/s5-articulos\/no-1-2-2013\/\" rel=\"category tag\">N\u00ba 1-2, 2013<\/a><\/span><\/li>\n<li class=\"fix\"><span class=\"tags tax\"><span class=\"icon\">&nbsp;<\/span>Tagged with: <a href=\"https:\/\/niramart.com\/revista-magazine\/tag\/baruch-elron\/\" rel=\"tag\">Baruch Elron<\/a>, <a href=\"https:\/\/niramart.com\/revista-magazine\/tag\/bogdan-ater\/\" rel=\"tag\">bogdan ater<\/a>, <a href=\"https:\/\/niramart.com\/revista-magazine\/tag\/fabianni-belemuski\/\" rel=\"tag\">fabianni belemuski<\/a><\/span><\/li>\n<\/ul>\n<\/div>\n<\/div>\n<footer class=\"post-footer postdata fix\"><\/footer>\n<section id=\"comments\"><\/section>\n<\/article>\n<nav class=\"post-nav fix\">\n<table>\n<tr>\n<td class=\"previous\"><a href=\"https:\/\/niramart.com\/revista-magazine\/presentacion-del-libro-puentes-inconexos\/\" rel=\"prev\"><span class=\"icon\">&nbsp;<\/span> Presentaci\u00f3n del libro Puentes Inconexos<\/a><\/td>\n<td class=\"next\"><a href=\"https:\/\/niramart.com\/revista-magazine\/el-escritor-que-mato-a-hitler-pasado-y-presente-del-totalitarismo\/\" rel=\"next\"><span class=\"icon\">&nbsp;<\/span> \u201cEl escritor que mat\u00f3 a Hitler\u201d, pasado y presente del totalitarismo<\/a><\/td>\n<\/tr>\n<\/table>\n<\/nav>\n<\/div>\n<\/div>\n","protected":false,"raw":""},"excerpt":{"rendered":"<p>La cr\u00edtica como arte por Ruth Blidhav Jul 182013 [&hellip;]<\/p>\n","protected":false},"author":0,"featured_media":0,"parent":0,"menu_order":0,"comment_status":"closed","ping_status":"closed","template":"","meta":{"footnotes":""},"class_list":["post-155","page","type-page","status-publish","hentry"],"yoast_head":"<!-- This site is optimized with the Yoast SEO plugin v27.4 - https:\/\/yoast.com\/product\/yoast-seo-wordpress\/ -->\n<title>La cr\u00edtica como arte por Ruth Blidhav \u00bb Niram Art Magazine<\/title>\n<meta name=\"robots\" content=\"index, follow, max-snippet:-1, max-image-preview:large, max-video-preview:-1\" \/>\n<link rel=\"canonical\" href=\"https:\/\/niramart.com\/revista-magazine\/la-critica-como-arte\/\" \/>\n<meta property=\"og:type\" content=\"article\" \/>\n<meta property=\"og:title\" content=\"La cr\u00edtica como arte por Ruth Blidhav \u00bb Niram Art Magazine\" \/>\n<meta property=\"og:description\" content=\"La cr\u00edtica como arte por Ruth Blidhav Jul 182013 [&hellip;]\" \/>\n<meta property=\"og:url\" content=\"https:\/\/niramart.com\/revista-magazine\/la-critica-como-arte\/\" \/>\n<meta property=\"og:site_name\" content=\"Niram Art Magazine\" \/>\n<meta name=\"twitter:card\" content=\"summary_large_image\" \/>\n<meta name=\"twitter:label1\" content=\"Est. reading time\" \/>\n\t<meta name=\"twitter:data1\" content=\"3 minutes\" \/>\n<!-- \/ Yoast SEO plugin. -->","yoast_head_json":{"title":"La cr\u00edtica como arte por Ruth Blidhav \u00bb Niram Art Magazine","robots":{"index":"index","follow":"follow","max-snippet":"max-snippet:-1","max-image-preview":"max-image-preview:large","max-video-preview":"max-video-preview:-1"},"canonical":"https:\/\/niramart.com\/revista-magazine\/la-critica-como-arte\/","og_type":"article","og_title":"La cr\u00edtica como arte por Ruth Blidhav \u00bb Niram Art Magazine","og_description":"La cr\u00edtica como arte por Ruth Blidhav Jul 182013 [&hellip;]","og_url":"https:\/\/niramart.com\/revista-magazine\/la-critica-como-arte\/","og_site_name":"Niram Art Magazine","twitter_card":"summary_large_image","twitter_misc":{"Est. reading time":"3 minutes"}},"_links":{"self":[{"href":"https:\/\/niramart.com\/revista-magazine\/wp-json\/wp\/v2\/pages\/155","targetHints":{"allow":["GET"]}}],"collection":[{"href":"https:\/\/niramart.com\/revista-magazine\/wp-json\/wp\/v2\/pages"}],"about":[{"href":"https:\/\/niramart.com\/revista-magazine\/wp-json\/wp\/v2\/types\/page"}],"replies":[{"embeddable":true,"href":"https:\/\/niramart.com\/revista-magazine\/wp-json\/wp\/v2\/comments?post=155"}],"version-history":[{"count":0,"href":"https:\/\/niramart.com\/revista-magazine\/wp-json\/wp\/v2\/pages\/155\/revisions"}],"wp:attachment":[{"href":"https:\/\/niramart.com\/revista-magazine\/wp-json\/wp\/v2\/media?parent=155"}],"curies":[{"name":"wp","href":"https:\/\/api.w.org\/{rel}","templated":true}]}}