{"id":149,"date":"2024-04-01T07:40:53","date_gmt":"2024-04-01T07:40:53","guid":{"rendered":"https:\/\/niramart.com\/revista-magazine\/hablando-con-el-fotografo-miedho-por-fabianni-belemuski\/"},"modified":"2024-04-01T07:40:53","modified_gmt":"2024-04-01T07:40:53","slug":"hablando-con-el-fotografo-miedho-por-fabianni-belemuski","status":"publish","type":"page","link":"https:\/\/niramart.com\/revista-magazine\/hablando-con-el-fotografo-miedho-por-fabianni-belemuski\/","title":{"rendered":"Hablando con el fot\u00f3grafo MIEDHO por Fabianni Belemuski"},"content":{"rendered":"<div id=\"main-col\">\n<div id=\"content\">\n<article class=\"post-47 post type-post status-publish format-standard hentry category-c39-articulos-espanol category-entrevistas category-c58-no-1-2-2010 category-18-id category-121-id category-30-id full-content meta-position-left-pullout fix\" id=\"post-47\">\n<header class=\"post-header title-container fix\">\n<div class=\"title\">\n<h1 class=\"posttitle\"><a href=\"https:\/\/niramart.com\/revista-magazine\/hablando-con-el-fotografo-miedho-por-fabianni-belemuski\/\" class=\"entry-title\" rel=\"bookmark\" title=\"Hablando con el fot\u00f3grafo MIEDHO por Fabianni Belemuski\">Hablando con el fot\u00f3grafo MIEDHO por Fabianni Belemuski<\/a><\/h1>\n<\/div>\n<div class=\"date\"><span class=\"month\">Mar<\/span> <span class=\"day\">04<\/span><span class=\"year\">2010<\/span><\/div>\n<\/header>\n<p> <span class=\"post-format-icon\">&nbsp;<\/span><span class=\"updated\" title=\"2010-03-04T19:55:52+00:00\">&nbsp;<\/span><\/p>\n<div class=\"entry-container fix\">\n<div class=\"entry fix\">\n<p class=\"bch4dcbow065stdpy\"><object width=\"425\" height=\"344\" classid=\"clsid:d27cdb6e-ae6d-11cf-96b8-444553540000\" codebase=\"https:\/\/niramart.com\/revista-magazine\/files\/pub\/shockwave\/cabs\/flash\/swflash.cab\"><param name=\"allowFullScreen\" value=\"true\"\/><param name=\"allowScriptAccess\" value=\"always\"\/><param name=\"src\" value=\"http:\/\/www.youtube.com\/v\/5Lh1tI0jmZo&amp;color1=0xb1b1b1&amp;color2=0xcfcfcf&amp;hl=en_US&amp;feature=player_embedded&amp;fs=1\"\/><param name=\"allowfullscreen\" value=\"true\"\/><param name=\"allowscriptaccess\" value=\"always\"\/><embed width=\"425\" height=\"344\" type=\"application\/x-shockwave-flash\" src=\"http:\/\/www.youtube.com\/v\/5Lh1tI0jmZo&amp;color1=0xb1b1b1&amp;color2=0xcfcfcf&amp;hl=en_US&amp;feature=player_embedded&amp;fs=1\" allowfullscreen=\"true\" allowscriptaccess=\"always\"\/><\/object><\/p>\n<p class=\"bch4dcbow065stdpy\"><em><strong><em>F.B. \u00bfHace cuanto tiempo se dedica al mundo del arte?<\/em><\/strong><\/em><\/p>\n<p class=\"bch4dcbow065stdpy\">&nbsp;<\/p>\n<p class=\"bch4dcbow065stdpy\"><strong><em>M. <\/em><\/strong><em>Contando con mi aprendizaje en bellas artes, unos 7 a\u00f1os aproximadamente. Aunque siempre me ha interesado el arte. Quiz\u00e1s no el arte m\u00e1s tradicional o cl\u00e1sico, pero siempre he sentido especial gusto por todo aquello que supone un acto de expresi\u00f3n; una canci\u00f3n, un c\u00f3mic, ya sabes.<\/em><\/p>\n<p class=\"bch4dcbow065stdpy\"><strong><em>F.B. \u00bfQu\u00e9 visi\u00f3n general del arte contempor\u00e1neo tiene?<\/em><\/strong><\/p>\n<p class=\"bch4dcbow065stdpy\">&nbsp;<\/p>\n<p class=\"bch4dcbow065stdpy\"><strong><em>M. <\/em><\/strong><em>Ahora est\u00e1 todo muy confuso, por un lado tenemos un c\u00edrculo muy cerrado de arte contempor\u00e1neo que pertenece a una esfera muy elitista. Ellos crean un arte que muchas veces para el p\u00fablico es de dif\u00edcil comprensi\u00f3n  y que a veces parece una broma para el espectador. Otras veces son provocaciones sin mucho sentido y ya en menor medida encontramos trabajos m\u00e1s interesantes. Estoy hablando de todos esos artistas que est\u00e1n arropados por galer\u00edas e instituciones, de alguna manera oficiales, que le otorgan al artista una posici\u00f3n privilegiada para hacer lo que quieran, incluso re\u00edrse de su p\u00fablico, al fin y al cabo, seg\u00fan ellos eso es arte.<\/em><\/p>\n<p class=\"bch4dcbow065stdpy\"><em>Por otro lado creo que hay otro tipo de arte que ahora mismo est\u00e1 resurgiendo, est\u00e1n retomando viejas costumbres y combin\u00e1ndolas con las nuevas tecnolog\u00edas est\u00e1 dando resultados muy frescos. Ahora hay artistas, entre los que me incluyo, que est\u00e1n utilizando programas de 3d o programas de edici\u00f3n de imagen para combinarlos con sus obras y crear un mundo realmente fant\u00e1stico y nuevo.<\/em><\/p>\n<p class=\"bch4dcbow065stdpy\"><em>Creo que este es el camino que tenemos que seguir. Renovarse o morir.<\/em><\/p>\n<p class=\"bch4dcbow065stdpy\"><em> <\/em><\/p>\n<p class=\"bch4dcbow065stdpy\"><strong><em>F.B. \u00bfCu\u00e1l es su mayor campo de trabajo?<\/em><\/strong><\/p>\n<p class=\"bch4dcbow065stdpy\"><em>Mi mayor campo de trabajo ahora mismo es la fotograf\u00eda, llevo varios a\u00f1os explor\u00e1ndolo y me encanta. Pero tambi\u00e9n me he desarrollado en otras \u00e1reas como dibujo, pintura, dise\u00f1o y en menor medida escultura.<\/em><\/p>\n<p class=\"bch4dcbow065stdpy\">&nbsp;<\/p>\n<p class=\"bch4dcbow065stdpy\"><strong><em>F.B. M.I.E.D.H.O., \u00bfpor qu\u00e9 eligi\u00f3 ese nombre?<\/em><\/strong><strong>&nbsp; <\/strong><\/p>\n<p class=\"bch4dcbow065stdpy\"><strong><em>M. <\/em><\/strong><em>M.I.E.D.H.O. ha sido mi respuesta a nuestra sociedad. Creo que el miedo es, muchas veces, lo que verdaderamente domina nuestras vidas. Partiendo de esta palabra compuse mi alias.<\/em> <em>Mi nombre es una declaraci\u00f3n de principios, un estado y una cr\u00edtica. Se podr\u00eda traducir como; \u201ceco de una mente industrializada y odio desordenado y obsesivo\u201d. Eso soy yo, siempre estoy diciendo que todos estamos influenciados por la imagen y que nuestra \u00e9poca es la era de lo visual y el miedo. Estamos tan programados que romper con nuestras rutinas nos parece el fin del mundo. Y  a la vez nos sentimos impotentes por ello y nos cabreamos.<\/em><\/p>\n<p class=\"bch4dcbow065stdpy\"><strong><em>F.B. \u00bfTe encuentras trabajando ahora en alg\u00fan proyecto?<\/em><\/strong><strong>&nbsp; <\/strong><\/p>\n<p class=\"bch4dcbow065stdpy\"><strong><em>M. <\/em><\/strong><em>Ahora mismo estoy pendiente de un proyecto sobre la obra de M. Eminescu, estoy realizando una serie de fotograf\u00edas bas\u00e1ndome en varias de sus obras. Espero que pronto pueda darlas a conocer y saber que piensa la gente sobre ellas.<\/em><\/p>\n<p class=\"bch4dcbow065stdpy\"><strong><em>F.B. Su obra refleja s\u00f3lo personas, y en individual, \u00bfpor qu\u00e9?<\/em><\/strong><strong>&nbsp; <\/strong><\/p>\n<p class=\"bch4dcbow065stdpy\"><strong><em>M. <\/em><\/strong><em>Me parece interesante concentrar la atenci\u00f3n en un solo individuo, me permite darle m\u00e1s dramatismo y m\u00e1s teatralidad a la obra. Tengo cierta obsesi\u00f3n con la mirada, creo que a trav\u00e9s de un solo individuo puedo acentuar la expresi\u00f3n que quiero darle.<\/em><\/p>\n<p class=\"bch4dcbow065stdpy\"><strong><em>F.B. \u00bfD\u00f3nde est\u00e1 la cr\u00edtica en sus obras?<\/em><\/strong><strong>&nbsp; <\/strong><\/p>\n<p class=\"bch4dcbow065stdpy\"><strong><em>M. <\/em><\/strong><em>Cualquiera de mis obras, por si sola, carece de la cr\u00edtica necesaria para ser entendidas. Tengo que aclarar que yo formo parte de las obras y que mis obras y yo nos complementamos para dar como resultado a la obra definitiva. Yo soy el encargado de transmitir de una manera l\u00f3gica la cr\u00edtica que quiero decir. Mis obras sirven de reclamo visual para atraer a mi p\u00fablico, para cautivarles y as\u00ed yo poder transmitir mis m\u00e1s profundos sentimientos.<\/em><\/p>\n<p class=\"bch4dcbow065stdpy\"><strong><em>F.B. \u00bfPor qu\u00e9 oscuridad?<\/em><\/strong><strong>&nbsp; <\/strong><\/p>\n<p class=\"bch4dcbow065stdpy\"><strong><em>M. <\/em><\/strong><em>Creo que para algunas personas soy un individuo oscuro y pesimista. Yo me limito a decirles que realmente soy bastante objetivo con el mundo que me rodea. Que yo no soy esa persona oscura que dicen, realmente es el mundo el que est\u00e1 sumido en la oscuridad. Simplemente yo me estoy limitando a observar y a hacer una peque\u00f1a interpretaci\u00f3n de la realidad que yo estoy viendo.<\/em><\/p>\n<p class=\"bch4dcbow065stdpy\"><strong><em>F.B. \u00bfY no crees que la realidad que observas tu es lo m\u00e1s subjetivo que puede haber?<\/em><\/strong><\/p>\n<p class=\"bch4dcbow065stdpy\"><strong><em>M. <\/em><\/strong><em>\u00a1Claro que es subjetivo! (risas). Todo depende de qui\u00e9n lo mire. Lo que intento decir es que lo que para ti es oscuridad, para mi es simplemente una forma de entender la belleza\u2026<\/em><\/p>\n<\/div>\n<div class=\"meta-pullout meta-left-pullout\">\n<ul>\n<li class=\"fix\"><span class=\"category\"><span class=\"icon\">&nbsp;<\/span> <a href=\"https:\/\/niramart.com\/revista-magazine\/category\/s5-articulos\/c39-articulos-espanol\/\" rel=\"category tag\">Articulos espa\u00f1ol<\/a>, <a href=\"https:\/\/niramart.com\/revista-magazine\/category\/entrevistas\/\" rel=\"category tag\">Entrevistas<\/a>, <a href=\"https:\/\/niramart.com\/revista-magazine\/category\/s5-articulos\/c58-no-1-2-2010\/\" rel=\"category tag\">N\u00ba 1 &#8211; 2, 2010<\/a><\/span><\/li>\n<\/ul>\n<\/div>\n<\/div>\n<footer class=\"post-footer postdata fix\"><\/footer>\n<section id=\"comments\"><\/section>\n<\/article>\n<nav class=\"post-nav fix\">\n<table>\n<tr>\n<td class=\"previous\"><a href=\"https:\/\/niramart.com\/revista-magazine\/la-indiferencia-el-miedo-y-el-arte-por-miedho\/\" rel=\"prev\"><span class=\"icon\">&nbsp;<\/span> LA INDIFERENCIA, EL MIEDO Y EL ARTE por MIEDHO<\/a><\/td>\n<td class=\"next\"><a href=\"https:\/\/niramart.com\/revista-magazine\/vision-de-un-modelo-por-carla-nc\/\" rel=\"next\"><span class=\"icon\">&nbsp;<\/span> Visi\u00f3n de un modelo por Carla N.C.<\/a><\/td>\n<\/tr>\n<\/table>\n<\/nav>\n<\/div>\n<\/div>\n","protected":false,"raw":""},"excerpt":{"rendered":"<p>Hablando con el fot\u00f3grafo MIEDHO por Fabianni Belemuski Mar [&hellip;]<\/p>\n","protected":false},"author":0,"featured_media":0,"parent":0,"menu_order":0,"comment_status":"closed","ping_status":"closed","template":"","meta":{"footnotes":""},"class_list":["post-149","page","type-page","status-publish","hentry"],"yoast_head":"<!-- This site is optimized with the Yoast SEO plugin v27.4 - https:\/\/yoast.com\/product\/yoast-seo-wordpress\/ -->\n<title>Hablando con el fot\u00f3grafo MIEDHO por Fabianni Belemuski \u00bb Niram Art Magazine<\/title>\n<meta name=\"robots\" content=\"index, follow, max-snippet:-1, max-image-preview:large, max-video-preview:-1\" \/>\n<link rel=\"canonical\" href=\"https:\/\/niramart.com\/revista-magazine\/hablando-con-el-fotografo-miedho-por-fabianni-belemuski\/\" \/>\n<meta property=\"og:type\" content=\"article\" \/>\n<meta property=\"og:title\" content=\"Hablando con el fot\u00f3grafo MIEDHO por Fabianni Belemuski \u00bb Niram Art Magazine\" \/>\n<meta property=\"og:description\" content=\"Hablando con el fot\u00f3grafo MIEDHO por Fabianni Belemuski Mar [&hellip;]\" \/>\n<meta property=\"og:url\" content=\"https:\/\/niramart.com\/revista-magazine\/hablando-con-el-fotografo-miedho-por-fabianni-belemuski\/\" \/>\n<meta property=\"og:site_name\" content=\"Niram Art Magazine\" \/>\n<meta name=\"twitter:card\" content=\"summary_large_image\" \/>\n<meta name=\"twitter:label1\" content=\"Est. reading time\" \/>\n\t<meta name=\"twitter:data1\" content=\"4 minutes\" \/>\n<!-- \/ Yoast SEO plugin. -->","yoast_head_json":{"title":"Hablando con el fot\u00f3grafo MIEDHO por Fabianni Belemuski \u00bb Niram Art Magazine","robots":{"index":"index","follow":"follow","max-snippet":"max-snippet:-1","max-image-preview":"max-image-preview:large","max-video-preview":"max-video-preview:-1"},"canonical":"https:\/\/niramart.com\/revista-magazine\/hablando-con-el-fotografo-miedho-por-fabianni-belemuski\/","og_type":"article","og_title":"Hablando con el fot\u00f3grafo MIEDHO por Fabianni Belemuski \u00bb Niram Art Magazine","og_description":"Hablando con el fot\u00f3grafo MIEDHO por Fabianni Belemuski Mar [&hellip;]","og_url":"https:\/\/niramart.com\/revista-magazine\/hablando-con-el-fotografo-miedho-por-fabianni-belemuski\/","og_site_name":"Niram Art Magazine","twitter_card":"summary_large_image","twitter_misc":{"Est. reading time":"4 minutes"}},"_links":{"self":[{"href":"https:\/\/niramart.com\/revista-magazine\/wp-json\/wp\/v2\/pages\/149","targetHints":{"allow":["GET"]}}],"collection":[{"href":"https:\/\/niramart.com\/revista-magazine\/wp-json\/wp\/v2\/pages"}],"about":[{"href":"https:\/\/niramart.com\/revista-magazine\/wp-json\/wp\/v2\/types\/page"}],"replies":[{"embeddable":true,"href":"https:\/\/niramart.com\/revista-magazine\/wp-json\/wp\/v2\/comments?post=149"}],"version-history":[{"count":0,"href":"https:\/\/niramart.com\/revista-magazine\/wp-json\/wp\/v2\/pages\/149\/revisions"}],"wp:attachment":[{"href":"https:\/\/niramart.com\/revista-magazine\/wp-json\/wp\/v2\/media?parent=149"}],"curies":[{"name":"wp","href":"https:\/\/api.w.org\/{rel}","templated":true}]}}