{"id":141,"date":"2024-04-01T07:40:52","date_gmt":"2024-04-01T07:40:52","guid":{"rendered":"https:\/\/niramart.com\/revista-magazine\/expozitie-de-grafica-eduard-rudolf-roth\/"},"modified":"2024-04-01T07:40:52","modified_gmt":"2024-04-01T07:40:52","slug":"expozitie-de-grafica-eduard-rudolf-roth","status":"publish","type":"page","link":"https:\/\/niramart.com\/revista-magazine\/expozitie-de-grafica-eduard-rudolf-roth\/","title":{"rendered":"Expozitie de grafica Eduard Rudolf Roth"},"content":{"rendered":"<div id=\"main-col\">\n<div id=\"content\">\n<article class=\"post-1102 post type-post status-publish format-standard hentry category-c42-articulos-romana tag-eduard-rudolf-roth tag-expozitie-de-grafica category-16-id full-content meta-position-left-pullout fix\" id=\"post-1102\">\n<header class=\"post-header title-container fix\">\n<div class=\"title\">\n<h1 class=\"posttitle\"><a href=\"https:\/\/niramart.com\/revista-magazine\/expozitie-de-grafica-eduard-rudolf-roth\/\" class=\"entry-title\" rel=\"bookmark\" title=\"Expozitie de grafica Eduard Rudolf Roth\">Expozitie de grafica Eduard Rudolf Roth<\/a><\/h1>\n<\/div>\n<div class=\"date\"><span class=\"month\">Sep<\/span> <span class=\"day\">18<\/span><span class=\"year\">2013<\/span><\/div>\n<\/header>\n<p> <span class=\"post-format-icon\">&nbsp;<\/span><span class=\"updated\" title=\"2013-09-18T17:55:12+00:00\">&nbsp;<\/span><\/p>\n<div class=\"entry-container fix\">\n<div class=\"entry fix\">\n<p class=\"bch4dcbow065stdpy\">\u00cen perioada 30 septembrie\u201319 octombrie 2013, la Biblioteca Metropolitana Bucuresti, Sediul Central (str. Tache Ionescu nr. 4, l\u00e2ng\u0103 Pia\u021ba Amzei) va fi deschisa <b>Expozitia de grafica a artistului Eduard Rudolf Roth<\/b>. Vernisajul va avea loc marti, 1 octombrie 2013, la ora 17.30, \u00een Sala \u201eMircea Eliade\u201d a Bibliotecii, cu participarea extraordinara a actorului Dorel Vi\u0219an. Microrecital Roxana Moisanu (harp\u0103 celtic\u0103). Prezinta: Costin Tuchil\u0103.<\/p>\n<div id=\"gallery-1\" class=\"gallery galleryid-1102 gallery-columns-2 gallery-size-thumbnail\">\n<dl class=\"gallery-item\">\n<dt class=\"gallery-icon landscape\"> <a href=\"https:\/\/niramart.com\/revista-magazine\"><\/a><\/dt>\n<dd class=\"wp-caption-text gallery-caption\" id=\"gallery-1-1099\"> Gr\u00e1fica de Eduard Rudolf Roth<\/dd>\n<\/dl>\n<dl class=\"gallery-item\">\n<dt class=\"gallery-icon portrait\"> <a href=\"https:\/\/niramart.com\/revista-magazine\"><img loading=\"lazy\" decoding=\"async\" width=\"150\" height=\"150\" src=\"https:\/\/niramart.com\/revista-magazine\/files\/wp-content\/uploads\/2013\/09\/desen-2-de-eduard-rudolf-roth-150x150.jpg\" class=\"attachment-thumbnail size-thumbnail\" alt=\"gr\u00e1fica de Eduard Rudolf Roth\" aria-describedby=\"gallery-1-1098\" srcset=\"https:\/\/niramart.com\/revista-magazine\/files\/wp-content\/uploads\/2013\/09\/desen-2-de-eduard-rudolf-roth-150x150.jpg 150w\" sizes=\"auto, (max-width: 150px) 100vw, 150px\"\/><\/a><\/dt>\n<dd class=\"wp-caption-text gallery-caption\" id=\"gallery-1-1098\"> Gr\u00e1fica de Eduard Rudolf Roth<\/dd>\n<\/dl>\n<p><br style=\"clear: both\"\/><\/div>\n<\/p>\n<p class=\"bch4dcbow065stdpy\">Un univers distinct, original ne \u00eent\u00e2mpina \u00een desenele lui Eduard Rudolf Roth, a carui imaginatie surprinde adesea prin combinarea neasteptata de forme, obiecte, volume, spatii devenite metafore plastice. Ca \u00eentr-un poem, ideile se ascund si se reveleaza, parcurg un metabolism uneori la limita oniricului, dar pastr\u00e2nd \u00eentotdeauna coerent\u0103 imagistica si un echilibru compozitional \u00eenc\u00e2ntator.<\/p>\n<p class=\"bch4dcbow065stdpy\"><strong>Eduard Rudolf Roth<\/strong> este artist rom\u00e2n rezident \u00een Palma de Mallorca (Spania).<\/p>\n<\/div>\n<div class=\"meta-pullout meta-left-pullout\">\n<ul>\n<li class=\"fix\"><span class=\"category\"><span class=\"icon\">&nbsp;<\/span> <a href=\"https:\/\/niramart.com\/revista-magazine\/category\/s5-articulos\/c42-articulos-romana\/\" rel=\"category tag\">Articole in limba romana<\/a><\/span><\/li>\n<li class=\"fix\"><span class=\"tags tax\"><span class=\"icon\">&nbsp;<\/span>Tagged with: <a href=\"https:\/\/niramart.com\/revista-magazine\/tag\/eduard-rudolf-roth\/\" rel=\"tag\">Eduard Rudolf Roth<\/a>, <a href=\"https:\/\/niramart.com\/revista-magazine\" rel=\"tag\">Expozitie de grafica<\/a><\/span><\/li>\n<\/ul>\n<\/div>\n<\/div>\n<footer class=\"post-footer postdata fix\"><\/footer>\n<section id=\"comments\"><\/section>\n<\/article>\n<nav class=\"post-nav fix\">\n<table>\n<tr>\n<td class=\"previous\"><a href=\"https:\/\/niramart.com\/revista-magazine\/scriitorul-roman-elisei-virgil-premiat-de-societatea-literara-din-madrid\/\" rel=\"prev\"><span class=\"icon\">&nbsp;<\/span> Scriitorul roman Elisei Virgil, premiat la  Madrid<\/a><\/td>\n<td class=\"next\"><a href=\"https:\/\/niramart.com\/revista-magazine\/noi-lansari-de-carte-academica-romaneasca-la-univ-complutense-din-madrid\/\" rel=\"next\"><span class=\"icon\">&nbsp;<\/span> Noi lansari de carte academica romaneasca la Univ. Complutense din Madrid<\/a><\/td>\n<\/tr>\n<\/table>\n<\/nav>\n<\/div>\n<\/div>\n","protected":false,"raw":""},"excerpt":{"rendered":"<p>Expozitie de grafica Eduard Rudolf Roth Sep 182013 &nbsp;&nbsp; [&hellip;]<\/p>\n","protected":false},"author":0,"featured_media":0,"parent":0,"menu_order":0,"comment_status":"closed","ping_status":"closed","template":"","meta":{"footnotes":""},"class_list":["post-141","page","type-page","status-publish","hentry"],"yoast_head":"<!-- This site is optimized with the Yoast SEO plugin v27.4 - https:\/\/yoast.com\/product\/yoast-seo-wordpress\/ -->\n<title>Expozitie de grafica Eduard Rudolf Roth \u00bb Niram Art Magazine<\/title>\n<meta name=\"robots\" content=\"index, follow, max-snippet:-1, max-image-preview:large, max-video-preview:-1\" \/>\n<link rel=\"canonical\" href=\"https:\/\/niramart.com\/revista-magazine\/expozitie-de-grafica-eduard-rudolf-roth\/\" \/>\n<meta property=\"og:type\" content=\"article\" \/>\n<meta property=\"og:title\" content=\"Expozitie de grafica Eduard Rudolf Roth \u00bb Niram Art Magazine\" \/>\n<meta property=\"og:description\" content=\"Expozitie de grafica Eduard Rudolf Roth Sep 182013 &nbsp;&nbsp; [&hellip;]\" \/>\n<meta property=\"og:url\" content=\"https:\/\/niramart.com\/revista-magazine\/expozitie-de-grafica-eduard-rudolf-roth\/\" \/>\n<meta property=\"og:site_name\" content=\"Niram Art Magazine\" \/>\n<meta name=\"twitter:card\" content=\"summary_large_image\" \/>\n<meta name=\"twitter:label1\" content=\"Est. reading time\" \/>\n\t<meta name=\"twitter:data1\" content=\"1 minute\" \/>\n<!-- \/ Yoast SEO plugin. -->","yoast_head_json":{"title":"Expozitie de grafica Eduard Rudolf Roth \u00bb Niram Art Magazine","robots":{"index":"index","follow":"follow","max-snippet":"max-snippet:-1","max-image-preview":"max-image-preview:large","max-video-preview":"max-video-preview:-1"},"canonical":"https:\/\/niramart.com\/revista-magazine\/expozitie-de-grafica-eduard-rudolf-roth\/","og_type":"article","og_title":"Expozitie de grafica Eduard Rudolf Roth \u00bb Niram Art Magazine","og_description":"Expozitie de grafica Eduard Rudolf Roth Sep 182013 &nbsp;&nbsp; [&hellip;]","og_url":"https:\/\/niramart.com\/revista-magazine\/expozitie-de-grafica-eduard-rudolf-roth\/","og_site_name":"Niram Art Magazine","twitter_card":"summary_large_image","twitter_misc":{"Est. reading time":"1 minute"}},"_links":{"self":[{"href":"https:\/\/niramart.com\/revista-magazine\/wp-json\/wp\/v2\/pages\/141","targetHints":{"allow":["GET"]}}],"collection":[{"href":"https:\/\/niramart.com\/revista-magazine\/wp-json\/wp\/v2\/pages"}],"about":[{"href":"https:\/\/niramart.com\/revista-magazine\/wp-json\/wp\/v2\/types\/page"}],"replies":[{"embeddable":true,"href":"https:\/\/niramart.com\/revista-magazine\/wp-json\/wp\/v2\/comments?post=141"}],"version-history":[{"count":0,"href":"https:\/\/niramart.com\/revista-magazine\/wp-json\/wp\/v2\/pages\/141\/revisions"}],"wp:attachment":[{"href":"https:\/\/niramart.com\/revista-magazine\/wp-json\/wp\/v2\/media?parent=141"}],"curies":[{"name":"wp","href":"https:\/\/api.w.org\/{rel}","templated":true}]}}