{"id":137,"date":"2024-04-01T07:40:51","date_gmt":"2024-04-01T07:40:51","guid":{"rendered":"https:\/\/niramart.com\/revista-magazine\/exposicion-de-grafica-de-eduard-rudolf-roth\/"},"modified":"2024-04-01T07:40:51","modified_gmt":"2024-04-01T07:40:51","slug":"exposicion-de-grafica-de-eduard-rudolf-roth","status":"publish","type":"page","link":"https:\/\/niramart.com\/revista-magazine\/exposicion-de-grafica-de-eduard-rudolf-roth\/","title":{"rendered":"Exposici\u00f3n de gr\u00e1fica de Eduard Rudolf Roth"},"content":{"rendered":"<div id=\"main-col\">\n<div id=\"content\">\n<article class=\"post-1097 post type-post status-publish format-standard hentry category-c39-articulos-espanol category-bellas-artes category-c38-noticias-revista tag-eduard-rudolf-roth tag-grafica category-18-id category-119-id category-32-id full-content meta-position-left-pullout fix\" id=\"post-1097\">\n<header class=\"post-header title-container fix\">\n<div class=\"title\">\n<h1 class=\"posttitle\"><a href=\"https:\/\/niramart.com\/revista-magazine\/exposicion-de-grafica-de-eduard-rudolf-roth\/\" class=\"entry-title\" rel=\"bookmark\" title=\"Exposici\u00f3n de gr\u00e1fica de Eduard Rudolf Roth\">Exposici\u00f3n de gr\u00e1fica de Eduard Rudolf Roth<\/a><\/h1>\n<\/div>\n<div class=\"date\"><span class=\"month\">Sep<\/span> <span class=\"day\">18<\/span><span class=\"year\">2013<\/span><\/div>\n<\/header>\n<p> <span class=\"post-format-icon\">&nbsp;<\/span><span class=\"updated\" title=\"2013-09-18T17:52:35+00:00\">&nbsp;<\/span><\/p>\n<div class=\"entry-container fix\">\n<div class=\"entry fix\">\n<div id=\"attachment_1098\" style=\"width: 200px\" class=\"wp-caption alignleft\"><a href=\"#\"><\/a><\/p>\n<p id=\"caption-attachment-1098\" class=\"wp-caption-text\">Gr\u00e1fica de Eduard Rudolf Roth<\/p>\n<\/div>\n<p class=\"bch4dcbow065stdpy\">El artista pl\u00e1stico <strong>Eduard Rudolf Roth<\/strong>, residente en Palma de Mallorca, abrir\u00e1 una exposici\u00f3n personal en Bucarest, entre el 30 de septiembre y el 19 de octubre del 2013, en la Biblioteca  Metropolitana. La apertura tendr\u00e1 lugar el martes, 1 de octubre, a las 17:30 H, en la sala Mircea Eliade de la Biblioteca, con la participaci\u00f3n del conocido actor rumano <strong>Dorel Visan<\/strong> y contar\u00e1 con un microrecital de  arpa c\u00e9ltico ofrecido por <strong>Roxana Moisanu<\/strong>. Presentar\u00e1 <strong>Costin Tuchila<\/strong>.<\/p>\n<p class=\"bch4dcbow065stdpy\">&nbsp;<\/p>\n<p class=\"bch4dcbow065stdpy\">Un universo distinto, original nos saluda desde los dise\u00f1os de <strong>Eduard Rudolf Roth<\/strong>, cuya imaginaci\u00f3n nos sorprenden a menudo gracias a la mezcla inesperada de formas, objetos, vol\u00famenes, espacios convertidos en met\u00e1foras pl\u00e1sticos. Como en un poema, las ideas se esconden y se revelan, recorriendo un metabolismo al l\u00edmite de lo on\u00edrico, pero siempre guardando la coherencia de la imagen y un maravilloso equilibrio composicional.<\/p>\n<div id=\"attachment_1099\" style=\"width: 310px\" class=\"wp-caption aligncenter\"><a href=\"#\"><\/a><\/p>\n<p id=\"caption-attachment-1099\" class=\"wp-caption-text\">Gr\u00e1fica de Eduard Rudolf Roth<\/p>\n<\/div>\n<\/div>\n<div class=\"meta-pullout meta-left-pullout\">\n<ul>\n<li class=\"fix\"><span class=\"category\"><span class=\"icon\">&nbsp;<\/span> <a href=\"https:\/\/niramart.com\/revista-magazine\/category\/s5-articulos\/c39-articulos-espanol\/\" rel=\"category tag\">Articulos espa\u00f1ol<\/a>, <a href=\"https:\/\/niramart.com\/revista-magazine\/category\/bellas-artes\/\" rel=\"category tag\">Bellas Artes<\/a>, <a href=\"https:\/\/niramart.com\/revista-magazine\/category\/c38-noticias-revista\/\" rel=\"category tag\">Noticias<\/a><\/span><\/li>\n<li class=\"fix\"><span class=\"tags tax\"><span class=\"icon\">&nbsp;<\/span>Tagged with: <a href=\"https:\/\/niramart.com\/revista-magazine\/tag\/eduard-rudolf-roth\/\" rel=\"tag\">Eduard Rudolf Roth<\/a>, <a href=\"https:\/\/niramart.com\/revista-magazine\/tag\/grafica\/\" rel=\"tag\">gr\u00e1fica<\/a><\/span><\/li>\n<\/ul>\n<\/div>\n<\/div>\n<footer class=\"post-footer postdata fix\"><\/footer>\n<section id=\"comments\"><\/section>\n<\/article>\n<nav class=\"post-nav fix\">\n<table>\n<tr>\n<td class=\"previous\"><a href=\"https:\/\/niramart.com\/revista-magazine\/el-amante-inconmensurable\/\" rel=\"prev\"><span class=\"icon\">&nbsp;<\/span> El amante inconmensurable<\/a><\/td>\n<td class=\"next\"><a href=\"https:\/\/niramart.com\/revista-magazine\/graphic-art-exhibition-by-eduard-rudolf-roth\/\" rel=\"next\"><span class=\"icon\">&nbsp;<\/span> Graphic art exhibition by Eduard Rudolf Roth<\/a><\/td>\n<\/tr>\n<\/table>\n<\/nav>\n<\/div>\n<\/div>\n","protected":false,"raw":""},"excerpt":{"rendered":"<p>Exposici\u00f3n de gr\u00e1fica de Eduard Rudolf Roth Sep 182013 [&hellip;]<\/p>\n","protected":false},"author":0,"featured_media":0,"parent":0,"menu_order":0,"comment_status":"closed","ping_status":"closed","template":"","meta":{"footnotes":""},"class_list":["post-137","page","type-page","status-publish","hentry"],"yoast_head":"<!-- This site is optimized with the Yoast SEO plugin v27.4 - https:\/\/yoast.com\/product\/yoast-seo-wordpress\/ -->\n<title>Exposici\u00f3n de gr\u00e1fica de Eduard Rudolf Roth \u00bb Niram Art Magazine<\/title>\n<meta name=\"robots\" content=\"index, follow, max-snippet:-1, max-image-preview:large, max-video-preview:-1\" \/>\n<link rel=\"canonical\" href=\"https:\/\/niramart.com\/revista-magazine\/exposicion-de-grafica-de-eduard-rudolf-roth\/\" \/>\n<meta property=\"og:type\" content=\"article\" \/>\n<meta property=\"og:title\" content=\"Exposici\u00f3n de gr\u00e1fica de Eduard Rudolf Roth \u00bb Niram Art Magazine\" \/>\n<meta property=\"og:description\" content=\"Exposici\u00f3n de gr\u00e1fica de Eduard Rudolf Roth Sep 182013 [&hellip;]\" \/>\n<meta property=\"og:url\" content=\"https:\/\/niramart.com\/revista-magazine\/exposicion-de-grafica-de-eduard-rudolf-roth\/\" \/>\n<meta property=\"og:site_name\" content=\"Niram Art Magazine\" \/>\n<meta name=\"twitter:card\" content=\"summary_large_image\" \/>\n<meta name=\"twitter:label1\" content=\"Est. reading time\" \/>\n\t<meta name=\"twitter:data1\" content=\"1 minute\" \/>\n<!-- \/ Yoast SEO plugin. -->","yoast_head_json":{"title":"Exposici\u00f3n de gr\u00e1fica de Eduard Rudolf Roth \u00bb Niram Art Magazine","robots":{"index":"index","follow":"follow","max-snippet":"max-snippet:-1","max-image-preview":"max-image-preview:large","max-video-preview":"max-video-preview:-1"},"canonical":"https:\/\/niramart.com\/revista-magazine\/exposicion-de-grafica-de-eduard-rudolf-roth\/","og_type":"article","og_title":"Exposici\u00f3n de gr\u00e1fica de Eduard Rudolf Roth \u00bb Niram Art Magazine","og_description":"Exposici\u00f3n de gr\u00e1fica de Eduard Rudolf Roth Sep 182013 [&hellip;]","og_url":"https:\/\/niramart.com\/revista-magazine\/exposicion-de-grafica-de-eduard-rudolf-roth\/","og_site_name":"Niram Art Magazine","twitter_card":"summary_large_image","twitter_misc":{"Est. reading time":"1 minute"}},"_links":{"self":[{"href":"https:\/\/niramart.com\/revista-magazine\/wp-json\/wp\/v2\/pages\/137","targetHints":{"allow":["GET"]}}],"collection":[{"href":"https:\/\/niramart.com\/revista-magazine\/wp-json\/wp\/v2\/pages"}],"about":[{"href":"https:\/\/niramart.com\/revista-magazine\/wp-json\/wp\/v2\/types\/page"}],"replies":[{"embeddable":true,"href":"https:\/\/niramart.com\/revista-magazine\/wp-json\/wp\/v2\/comments?post=137"}],"version-history":[{"count":0,"href":"https:\/\/niramart.com\/revista-magazine\/wp-json\/wp\/v2\/pages\/137\/revisions"}],"wp:attachment":[{"href":"https:\/\/niramart.com\/revista-magazine\/wp-json\/wp\/v2\/media?parent=137"}],"curies":[{"name":"wp","href":"https:\/\/api.w.org\/{rel}","templated":true}]}}