{"id":132,"date":"2024-04-01T07:40:51","date_gmt":"2024-04-01T07:40:51","guid":{"rendered":"https:\/\/niramart.com\/revista-magazine\/esquemas-del-sentimiento-acercamiento-a-la-poetica-de-eran-eisen-2\/"},"modified":"2024-04-01T07:40:51","modified_gmt":"2024-04-01T07:40:51","slug":"esquemas-del-sentimiento-acercamiento-a-la-poetica-de-eran-eisen-2","status":"publish","type":"page","link":"https:\/\/niramart.com\/revista-magazine\/esquemas-del-sentimiento-acercamiento-a-la-poetica-de-eran-eisen\/","title":{"rendered":"Esquemas del sentimiento. Acercamiento a la po\u00e9tica de Eran Eisen"},"content":{"rendered":"<div id=\"main-col\">\n<div id=\"content\">\n<article class=\"post-208 post type-post status-publish format-standard hentry category-c39-articulos-espanol category-literatura category-c55-no-5-6-2011 tag-eran-eisen category-18-id category-120-id category-27-id full-content meta-position-left-pullout fix\" id=\"post-208\">\n<header class=\"post-header title-container fix\">\n<div class=\"title\">\n<h1 class=\"posttitle\"><a href=\"https:\/\/niramart.com\/revista-magazine\/esquemas-del-sentimiento-acercamiento-a-la-poetica-de-eran-eisen\/\" class=\"entry-title\" rel=\"bookmark\" title=\"Esquemas del sentimiento. Acercamiento a la po\u00e9tica de Eran Eisen\">Esquemas del sentimiento. Acercamiento a la po\u00e9tica de Eran Eisen<\/a><\/h1>\n<\/div>\n<div class=\"date\"><span class=\"month\">Sep<\/span> <span class=\"day\">08<\/span><span class=\"year\">2011<\/span><\/div>\n<\/header>\n<p> <span class=\"post-format-icon\">&nbsp;<\/span><span class=\"updated\" title=\"2011-09-08T12:40:32+00:00\">&nbsp;<\/span><\/p>\n<div class=\"entry-container fix\">\n<div class=\"entry fix\">\n<div>\n<div>\n<p class=\"bch4dcbow065stdpy\"><strong><img decoding=\"async\" class=\"alignleft\" alt=\"\" src=\"https:\/\/niramart.com\/revista-magazine\/files\/wp-content\/uploads\/2010\/12\/cartel-eran-eisen_web_1_.jpg-300x300.jpg\" width=\"87\" border=\"0\"\/>Por Diego Vadillo L\u00f3pez.<\/strong><\/p>\n<p class=\"bch4dcbow065stdpy\">Comparten los poemas de Eran Eisen una serie de caracter\u00edsticas. Son los suyos, por lo general, poemas breves y evocativos a un tiempo. Con escasos mimbres consigue generar una atm\u00f3sfera envolvente; algo inaudito si tenemos en cuenta la parquedad de sus modos expresivos, sustentados en una sencillez becqueriana, si bien m\u00e1s prosaica.<\/p>\n<\/div>\n<\/div>\n<p style=\"line-height: 150%; text-align: center;\"><strong>San Francisco<\/strong><\/p>\n<p class=\"MsoNormal\" style=\"line-height: 150%; text-align: center;\">\n<p class=\"MsoNormal\" style=\"line-height: 150%; text-align: center;\">Sentado<\/p>\n<p class=\"MsoNormal\" style=\"line-height: 150%; text-align: center;\">Furioso<\/p>\n<p class=\"MsoNormal\" style=\"line-height: 150%; text-align: center;\">En San Francisco<\/p>\n<p class=\"MsoNormal\" style=\"line-height: 150%; text-align: center;\">10 horas m\u00e1s<\/p>\n<p class=\"MsoNormal\" style=\"line-height: 150%; text-align: center;\">Hasta poder tocarte<\/p>\n<p class=\"MsoNormal\" style=\"text-align: justify; line-height: 150%;\">\n<p class=\"MsoFooter\" style=\"text-align: justify; line-height: 150%;\">Es su poes\u00eda ligera solo en apariencia, ya que consigue ahondar en la propia experiencia de forma minimalista.<\/p>\n<p class=\"MsoFooter\" style=\"text-align: justify; line-height: 150%;\">Se muestra Eran Eisen como diestro captor de instantes. \u00c9l nos ofrece en sus poemas el sentimiento de un lapso concreto. Una tenue desolaci\u00f3n ti\u00f1e piezas como \u201cMensajes\u201d:<\/p>\n<p class=\"MsoFooter\" style=\"text-align: center; line-height: 150%;\">\n<p class=\"MsoFooter\" style=\"text-align: center; line-height: 150%;\"><strong>Mensajes <\/strong><\/p>\n<p class=\"MsoFooter\" style=\"text-align: center; line-height: 150%;\">\n<p class=\"MsoFooter\" style=\"text-align: center; line-height: 150%;\">Madrugada<\/p>\n<p class=\"MsoFooter\" style=\"text-align: center; line-height: 150%;\">Casi mediod\u00eda<\/p>\n<p class=\"MsoFooter\" style=\"text-align: center; line-height: 150%;\">Cuatro mensajes<\/p>\n<p class=\"MsoFooter\" style=\"text-align: center; line-height: 150%;\">Ninguno tuyo<\/p>\n<p class=\"MsoFooter\" style=\"text-align: center; line-height: 150%;\">Lo s\u00e9<\/p>\n<p class=\"MsoFooter\" style=\"text-align: justify; line-height: 150%;\">\n<p class=\"MsoFooter\" style=\"text-align: justify; line-height: 150%;\">Su verso breve y preciso posee facultades embriagadoras. Nos cerciora del suave desasosiego que lo hace, por ejemplo, desear la presencia de un amor.<\/p>\n<p class=\"MsoFooter\" style=\"text-align: justify; line-height: 150%;\">Tambi\u00e9n deja entrever de fondo la soledad y el hast\u00edo de una existencia sin sentido en un mundo absurdo, perceptible a trav\u00e9s de un tono de cierta contrariedad ensimismada, no exenta, tambi\u00e9n de l\u00e1biles gui\u00f1os l\u00fadicos, cercanos a la humorada (subg\u00e9nero ideado por Campoamor):<\/p>\n<p class=\"MsoFooter\" style=\"text-align: justify; line-height: 150%;\">\n<p class=\"MsoFooter\" style=\"text-align: center; line-height: 150%;\"><strong>Despertando<\/strong><\/p>\n<p class=\"MsoFooter\" style=\"text-align: center; line-height: 150%;\">\n<p class=\"MsoFooter\" style=\"text-align: center; line-height: 150%;\">Cuando part\u00ed<\/p>\n<p class=\"MsoFooter\" style=\"text-align: center; line-height: 150%;\">Estabas durmiendo<\/p>\n<p class=\"MsoFooter\" style=\"text-align: center; line-height: 150%;\">Cuando paseaba<\/p>\n<p class=\"MsoFooter\" style=\"text-align: center; line-height: 150%;\">Estabas so\u00f1ando<\/p>\n<p class=\"MsoFooter\" style=\"text-align: center; line-height: 150%;\">Cuando volv\u00ed a casa<\/p>\n<p class=\"MsoFooter\" style=\"text-align: center; line-height: 150%;\">Te despertaste<\/p>\n<p class=\"MsoFooter\" style=\"text-align: center; line-height: 150%;\">Dentro de m\u00ed<\/p>\n<p class=\"MsoFooter\" style=\"text-align: center; line-height: 150%;\">\n<p class=\"MsoFooter\" style=\"text-align: center; line-height: 150%;\"><strong>Pasi\u00f3n<\/strong><\/p>\n<p class=\"MsoFooter\" style=\"text-align: center; line-height: 150%;\">\n<p class=\"MsoFooter\" style=\"text-align: center; line-height: 150%;\">Torcer<\/p>\n<p class=\"MsoFooter\" style=\"text-align: center; line-height: 150%;\">Aplastar<\/p>\n<p class=\"MsoFooter\" style=\"text-align: center; line-height: 150%;\">Romper<\/p>\n<p class=\"MsoFooter\" style=\"text-align: center; line-height: 150%;\">Morder<\/p>\n<p class=\"MsoFooter\" style=\"text-align: center; line-height: 150%;\">Controlar<\/p>\n<p class=\"MsoFooter\" style=\"text-align: center; line-height: 150%;\">T\u00fa das<\/p>\n<p class=\"MsoFooter\" style=\"text-align: justify; line-height: 150%;\">\n<p class=\"MsoFooter\" style=\"text-align: justify; line-height: 150%;\">Aplica, adem\u00e1s, ciertos c\u00e1nones de la poes\u00eda tradicional a una atm\u00f3sfera urbana.<\/p>\n<p class=\"MsoFooter\" style=\"text-align: justify; line-height: 150%;\">Se ejercita Eran Eisen en una poes\u00eda contenida; los versos, de arte menor en su mayor\u00eda, evidencian un refreno, una contenci\u00f3n que abunda en la sobriedad, a la que se suma tambi\u00e9n una calidez y cierta trasparencia: una poes\u00eda desnuda f\u00e1cilmente accesible al lector medio (al menos en su superficie).<\/p>\n<p class=\"MsoFooter\" style=\"text-align: justify; line-height: 150%;\">Emplea un lenguaje directo.<\/p>\n<p class=\"MsoFooter\" style=\"text-align: justify; line-height: 150%;\">La poes\u00eda, es cierto, se puede hallar en los lugares m\u00e1s insospechados y en los objetos m\u00e1s impensables.<\/p>\n<p class=\"MsoFooter\" style=\"text-align: justify; line-height: 150%;\">Consigue Eisen cierto profundo lirismo desde la naturalidad, resarciendo al prosa\u00edsmo de la trivialidad, sin por ello recurrir a floritura o pirueta alguna.<\/p>\n<p class=\"MsoFooter\" style=\"text-align: justify; line-height: 150%;\">Ese lograr transmitir la intensidad interior con escasos aperos de convenci\u00f3n lo hace recurrir a la audacia, para conseguir la hondura por la v\u00eda de la mostraci\u00f3n de un paisaje interior en conexi\u00f3n con el entorno que lo envuelve moment\u00e1neamente. Muestra su voz l\u00edrica en soledad a trav\u00e9s de peque\u00f1os-medianos versos, que poseen autonom\u00eda unos con respecto a los otros. No los une ninguna pausa sint\u00e1ctica, si acaso algunos son emparentados mediante encabalgamientos.<\/p>\n<p class=\"MsoFooter\" style=\"text-align: justify; line-height: 150%;\">Unificados por el contexto, los versos son como retales de corrientes de conciencia, a su vez ubicados por el instante al que aluden. Las secuencias que refieren los versos son constituidas por empalmes de breves trozos de cobre y goma, construyendo el cableado por donde fluir\u00e1 la corriente po\u00e9tica.<\/p>\n<p class=\"MsoFooter\" style=\"text-align: justify; line-height: 150%;\">Cercanos a la po\u00e9tica del silencio, los poemas de Eisen (la precisi\u00f3n de sus consideraciones) fluyen en perfecta comuni\u00f3n por una m\u00e9trica nada enrevesada y s\u00ed muy concisa, la que alberga pausas no marcadas tipogr\u00e1ficamente con una mayor separaci\u00f3n interlineal, pues estas nos sorprenden durante la propia lectura.<\/p>\n<p class=\"MsoFooter\" style=\"text-align: justify; line-height: 150%;\">A veces, de manera muy pautada, marca los tiempos de un momento estremecido (\u00bfpor el amor?); otras centra su atenci\u00f3n en peque\u00f1os detalles del paisaje del d\u00eda a d\u00eda: los sem\u00e1foros, los porteros, y, sin afectaci\u00f3n, sublima su presencia en la realidad:<\/p>\n<p class=\"MsoFooter\" style=\"text-align: justify; line-height: 150%;\">\n<p class=\"MsoFooter\" style=\"text-align: center; line-height: 150%;\"><strong>Nueva York<\/strong><\/p>\n<p class=\"MsoFooter\" style=\"text-align: center; line-height: 150%;\">\n<p class=\"MsoFooter\" style=\"text-align: center; line-height: 150%;\">Lluvia inquieta<\/p>\n<p class=\"MsoFooter\" style=\"text-align: center; line-height: 150%;\">El amarillo controla el tr\u00e1fico<\/p>\n<p class=\"MsoFooter\" style=\"text-align: center; line-height: 150%;\">Anda&#8230; No andes&#8230;<\/p>\n<p class=\"MsoFooter\" style=\"text-align: center; line-height: 150%;\">Second Avenue<\/p>\n<p class=\"MsoFooter\" style=\"text-align: center; line-height: 150%;\">En el centro de la ciudad un caf\u00e9<\/p>\n<p class=\"MsoFooter\" style=\"text-align: center; line-height: 150%;\">En un rinc\u00f3n<\/p>\n<p class=\"MsoFooter\" style=\"text-align: center; line-height: 150%;\">Personas en movimiento<\/p>\n<p class=\"MsoFooter\" style=\"text-align: center; line-height: 150%;\">Con un paraguas<\/p>\n<p class=\"MsoFooter\" style=\"text-align: justify; line-height: 150%;\">\n<p class=\"MsoFooter\" style=\"text-align: center; line-height: 150%;\"><strong>Los porteros<\/strong><\/p>\n<p class=\"MsoFooter\" style=\"text-align: center; line-height: 150%;\">\n<p class=\"MsoFooter\" style=\"text-align: center; line-height: 150%;\">Ellos abren<\/p>\n<p class=\"MsoFooter\" style=\"text-align: center; line-height: 150%;\">Cierran<\/p>\n<p class=\"MsoFooter\" style=\"text-align: center; line-height: 150%;\">Invitan<\/p>\n<p class=\"MsoFooter\" style=\"text-align: center; line-height: 150%;\">Sonr\u00eden<\/p>\n<p class=\"MsoFooter\" style=\"text-align: center; line-height: 150%;\">Guardan<\/p>\n<p class=\"MsoFooter\" style=\"text-align: center; line-height: 150%;\">De d\u00eda y de noche<\/p>\n<p class=\"MsoFooter\" style=\"text-align: center; line-height: 150%;\">Los secretos<\/p>\n<p class=\"MsoFooter\" style=\"text-align: justify; line-height: 150%;\">\n<p class=\"MsoFooter\" style=\"text-align: justify; line-height: 150%;\">Tambi\u00e9n resulta, a veces, cercano a los haiku, toda vez que suponen sus poemas aut\u00e9nticos esquemas en los que apunta s\u00edntesis unidas, a su vez, en la s\u00edntesis total de un momento dado (que eso es lo que cada poema supone).<\/p>\n<p class=\"MsoFooter\" style=\"text-align: justify; line-height: 150%;\">Los poemas de Eran Eisen son (seg\u00fan parece) esquemas de sus sentimientos, tironeados estos por la inmensa contemporaneidad y por el mundo interior.<\/p>\n<\/div>\n<div class=\"meta-pullout meta-left-pullout\">\n<ul>\n<li class=\"fix\"><span class=\"category\"><span class=\"icon\">&nbsp;<\/span> <a href=\"https:\/\/niramart.com\/revista-magazine\/category\/s5-articulos\/c39-articulos-espanol\/\" rel=\"category tag\">Articulos espa\u00f1ol<\/a>, <a href=\"https:\/\/niramart.com\/revista-magazine\/category\/literatura\/\" rel=\"category tag\">Literatura<\/a>, <a href=\"https:\/\/niramart.com\/revista-magazine\/category\/s5-articulos\/c55-no-5-6-2011\/\" rel=\"category tag\">N\u00ba 5- 6, 2011<\/a><\/span><\/li>\n<li class=\"fix\"><span class=\"tags tax\"><span class=\"icon\">&nbsp;<\/span>Tagged with: <a href=\"https:\/\/niramart.com\/revista-magazine\/tag\/eran-eisen\/\" rel=\"tag\">eran eisen<\/a><\/span><\/li>\n<\/ul>\n<\/div>\n<\/div>\n<footer class=\"post-footer postdata fix\"><\/footer>\n<section id=\"comments\"><\/section>\n<\/article>\n<nav class=\"post-nav fix\">\n<table>\n<tr>\n<td class=\"previous\"><a href=\"https:\/\/niramart.com\/revista-magazine\/expozitie-sami-briss-la-iasi\/\" rel=\"prev\"><span class=\"icon\">&nbsp;<\/span> Expozitie Sami Briss la Iasi<\/a><\/td>\n<td class=\"next\"><a href=\"https:\/\/niramart.com\/revista-magazine\/lirismos-de-lo-desapacible-josele-santiago\/\" rel=\"next\"><span class=\"icon\">&nbsp;<\/span> Lirismos de lo desapacible: Josele Santiago<\/a><\/td>\n<\/tr>\n<\/table>\n<\/nav>\n<\/div>\n<\/div>\n","protected":false,"raw":""},"excerpt":{"rendered":"<p>Esquemas del sentimiento. Acercamiento a la po\u00e9tica de Eran [&hellip;]<\/p>\n","protected":false},"author":0,"featured_media":0,"parent":0,"menu_order":0,"comment_status":"closed","ping_status":"closed","template":"","meta":{"footnotes":""},"class_list":["post-132","page","type-page","status-publish","hentry"],"yoast_head":"<!-- This site is optimized with the Yoast SEO plugin v27.4 - https:\/\/yoast.com\/product\/yoast-seo-wordpress\/ -->\n<title>Esquemas del sentimiento. Acercamiento a la po\u00e9tica de Eran Eisen \u00bb Niram Art Magazine<\/title>\n<meta name=\"robots\" content=\"index, follow, max-snippet:-1, max-image-preview:large, max-video-preview:-1\" \/>\n<link rel=\"canonical\" href=\"https:\/\/niramart.com\/revista-magazine\/esquemas-del-sentimiento-acercamiento-a-la-poetica-de-eran-eisen\/\" \/>\n<meta property=\"og:type\" content=\"article\" \/>\n<meta property=\"og:title\" content=\"Esquemas del sentimiento. Acercamiento a la po\u00e9tica de Eran Eisen \u00bb Niram Art Magazine\" \/>\n<meta property=\"og:description\" content=\"Esquemas del sentimiento. Acercamiento a la po\u00e9tica de Eran [&hellip;]\" \/>\n<meta property=\"og:url\" content=\"https:\/\/niramart.com\/revista-magazine\/esquemas-del-sentimiento-acercamiento-a-la-poetica-de-eran-eisen\/\" \/>\n<meta property=\"og:site_name\" content=\"Niram Art Magazine\" \/>\n<meta name=\"twitter:card\" content=\"summary_large_image\" \/>\n<meta name=\"twitter:label1\" content=\"Est. reading time\" \/>\n\t<meta name=\"twitter:data1\" content=\"4 minutes\" \/>\n<!-- \/ Yoast SEO plugin. -->","yoast_head_json":{"title":"Esquemas del sentimiento. Acercamiento a la po\u00e9tica de Eran Eisen \u00bb Niram Art Magazine","robots":{"index":"index","follow":"follow","max-snippet":"max-snippet:-1","max-image-preview":"max-image-preview:large","max-video-preview":"max-video-preview:-1"},"canonical":"https:\/\/niramart.com\/revista-magazine\/esquemas-del-sentimiento-acercamiento-a-la-poetica-de-eran-eisen\/","og_type":"article","og_title":"Esquemas del sentimiento. Acercamiento a la po\u00e9tica de Eran Eisen \u00bb Niram Art Magazine","og_description":"Esquemas del sentimiento. Acercamiento a la po\u00e9tica de Eran [&hellip;]","og_url":"https:\/\/niramart.com\/revista-magazine\/esquemas-del-sentimiento-acercamiento-a-la-poetica-de-eran-eisen\/","og_site_name":"Niram Art Magazine","twitter_card":"summary_large_image","twitter_misc":{"Est. reading time":"4 minutes"}},"_links":{"self":[{"href":"https:\/\/niramart.com\/revista-magazine\/wp-json\/wp\/v2\/pages\/132","targetHints":{"allow":["GET"]}}],"collection":[{"href":"https:\/\/niramart.com\/revista-magazine\/wp-json\/wp\/v2\/pages"}],"about":[{"href":"https:\/\/niramart.com\/revista-magazine\/wp-json\/wp\/v2\/types\/page"}],"replies":[{"embeddable":true,"href":"https:\/\/niramart.com\/revista-magazine\/wp-json\/wp\/v2\/comments?post=132"}],"version-history":[{"count":0,"href":"https:\/\/niramart.com\/revista-magazine\/wp-json\/wp\/v2\/pages\/132\/revisions"}],"wp:attachment":[{"href":"https:\/\/niramart.com\/revista-magazine\/wp-json\/wp\/v2\/media?parent=132"}],"curies":[{"name":"wp","href":"https:\/\/api.w.org\/{rel}","templated":true}]}}