{"id":124,"date":"2024-04-01T07:40:50","date_gmt":"2024-04-01T07:40:50","guid":{"rendered":"https:\/\/niramart.com\/revista-magazine\/el-luceafarul-de-eminescu-en-dario-y-espronceda-por-hector-martinez-sanz\/"},"modified":"2024-04-01T07:40:50","modified_gmt":"2024-04-01T07:40:50","slug":"el-luceafarul-de-eminescu-en-dario-y-espronceda-por-hector-martinez-sanz","status":"publish","type":"page","link":"https:\/\/niramart.com\/revista-magazine\/el-luceafarul-de-eminescu-en-dario-y-espronceda-por-hector-martinez-sanz\/","title":{"rendered":"EL LUCEAFARUL DE EMINESCU EN DAR\u00cdO Y ESPRONCEDA por H\u00c9CTOR MART\u00cdNEZ SANZ"},"content":{"rendered":"<div id=\"main-col\">\n<div id=\"content\">\n<article class=\"post-49 post type-post status-publish format-standard hentry category-c39-articulos-espanol category-literatura category-c58-no-1-2-2010 category-18-id category-120-id category-30-id full-content meta-position-left-pullout fix\" id=\"post-49\">\n<header class=\"post-header title-container fix\">\n<div class=\"title\">\n<h1 class=\"posttitle\"><a href=\"https:\/\/niramart.com\/revista-magazine\/el-luceafarul-de-eminescu-en-dario-y-espronceda-por-hector-martinez-sanz\/\" class=\"entry-title\" rel=\"bookmark\" title=\"EL LUCEAFARUL DE EMINESCU EN DAR\u00cdO Y ESPRONCEDA por H\u00c9CTOR MART\u00cdNEZ SANZ\">EL LUCEAFARUL DE EMINESCU EN DAR\u00cdO Y ESPRONCEDA por H\u00c9CTOR MART\u00cdNEZ SANZ<\/a><\/h1>\n<\/div>\n<div class=\"date\"><span class=\"month\">Mar<\/span> <span class=\"day\">04<\/span><span class=\"year\">2010<\/span><\/div>\n<\/header>\n<p> <span class=\"post-format-icon\">&nbsp;<\/span><span class=\"updated\" title=\"2010-03-04T20:05:04+00:00\">&nbsp;<\/span><\/p>\n<div class=\"entry-container fix\">\n<div class=\"entry fix\">\n<p class=\"bch4dcbow065stdpy\"><img loading=\"lazy\" decoding=\"async\" class=\"aligncenter\" alt=\"\" src=\"https:\/\/niramart.com\/revista-magazine\/files\/2010\/01\/eminescu-busto-w-150-h-135.jpg\" width=\"150\" height=\"135\"\/><\/p>\n<p class=\"bch4dcbow065stdpy\">A ra\u00edz de las celebraciones del aniversario de Mihai Eminescu inici\u00e9 en <em>Retrato Literario<\/em> una serie de art\u00edculos sobre Eminescu y nuestra literatura espa\u00f1ola a trav\u00e9s de <em>Mihai Eminescu y su \u201cRomancero espa\u00f1ol\u201d<\/em>. Con la intenci\u00f3n de seguir celebrando el pr\u00f3ximo aniversario y continuar acerc\u00e1ndolo al p\u00fablico espa\u00f1ol, hoy escribir\u00e9 acerca de la composici\u00f3n m\u00e1s celebrada del poeta nacional rumano, <em>Luceaf?rul<\/em>, y el eco que este motivo literario universal tiene en las letras hispanas en <em>A una estrella<\/em> de Jos\u00e9 de Espronceda y en <em>A Margarita Debayle<\/em> de Rub\u00e9n Dar\u00edo.<\/p>\n<p class=\"bch4dcbow065stdpy\">El espa\u00f1ol medio suele pensar que no se identificar\u00e1 con la poes\u00eda extranjera. Quiz\u00e1s por eso s\u00f3lo leen novelas y van al teatro. La poes\u00eda que se lee es poca, y menos a\u00fan de fuera. Tambi\u00e9n el espa\u00f1ol medio tiende a creer que la proximidad europea de Ruman\u00eda es reciente, ignorando la cantidad de nombres que desde el pueblo rumano han salido, coincidido y dado tanto o m\u00e1s que los grandes ep\u00edgonos europeos. As\u00ed ocurre con Mihai Eminescu, poeta tan tardorom\u00e1ntico como nuestro B\u00e9cquer o nuestra Rosal\u00eda que por el 1883 daba por finalizadas el casi centenar de estrofas del <em>Luceafarul<\/em>, consideradas la cima de su creaci\u00f3n.<\/p>\n<p class=\"bch4dcbow065stdpy\">En ellas, el lucero del alba o vespertino -seg\u00fan se quiera mirar desde el poeta-, como inmortal divinidad o genio elevado y solitario sufre la desdicha del amor imposible con una joven princesa humana y mortal, Catalin. He aqu\u00ed el problema, \u00bfdescender y sacrificar su naturaleza inmortal por amor o permanecer en su perfecto pero solitario estado? \u00c9l ignora que se trate de un precio excesivo por lo ef\u00edmero de la vida mortal, tal y como trata de ense\u00f1arle su Padre, el Demiurgo. Mientras tanto, un joven mortal, paje y bastardo, consigue a Catalina. Al final, el Lucero debe renunciar a su descenso a lo terrenal, a su apasionamiento por Catalina, quedando, con esos versos fundamentales, \u201cinmortal y fr\u00edo\u201d en su esfera.<\/p>\n<p class=\"bch4dcbow065stdpy\">El poema se ha comparado con el <em>Hyperion<\/em> de H\u00f6lderlin o los versos de Keats con el mismo motivo. De la misma forma, William Blake o Edgar Allan Poe escribieron poemas al Lucero. No es un motivo po\u00e9ticamente extra\u00f1o, y menos en el romanticismo. Interpretaciones ha habido muchas a lo largo del m\u00e1s de siglo y medio que nos separa de su composici\u00f3n: poema de amor, poema social, poema filos\u00f3fico, sufrimiento del elevado y aislado genio creativo por su separaci\u00f3n de la sociedad donde no tiene hueco pero de la que anhela el contacto, la insignificancia y volubilidad de la vida y el mundo humano sometidos a la bota de la temporalidad y la muerte, inserci\u00f3n del folklore rumano\u2026 sea como fuere enlaza con la l\u00ednea del romanticismo europeo y el romanticismo tard\u00edo espa\u00f1ol. No es, en modo alguno, simplemente un poema nacional sin relaci\u00f3n con las l\u00edneas maestras de creaci\u00f3n entre los grandes vecinos alemanes, franceses o ingleses. Tampoco es ajeno al o\u00eddo espa\u00f1ol. Pensemos en Espronceda y su poema <em>A una estrella<\/em>:<\/p>\n<p class=\"bch4dcbow065stdpy\">\u00bfQui\u00e9n eres t\u00fa, lucero misterioso,<br class=\"bch4dcbow065stdpy\"\/> T\u00edmido y triste entre luceros mil,<br class=\"bch4dcbow065stdpy\"\/> Que cuando miro tu esplendor dudoso,<br class=\"bch4dcbow065stdpy\"\/> Turbado siento el coraz\u00f3n latir?<br class=\"bch4dcbow065stdpy\"\/> \u00bfEs acaso tu luz recuerdo triste<br class=\"bch4dcbow065stdpy\"\/> De otro antiguo perdido resplandor,<br class=\"bch4dcbow065stdpy\"\/> Cuando enga\u00f1ado como yo cre\u00edste<br class=\"bch4dcbow065stdpy\"\/> Eterna tu ventura que pas\u00f3?<\/p>\n<p class=\"bch4dcbow065stdpy\">\u00bfEst\u00e1 Espronceda respondiendo a Eminescu? A no ser que admitamos el juego eminesciano que vimos en su <em>Romancero espa\u00f1ol<\/em>, imposible, pues Espronceda publicaba estos versos en 1840, diez a\u00f1os antes de la venida al mundo del poeta rumano. El Lucero inspira a ambos ante una misma situaci\u00f3n: la separaci\u00f3n de la amada, Espronceda de Teresa, Eminescu de Ver\u00f3nica. Ahora bien, a trav\u00e9s del tema del amor imposible o traicionado, Espronceda tambi\u00e9n llega a cuestionarse la vida humana como vano pasar del tiempo:<\/p>\n<p class=\"bch4dcbow065stdpy\">Una mujer ador\u00e9<br class=\"bch4dcbow065stdpy\"\/> Que imaginara yo un cielo;<br class=\"bch4dcbow065stdpy\"\/> Mi gloria en ella cifr\u00e9,<br class=\"bch4dcbow065stdpy\"\/> Y de un luminoso velo<br class=\"bch4dcbow065stdpy\"\/> En mi ilusi\u00f3n la adorn\u00e9.<br class=\"bch4dcbow065stdpy\"\/> Y t\u00fa fuiste la aureola<br class=\"bch4dcbow065stdpy\"\/> Que iluminaba su frente,<br class=\"bch4dcbow065stdpy\"\/> Cual los aires arrebola<br class=\"bch4dcbow065stdpy\"\/> El f\u00falgido sol naciente,<br class=\"bch4dcbow065stdpy\"\/> Y el puro azul tornasola.<br class=\"bch4dcbow065stdpy\"\/> (\u2026)<br class=\"bch4dcbow065stdpy\"\/> Tantas dulces alegr\u00edas,<br class=\"bch4dcbow065stdpy\"\/> tantos m\u00e1gicos ensue\u00f1os,<br class=\"bch4dcbow065stdpy\"\/> \u00bfD\u00f3nde fueron?<br class=\"bch4dcbow065stdpy\"\/> Tan alegres fantas\u00edas,<br class=\"bch4dcbow065stdpy\"\/> Deleites tan halag\u00fce\u00f1os,<br class=\"bch4dcbow065stdpy\"\/> \u00bfQu\u00e9 se hicieron?<br class=\"bch4dcbow065stdpy\"\/> Huyeron con mi ilusi\u00f3n<br class=\"bch4dcbow065stdpy\"\/> Para nunca m\u00e1s tornar,<br class=\"bch4dcbow065stdpy\"\/> Y pasaron,<br class=\"bch4dcbow065stdpy\"\/> Y s\u00f3lo en mi coraz\u00f3n<br class=\"bch4dcbow065stdpy\"\/> Recuerdos, llanto y pesar<br class=\"bch4dcbow065stdpy\"\/> \u00a1Ay! dejaron.<\/p>\n<p class=\"bch4dcbow065stdpy\">Espronceda se identifica con el Lucero por su luz, se eleva como Eminescu: brillante cuando el amor exist\u00eda y de fulgor tenue, perdido, tras la desdicha:<\/p>\n<p class=\"bch4dcbow065stdpy\">\u00a1Ah lucero! t\u00fa perdiste<br class=\"bch4dcbow065stdpy\"\/> Tambi\u00e9n tu puro fulgor,<br class=\"bch4dcbow065stdpy\"\/> Y lloraste;<br class=\"bch4dcbow065stdpy\"\/> Tambi\u00e9n como yo sufriste,<br class=\"bch4dcbow065stdpy\"\/> Y el crudo arp\u00f3n del dolor<br class=\"bch4dcbow065stdpy\"\/> \u00a1Ay! probaste.<br class=\"bch4dcbow065stdpy\"\/> (\u2026)<br class=\"bch4dcbow065stdpy\"\/> Pero t\u00fa conmigo lloras,<br class=\"bch4dcbow065stdpy\"\/> Que eres el \u00e1ngel ca\u00eddo<br class=\"bch4dcbow065stdpy\"\/> Del dolor,<br class=\"bch4dcbow065stdpy\"\/> Y piedad llorando imploras,<br class=\"bch4dcbow065stdpy\"\/> Y recuerdas tu perdido<br class=\"bch4dcbow065stdpy\"\/> Resplandor.<\/p>\n<p class=\"bch4dcbow065stdpy\">Y si el Lucero eminesciano terminaba:<\/p>\n<p class=\"bch4dcbow065stdpy\">En vuestro mundo terrenal,<br class=\"bch4dcbow065stdpy\"\/> La suerte os impera,<br class=\"bch4dcbow065stdpy\"\/> Mientras yo, fr\u00edo e inmortal,<br class=\"bch4dcbow065stdpy\"\/> Me siento en mi esfera.<\/p>\n<p class=\"bch4dcbow065stdpy\">Espronceda acaba:<\/p>\n<p class=\"bch4dcbow065stdpy\">Yo indiferente sigo mi camino<br class=\"bch4dcbow065stdpy\"\/> A merced de los vientos y la mar,<br class=\"bch4dcbow065stdpy\"\/> Y entregado en los brazos del destino,<br class=\"bch4dcbow065stdpy\"\/> Ni me importa salvarme o zozobrar.<\/p>\n<p class=\"bch4dcbow065stdpy\">Los dos poetas, rumano y espa\u00f1ol, gesticulan la falsa indiferencia, verdadero dolor, del solitario genio enamorado. Pr\u00e1cticamente, ambos poetas dan el mismo final a sus largos poemas. Uno queda en su esfera, inmortal y fr\u00edo; el otro sigue su camino indiferente. Ambos desde\u00f1an por el dolor y el desenga\u00f1o el contacto con lo terreno, uno arrojado al universo, el otro dejado en manos del destino.<\/p>\n<p class=\"bch4dcbow065stdpy\">El caso de Rub\u00e9n Dar\u00edo y <em>A Margarita Debayle<\/em> tambi\u00e9n es pr\u00f3ximo a Eminescu. El poeta rumano presenta su <em>Luceaf?rul<\/em> con la f\u00f3rmula \u201c\u00c9rase una vez, como en un cuento\u201d y el maestro nicarag\u00fcense nos dice \u201cMargarita, te voy a contar un cuento\u201d. \u00bfQu\u00e9 cuento? El de una princesa, la que nos faltaba en Espronceda, que roba una brillante estrella del cielo que le hace suspirar para engalanar su prendedor:<\/p>\n<p class=\"bch4dcbow065stdpy\">Una tarde, la princesa<br class=\"bch4dcbow065stdpy\"\/> vio una estrella aparecer;<br class=\"bch4dcbow065stdpy\"\/> la princesa era traviesa<br class=\"bch4dcbow065stdpy\"\/> y la quiso ir a coger.<br class=\"bch4dcbow065stdpy\"\/> La quer\u00eda para hacerla<br class=\"bch4dcbow065stdpy\"\/> decorar un prendedor,<br class=\"bch4dcbow065stdpy\"\/> con un verso y una perla<br class=\"bch4dcbow065stdpy\"\/> y una pluma y una flor.<br class=\"bch4dcbow065stdpy\"\/> Las princesas primorosas<br class=\"bch4dcbow065stdpy\"\/> se parecen mucho a ti:<br class=\"bch4dcbow065stdpy\"\/> cortan lirios, cortan rosas,<br class=\"bch4dcbow065stdpy\"\/> cortan astros. Son as\u00ed.<br class=\"bch4dcbow065stdpy\"\/> Pues se fue la ni\u00f1a bella,<br class=\"bch4dcbow065stdpy\"\/> bajo el cielo y sobre el mar,<br class=\"bch4dcbow065stdpy\"\/> a cortar la blanca estrella<br class=\"bch4dcbow065stdpy\"\/> que la hac\u00eda suspirar.<\/p>\n<p class=\"bch4dcbow065stdpy\">La princesa de Rub\u00e9n Dar\u00edo sale de noche \u201cbajo el cielo y sobre el mar\u201d, padre y madre del Lucero de Eminescu:<\/p>\n<p class=\"bch4dcbow065stdpy\">De mi esfera, a tu llamar,<br class=\"bch4dcbow065stdpy\"\/> A duras penas vuelo,<br class=\"bch4dcbow065stdpy\"\/> Mi madre es la profunda mar<br class=\"bch4dcbow065stdpy\"\/> Y padre \u2013 el alto cielo.<\/p>\n<p class=\"bch4dcbow065stdpy\">Al igual que en Eminescu el Lucero pertenece a un mundo divino e inmortal frente a lo terrenal, la princesa de Dar\u00edo es reprendida por el rey, su padre, no ya s\u00f3lo por haber salido de noche \u201csin permiso de pap\u00e1\u201d, sino por robar del cielo del Se\u00f1or la estrella que, ahora, ha de devolver:<\/p>\n<p class=\"bch4dcbow065stdpy\">Y el rey clama: \u00ab\u00bfNo te he dicho<br class=\"bch4dcbow065stdpy\"\/> que el azul no hay que cortar?.<br class=\"bch4dcbow065stdpy\"\/> \u00a1Qu\u00e9 locura!, \u00a1Qu\u00e9 capricho!\u2026<br class=\"bch4dcbow065stdpy\"\/> El Se\u00f1or se va a enojar\u00bb.<br class=\"bch4dcbow065stdpy\"\/> (\u2026)<br class=\"bch4dcbow065stdpy\"\/> Y el pap\u00e1 dice enojado:<br class=\"bch4dcbow065stdpy\"\/> \u00abUn castigo has de tener:<br class=\"bch4dcbow065stdpy\"\/> vuelve al cielo y lo robado<br class=\"bch4dcbow065stdpy\"\/> vas ahora a devolver\u00bb.<\/p>\n<p class=\"bch4dcbow065stdpy\">Rub\u00e9n Dar\u00edo posee la influencia de simbolistas y parnasianos, y, a su vez, del romanticismo tard\u00edo, elementos con los que juega creando un cuento de ritmo infantil recargado de exotismo. Sin embargo, Dar\u00edo rehuy\u00e9 el triste final de Eminescu y Espronceda, y hace descender al buen Jes\u00fas para que atestig\u00fce que la estrella fue un regalo suyo para la princesa:<\/p>\n<p class=\"bch4dcbow065stdpy\">Y as\u00ed dice: \u00abEn mis campi\u00f1as<br class=\"bch4dcbow065stdpy\"\/> esa rosa le ofrec\u00ed;<br class=\"bch4dcbow065stdpy\"\/> son mis flores de las ni\u00f1as<br class=\"bch4dcbow065stdpy\"\/> que al so\u00f1ar piensan en m\u00ed\u00bb.<\/p>\n<p class=\"bch4dcbow065stdpy\">La similitud entre el Lucero de Eminescu visto en sue\u00f1os por Catalina, y el Jes\u00fas divino pensado en sue\u00f1os por las ni\u00f1as a las que regala estrellas, es palpable. Junto a ello, como no pod\u00eda ser de otro modo, luce la separaci\u00f3n como tel\u00f3n de fondo, acabando Rub\u00e9n Dar\u00edo su poema:<\/p>\n<p class=\"bch4dcbow065stdpy\">Margarita, est\u00e1 linda la mar,<br class=\"bch4dcbow065stdpy\"\/> y el viento<br class=\"bch4dcbow065stdpy\"\/> lleva esencia sutil de azahar:<br class=\"bch4dcbow065stdpy\"\/> tu aliento.<br class=\"bch4dcbow065stdpy\"\/> Ya que lejos de m\u00ed vas a estar,<br class=\"bch4dcbow065stdpy\"\/> guarda, ni\u00f1a, un gentil pensamiento<br class=\"bch4dcbow065stdpy\"\/> al que un d\u00eda te quiso contar<br class=\"bch4dcbow065stdpy\"\/> un cuento.<\/p>\n<p class=\"bch4dcbow065stdpy\">\u00bfPuede, despu\u00e9s de estas sencillas y modestas lecturas, sonarle extra\u00f1o a un o\u00eddo hispano el <em>Luceaf?rul<\/em> de Eminescu? Si ese o\u00eddo gusta de su propia literatura, gusta de leer a Dar\u00edo y Espronceda, desde luego que no. Al contrario, en la coincidencia deber\u00eda encontrar m\u00e1s que razones para identificar en ese poema, el <em>Luceaf?rul<\/em> venido de Ruman\u00eda, un mismo esp\u00edritu po\u00e9tico universal, sin nacionalidad (Nicaragua, Espa\u00f1a, Francia, Inglaterra, Alemania, Ruman\u00eda\u2026 y porque me paro). Era esto, lector, lo que hoy quer\u00eda mostrarte de Eminescu, terminando, una vez m\u00e1s, con la pregunta conativa: \u00bfa qu\u00e9 esperamos para leer sus poemas?<\/p>\n<\/div>\n<div class=\"meta-pullout meta-left-pullout\">\n<ul>\n<li class=\"fix\"><span class=\"category\"><span class=\"icon\">&nbsp;<\/span> <a href=\"https:\/\/niramart.com\/revista-magazine\/category\/s5-articulos\/c39-articulos-espanol\/\" rel=\"category tag\">Articulos espa\u00f1ol<\/a>, <a href=\"https:\/\/niramart.com\/revista-magazine\/category\/literatura\/\" rel=\"category tag\">Literatura<\/a>, <a href=\"https:\/\/niramart.com\/revista-magazine\/category\/s5-articulos\/c58-no-1-2-2010\/\" rel=\"category tag\">N\u00ba 1 &#8211; 2, 2010<\/a><\/span><\/li>\n<\/ul>\n<\/div>\n<\/div>\n<footer class=\"post-footer postdata fix\"><\/footer>\n<section id=\"comments\"><\/section>\n<\/article>\n<nav class=\"post-nav fix\">\n<table>\n<tr>\n<td class=\"previous\"><a href=\"https:\/\/niramart.com\/revista-magazine\/vision-de-un-modelo-por-carla-nc\/\" rel=\"prev\"><span class=\"icon\">&nbsp;<\/span> Visi\u00f3n de un modelo por Carla N.C.<\/a><\/td>\n<td class=\"next\"><a href=\"https:\/\/niramart.com\/revista-magazine\" rel=\"next\"><span class=\"icon\">&nbsp;<\/span> ENTREVISTA CON EL ARTISTA ALEM\u00c1N SIEGFRIED STILLER por Fabianni Belemuski<\/a><\/td>\n<\/tr>\n<\/table>\n<\/nav>\n<\/div>\n<\/div>\n","protected":false,"raw":""},"excerpt":{"rendered":"<p>EL LUCEAFARUL DE EMINESCU EN DAR\u00cdO Y ESPRONCEDA por [&hellip;]<\/p>\n","protected":false},"author":0,"featured_media":0,"parent":0,"menu_order":0,"comment_status":"closed","ping_status":"closed","template":"","meta":{"footnotes":""},"class_list":["post-124","page","type-page","status-publish","hentry"],"yoast_head":"<!-- This site is optimized with the Yoast SEO plugin v27.4 - https:\/\/yoast.com\/product\/yoast-seo-wordpress\/ -->\n<title>EL LUCEAFARUL DE EMINESCU EN DAR\u00cdO Y ESPRONCEDA por H\u00c9CTOR MART\u00cdNEZ SANZ \u00bb Niram Art Magazine<\/title>\n<meta name=\"robots\" content=\"index, follow, max-snippet:-1, max-image-preview:large, max-video-preview:-1\" \/>\n<link rel=\"canonical\" href=\"https:\/\/niramart.com\/revista-magazine\/el-luceafarul-de-eminescu-en-dario-y-espronceda-por-hector-martinez-sanz\/\" \/>\n<meta property=\"og:type\" content=\"article\" \/>\n<meta property=\"og:title\" content=\"EL LUCEAFARUL DE EMINESCU EN DAR\u00cdO Y ESPRONCEDA por H\u00c9CTOR MART\u00cdNEZ SANZ \u00bb Niram Art Magazine\" \/>\n<meta property=\"og:description\" content=\"EL LUCEAFARUL DE EMINESCU EN DAR\u00cdO Y ESPRONCEDA por [&hellip;]\" \/>\n<meta property=\"og:url\" content=\"https:\/\/niramart.com\/revista-magazine\/el-luceafarul-de-eminescu-en-dario-y-espronceda-por-hector-martinez-sanz\/\" \/>\n<meta property=\"og:site_name\" content=\"Niram Art Magazine\" \/>\n<meta name=\"twitter:card\" content=\"summary_large_image\" \/>\n<meta name=\"twitter:label1\" content=\"Est. reading time\" \/>\n\t<meta name=\"twitter:data1\" content=\"8 minutes\" \/>\n<!-- \/ Yoast SEO plugin. -->","yoast_head_json":{"title":"EL LUCEAFARUL DE EMINESCU EN DAR\u00cdO Y ESPRONCEDA por H\u00c9CTOR MART\u00cdNEZ SANZ \u00bb Niram Art Magazine","robots":{"index":"index","follow":"follow","max-snippet":"max-snippet:-1","max-image-preview":"max-image-preview:large","max-video-preview":"max-video-preview:-1"},"canonical":"https:\/\/niramart.com\/revista-magazine\/el-luceafarul-de-eminescu-en-dario-y-espronceda-por-hector-martinez-sanz\/","og_type":"article","og_title":"EL LUCEAFARUL DE EMINESCU EN DAR\u00cdO Y ESPRONCEDA por H\u00c9CTOR MART\u00cdNEZ SANZ \u00bb Niram Art Magazine","og_description":"EL LUCEAFARUL DE EMINESCU EN DAR\u00cdO Y ESPRONCEDA por [&hellip;]","og_url":"https:\/\/niramart.com\/revista-magazine\/el-luceafarul-de-eminescu-en-dario-y-espronceda-por-hector-martinez-sanz\/","og_site_name":"Niram Art Magazine","twitter_card":"summary_large_image","twitter_misc":{"Est. reading time":"8 minutes"}},"_links":{"self":[{"href":"https:\/\/niramart.com\/revista-magazine\/wp-json\/wp\/v2\/pages\/124","targetHints":{"allow":["GET"]}}],"collection":[{"href":"https:\/\/niramart.com\/revista-magazine\/wp-json\/wp\/v2\/pages"}],"about":[{"href":"https:\/\/niramart.com\/revista-magazine\/wp-json\/wp\/v2\/types\/page"}],"replies":[{"embeddable":true,"href":"https:\/\/niramart.com\/revista-magazine\/wp-json\/wp\/v2\/comments?post=124"}],"version-history":[{"count":0,"href":"https:\/\/niramart.com\/revista-magazine\/wp-json\/wp\/v2\/pages\/124\/revisions"}],"wp:attachment":[{"href":"https:\/\/niramart.com\/revista-magazine\/wp-json\/wp\/v2\/media?parent=124"}],"curies":[{"name":"wp","href":"https:\/\/api.w.org\/{rel}","templated":true}]}}