{"id":115,"date":"2024-04-01T07:40:48","date_gmt":"2024-04-01T07:40:48","guid":{"rendered":"https:\/\/niramart.com\/revista-magazine\/dusica-nikolic-dann\/"},"modified":"2024-04-01T07:40:48","modified_gmt":"2024-04-01T07:40:48","slug":"dusica-nikolic-dann","status":"publish","type":"page","link":"https:\/\/niramart.com\/revista-magazine\/dusica-nikolic-dann\/","title":{"rendered":"DUSICA NIKOLIC DANN"},"content":{"rendered":"<div id=\"main-col\">\n<div id=\"content\">\n<article class=\"post-179 post type-post status-publish format-standard has-post-thumbnail hentry category-c41-articulos-portugues category-c49-marzo-abril-2011 tag-dusica-nikolic-dann category-15-id category-22-id full-content meta-position-left-pullout fix\" id=\"post-179\">\n<header class=\"post-header title-container fix\">\n<div class=\"title\">\n<h1 class=\"posttitle\"><a href=\"https:\/\/niramart.com\/revista-magazine\/dusica-nikolic-dann\/\" class=\"entry-title\" rel=\"bookmark\" title=\"DUSICA NIKOLIC DANN\">DUSICA NIKOLIC DANN<\/a><\/h1>\n<\/div>\n<div class=\"date\"><span class=\"month\">May<\/span> <span class=\"day\">21<\/span><span class=\"year\">2011<\/span><\/div>\n<\/header>\n<p> <span class=\"post-format-icon\">&nbsp;<\/span><span class=\"updated\" title=\"2011-05-21T20:21:17+00:00\">&nbsp;<\/span><\/p>\n<div class=\"entry-container fix\">\n<div class=\"entry fix\">\n<div class=\"left-thumbnail\"><img loading=\"lazy\" decoding=\"async\" width=\"150\" height=\"150\" src=\"https:\/\/niramart.com\/revista-magazine\/files\/wp-content\/uploads\/2011\/05\/dusica nikolic dann-150x150.jpg\" class=\"attachment-thumbnail size-thumbnail wp-post-image\" alt=\"DUSICA NIKOLIC DANN\"\/><\/div>\n<h1 class=\"MsoNormal\" style=\"text-align: center;\"><img loading=\"lazy\" decoding=\"async\" style=\"vertical-align: middle;\" alt=\"\" src=\"https:\/\/niramart.com\/revista-magazine\/files\/wp-content\/uploads\/2011\/05\/dusita.jpg\" width=\"409\" height=\"608\" border=\"0\"\/><\/h1>\n<h1 class=\"MsoNormal\" style=\"text-align: center;\"><strong>DUSICA NIKOLIC DANN <\/strong><\/h1>\n<p class=\"bch4dcbow065stdpy\">&nbsp;<\/p>\n<p class=\"bch4dcbow065stdpy\"><strong>Poes\u00edas do livro:<\/strong><\/p>\n<p class=\"bch4dcbow065stdpy\">&nbsp;<\/p>\n<p class=\"bch4dcbow065stdpy\"><strong>Outro Modo de Tristeza \/ ANOTHER WAY OF SADNESS, Editorial Alfalfa \u2013 2010<\/strong><\/p>\n<p class=\"bch4dcbow065stdpy\">&nbsp;<\/p>\n<h1><strong>Portugu\u00eas, English, Romana<\/strong><\/h1>\n<p class=\"bch4dcbow065stdpy\">&nbsp;<\/p>\n<h1 class=\"MsoNormal\" style=\"text-align: center;\">Mariposas<\/h1>\n<p class=\"MsoNormal\" style=\"text-align: center;\">\n<p class=\"MsoNormal\" style=\"text-align: center;\">Na morgue, jazem mariposas mortas.<\/p>\n<p class=\"MsoNormal\" style=\"text-align: center;\">Os seus olhos pretos e abertos.<\/p>\n<p class=\"MsoNormal\" style=\"text-align: center;\">Enterrarei-as nas caixas de seda fina.<\/p>\n<p class=\"MsoNormal\" style=\"text-align: center;\">Eram as minhas mariposas, h\u00e1 alg\u00fam tempo atr\u00e1s<\/p>\n<p class=\"MsoNormal\" style=\"text-align: center;\">E habitavam nos meus pulm\u00f5es.<\/p>\n<p class=\"MsoNormal\" style=\"text-align: center;\">\n<p class=\"MsoNormal\" style=\"text-align: center;\">Totalmente sozinha<\/p>\n<p class=\"MsoNormal\" style=\"text-align: center;\">Estou indiferente \u00e0 minha d\u00f4r.<\/p>\n<p class=\"MsoNormal\" style=\"text-align: center;\">Fora de mim,<\/p>\n<p class=\"MsoNormal\" style=\"text-align: center;\">Flota como esfera<\/p>\n<p class=\"MsoNormal\" style=\"text-align: center;\">Quase perfeita<\/p>\n<p class=\"MsoNormal\" style=\"text-align: center;\">A\u00ed, aonde batem asas mortas,<\/p>\n<p class=\"MsoNormal\" style=\"text-align: center;\">Debaixo da alma.<\/p>\n<p class=\"MsoNormal\" style=\"text-align: center;\">\n<p class=\"MsoNormal\" style=\"text-align: center;\">P\u00e1ssaros nocturnos<\/p>\n<p class=\"MsoNormal\" style=\"text-align: center;\">Com unhas de obsidiana\u2026<\/p>\n<p class=\"MsoNormal\" style=\"text-align: center;\">E ouvia-se como crescia a planta<\/p>\n<p class=\"MsoNormal\" style=\"text-align: center;\">Que curraria<\/p>\n<p class=\"MsoNormal\" style=\"text-align: center;\">O meu cora\u00e7\u00e3o desgarrado.<\/p>\n<p class=\"MsoNormal\" style=\"text-align: center;\">\n<p class=\"MsoNormal\" style=\"text-align: center;\">*<\/p>\n<p class=\"MsoNormal\" style=\"text-align: center;\">\n<h1 class=\"MsoNormal\" style=\"text-align: center;\">As esperan\u00e7as<\/h1>\n<p class=\"MsoNormal\" style=\"text-align: center;\">\n<p class=\"MsoNormal\" style=\"text-align: center;\">Doentes os press\u00e1gios<\/p>\n<p class=\"MsoNormal\" style=\"text-align: center;\">Acabada a esperan\u00e7a.<\/p>\n<p class=\"MsoNormal\" style=\"text-align: center;\">Sem importar agora o fasto e o brilho,<\/p>\n<p class=\"MsoNormal\" style=\"text-align: center;\">Sinos surgidos da minha almohada verde.<\/p>\n<p class=\"MsoNormal\" style=\"text-align: center;\">Vazios os dedos.<\/p>\n<p class=\"MsoNormal\" style=\"text-align: center;\">Somente nos p\u00f4res-de-sol<\/p>\n<p class=\"MsoNormal\" style=\"text-align: center;\">Repite-se<\/p>\n<p class=\"MsoNormal\" style=\"text-align: center;\">Um tremor amoroso.<\/p>\n<p class=\"MsoNormal\" style=\"text-align: center;\">E ainda sem tacto,<\/p>\n<p class=\"MsoNormal\" style=\"text-align: center;\">Todo faz-mo recordar.<\/p>\n<p class=\"MsoNormal\" style=\"text-align: center;\">\n<p class=\"MsoNormal\" style=\"text-align: center;\">*<\/p>\n<h1 class=\"MsoNormal\" style=\"text-align: center;\">O Gravado<\/h1>\n<p class=\"MsoNormal\" style=\"text-align: center;\">\n<p class=\"MsoNormal\" style=\"text-align: center;\">Em alguma parte, no fim do mundo,<\/p>\n<p class=\"MsoNormal\" style=\"text-align: center;\">Os olhos grandes de um rapaz solitario<\/p>\n<p class=\"MsoNormal\" style=\"text-align: center;\">Flotam por entre as plumas.<\/p>\n<p class=\"MsoNormal\" style=\"text-align: center;\">Indiferente frente \u00e0 uma porta: um c\u00e3o pequeno.<\/p>\n<p class=\"MsoNormal\" style=\"text-align: center;\">Dormo debaixo do canal g\u00e9lido<\/p>\n<p class=\"MsoNormal\" style=\"text-align: center;\">A noite acaricia-me com a sua m\u00e3o assustadora.<\/p>\n<p class=\"MsoNormal\" style=\"text-align: center;\">Os cavaleiros no horizonte met\u00e1lico.<\/p>\n<p class=\"MsoNormal\" style=\"text-align: center;\">As torres de Turgun sobre a colina<\/p>\n<p class=\"MsoNormal\" style=\"text-align: center;\">Apagaram as velas nas suas janelas.<\/p>\n<p class=\"MsoNormal\" style=\"text-align: center;\">O vento folheia um libro antiguo,<\/p>\n<p class=\"MsoNormal\" style=\"text-align: center;\">Sonho com letras estranhas.<\/p>\n<p class=\"MsoNormal\" style=\"text-align: center;\">Os santos descalzos andam sem voz,<\/p>\n<p class=\"MsoNormal\" style=\"text-align: center;\">As aur\u00e9olas tras deles como cadeia flotante.<\/p>\n<p class=\"MsoNormal\" style=\"text-align: center;\">Um raio parte o c\u00e9u em peda\u00e7os para algui\u00e9m<\/p>\n<p class=\"MsoNormal\" style=\"text-align: center;\">Sozinha.<\/p>\n<p class=\"MsoNormal\" style=\"text-align: center;\">Estou a dormir ao lado da pared de pedra.<\/p>\n<p class=\"MsoNormal\" style=\"text-align: center;\">Dentro de mim, acristalado, o sil\u00eancio.<\/p>\n<p class=\"MsoNormal\" style=\"text-align: center;\">\n<p class=\"MsoNormal\" style=\"text-align: center;\">*<\/p>\n<div class=\"MsoNormal\" style=\"text-align: center;\">\n<hr size=\"2\" width=\"100%\"\/><\/div>\n<h1 class=\"MsoNormal\" style=\"text-align: center;\">Butterflies<\/h1>\n<p class=\"MsoNormal\" style=\"text-align: center;\">\n<p class=\"MsoNormal\" style=\"text-align: center;\">In the morgue dead butterflies are lying.<\/p>\n<p class=\"MsoNormal\" style=\"text-align: center;\">Their eyes, black and open.<\/p>\n<p class=\"MsoNormal\" style=\"text-align: center;\">I will bury them in boxes of fine silk.<\/p>\n<p class=\"MsoNormal\" style=\"text-align: center;\">They were my butterflies, some time ago,<\/p>\n<p class=\"MsoNormal\" style=\"text-align: center;\">And they used to live inside my lungs.<\/p>\n<p class=\"MsoNormal\" style=\"text-align: center;\">\n<p class=\"MsoNormal\" style=\"text-align: center;\">Completely alone,<\/p>\n<p class=\"MsoNormal\" style=\"text-align: center;\">I am indifferent to my pain.<\/p>\n<p class=\"MsoNormal\" style=\"text-align: center;\">Outside myself,<\/p>\n<p class=\"MsoNormal\" style=\"text-align: center;\">It is floating like an almost perfect sphere.<\/p>\n<p class=\"MsoNormal\" style=\"text-align: center;\">There, where dead wings are beating,<\/p>\n<p class=\"MsoNormal\" style=\"text-align: center;\">Underneath the soul.<\/p>\n<p class=\"MsoNormal\" style=\"text-align: center;\">\n<p class=\"MsoNormal\" style=\"text-align: center;\">Nocturnal birds<\/p>\n<p class=\"MsoNormal\" style=\"text-align: center;\">With obsidian nails\u2026<\/p>\n<p class=\"MsoNormal\" style=\"text-align: center;\">And one could hear the growing of the plant<\/p>\n<p class=\"MsoNormal\" style=\"text-align: center;\">That would cure<\/p>\n<p class=\"MsoNormal\" style=\"text-align: center;\">My broken heart.<\/p>\n<p class=\"MsoNormal\" style=\"text-align: center;\">\n<p class=\"MsoNormal\" style=\"text-align: center;\">\n<p class=\"MsoNormal\" style=\"text-align: center;\">*<\/p>\n<p class=\"MsoNormal\" style=\"text-align: center;\">\n<h1 class=\"MsoNormal\" style=\"text-align: center;\">The Hopes<\/h1>\n<p class=\"MsoNormal\" style=\"text-align: center;\">\n<p class=\"MsoNormal\" style=\"text-align: center;\">Ill misgivings<\/p>\n<p class=\"MsoNormal\" style=\"text-align: center;\">Finished hope.<\/p>\n<p class=\"MsoNormal\" style=\"text-align: center;\">The opulence and the brightness are of no use now.<\/p>\n<p class=\"MsoNormal\" style=\"text-align: center;\">Bells coming from my green pillow.<\/p>\n<p class=\"MsoNormal\" style=\"text-align: center;\">Empty fingers.<\/p>\n<p class=\"MsoNormal\" style=\"text-align: center;\">Only at dusk<\/p>\n<p class=\"MsoNormal\" style=\"text-align: center;\">A tender trembling keeps on repeating itself.<\/p>\n<p class=\"MsoNormal\" style=\"text-align: center;\">Still without a touch<\/p>\n<p class=\"MsoNormal\" style=\"text-align: center;\">Everything reminds me of it.<\/p>\n<p class=\"MsoNormal\" style=\"text-align: center;\">\n<p class=\"MsoNormal\" style=\"text-align: center;\">*<\/p>\n<p class=\"MsoNormal\" style=\"text-align: center;\">\n<h1 class=\"MsoNormal\" style=\"text-align: center;\">The Engraving<\/h1>\n<p class=\"MsoNormal\" style=\"text-align: center;\">\n<p class=\"MsoNormal\" style=\"text-align: center;\">Somewhere, towards the end of the world,<\/p>\n<p class=\"MsoNormal\" style=\"text-align: center;\">The big eyes of a lonely boy<\/p>\n<p class=\"MsoNormal\" style=\"text-align: center;\">Are floating between feathers.<\/p>\n<p class=\"MsoNormal\" style=\"text-align: center;\">Indifferent, in front of a door: a little dog.<\/p>\n<p class=\"MsoNormal\" style=\"text-align: center;\">I am sleeping below the frozen canal<\/p>\n<p class=\"MsoNormal\" style=\"text-align: center;\">The night is caressing me with its terrifying hand.<\/p>\n<p class=\"MsoNormal\" style=\"text-align: center;\">Horsemen in the metallic horizon.<\/p>\n<p class=\"MsoNormal\" style=\"text-align: center;\">The Towers of Turgun on top of a hill<\/p>\n<p class=\"MsoNormal\" style=\"text-align: center;\">Are putting out the candles of their windows.<\/p>\n<p class=\"MsoNormal\" style=\"text-align: center;\">The wind is browsing through an old book,<\/p>\n<p class=\"MsoNormal\" style=\"text-align: center;\">I dream of strange letters.<\/p>\n<p class=\"MsoNormal\" style=\"text-align: center;\">Bare-footed saints are walking without a voice,<\/p>\n<p class=\"MsoNormal\" style=\"text-align: center;\">The halos behind them like floating chains.<\/p>\n<p class=\"MsoNormal\" style=\"text-align: center;\">A ray breaks the sky into pieces for someone<\/p>\n<p class=\"MsoNormal\" style=\"text-align: center;\">Alone.<\/p>\n<p class=\"MsoNormal\" style=\"text-align: center;\">I am sleeping beside the stone wall.<\/p>\n<p class=\"MsoNormal\" style=\"text-align: center;\">Within me, crystal-like, the silence.<\/p>\n<p class=\"MsoNormal\" style=\"text-align: center;\">\n<p class=\"MsoNormal\" style=\"text-align: center;\">*<\/p>\n<div class=\"MsoNormal\" style=\"text-align: center;\">\n<hr size=\"2\" width=\"100%\"\/><\/div>\n<p class=\"MsoNormal\" style=\"text-align: center;\">\n<h1 class=\"MsoNormal\" style=\"text-align: center;\">Fluturi<\/h1>\n<p class=\"MsoNormal\" style=\"text-align: center;\">\n<p class=\"MsoNormal\" style=\"text-align: center;\">La morga, zac fluturi morti<\/p>\n<p class=\"MsoNormal\" style=\"text-align: center;\">Ochii lor sunt negri si deschisi.<\/p>\n<p class=\"MsoNormal\" style=\"text-align: center;\">Ii voi ingropa in cutii de matase fina.<\/p>\n<p class=\"MsoNormal\" style=\"text-align: center;\">Erau fluturii mei, odinioara<\/p>\n<p class=\"MsoNormal\" style=\"text-align: center;\">Si locuiau in plamanii mei.<\/p>\n<p class=\"MsoNormal\" style=\"text-align: center;\">\n<p class=\"MsoNormal\" style=\"text-align: center;\">Complet singura<\/p>\n<p class=\"MsoNormal\" style=\"text-align: center;\">Sunt indiferenta la durerea mea.<\/p>\n<p class=\"MsoNormal\" style=\"text-align: center;\">In afara mea,<\/p>\n<p class=\"MsoNormal\" style=\"text-align: center;\">Pluteste ca o sfera<\/p>\n<p class=\"MsoNormal\" style=\"text-align: center;\">Aproape perfecta<\/p>\n<p class=\"MsoNormal\" style=\"text-align: center;\">Acolo, unde se zbat aripi moarte<\/p>\n<p class=\"MsoNormal\" style=\"text-align: center;\">Sub suflet.<\/p>\n<p class=\"MsoNormal\" style=\"text-align: center;\">\n<p class=\"MsoNormal\" style=\"text-align: center;\">Pasari nocturne<\/p>\n<p class=\"MsoNormal\" style=\"text-align: center;\">Cu unghii de obsidiana\u2026<\/p>\n<p class=\"MsoNormal\" style=\"text-align: center;\">Si se auzea crescand planta<\/p>\n<p class=\"MsoNormal\" style=\"text-align: center;\">Care imi va vindeca<\/p>\n<p class=\"MsoNormal\" style=\"text-align: center;\">Inima zdrobita<\/p>\n<p class=\"MsoNormal\" style=\"text-align: center;\">\n<p class=\"MsoNormal\" style=\"text-align: center;\">*<\/p>\n<p class=\"MsoNormal\" style=\"text-align: center;\">\n<h1 class=\"MsoNormal\" style=\"text-align: center;\">Sperantele<\/h1>\n<p class=\"MsoNormal\" style=\"text-align: center;\">\n<p class=\"MsoNormal\" style=\"text-align: center;\">Presentimente bolnave<\/p>\n<p class=\"MsoNormal\" style=\"text-align: center;\">Speranta sfarsita.<\/p>\n<p class=\"MsoNormal\" style=\"text-align: center;\">Fara sa mai aiba importanta fastul si stralucirea,<\/p>\n<p class=\"MsoNormal\" style=\"text-align: center;\">Clopotei veniti din perna mea verde.<\/p>\n<p class=\"MsoNormal\" style=\"text-align: center;\">Degete goale.<\/p>\n<p class=\"MsoNormal\" style=\"text-align: center;\">Doar la asfintituri<\/p>\n<p class=\"MsoNormal\" style=\"text-align: center;\">Se repete<\/p>\n<p class=\"MsoNormal\" style=\"text-align: center;\">Un tremurat tandru.<\/p>\n<p class=\"MsoNormal\" style=\"text-align: center;\">Si inca fara vreo atingere<\/p>\n<p class=\"MsoNormal\" style=\"text-align: center;\">Totul mi-l aduce aminte.<\/p>\n<p class=\"MsoNormal\" style=\"text-align: center;\">\n<p class=\"MsoNormal\" style=\"text-align: center;\">\n<p class=\"MsoNormal\" style=\"text-align: center;\">*<\/p>\n<p class=\"MsoNormal\" style=\"text-align: center;\">\n<h1 class=\"MsoNormal\" style=\"text-align: center;\">Gravura<\/h1>\n<p class=\"MsoNormal\" style=\"text-align: center;\">\n<p class=\"MsoNormal\" style=\"text-align: center;\">Undeva, catre sfarsitul lumii,<\/p>\n<p class=\"MsoNormal\" style=\"text-align: center;\">Ochii mari ai unui baiat singuratic<\/p>\n<p class=\"MsoNormal\" style=\"text-align: center;\">Plutesc printre pene<\/p>\n<p class=\"MsoNormal\" style=\"text-align: center;\">Indiferent in fata unei porti: un catel<\/p>\n<p class=\"MsoNormal\" style=\"text-align: center;\">Dorm sub canalul inghetat.<\/p>\n<p class=\"MsoNormal\" style=\"text-align: center;\">Noaptea ma mangaie cu mana sa ingrozitoare.<\/p>\n<p class=\"MsoNormal\" style=\"text-align: center;\">Calareti in orizontul metalic.<\/p>\n<p class=\"MsoNormal\" style=\"text-align: center;\">Turnurile din Turgun in varful colinei<\/p>\n<p class=\"MsoNormal\" style=\"text-align: center;\">Isi sting lumanarile din geamuri<\/p>\n<p class=\"MsoNormal\" style=\"text-align: center;\">Vantul rasfoieste o carte veche.<\/p>\n<p class=\"MsoNormal\" style=\"text-align: center;\">Visez litere ciudate<\/p>\n<p class=\"MsoNormal\" style=\"text-align: center;\">Sfinti desculti umbla fara voce<\/p>\n<p class=\"MsoNormal\" style=\"text-align: center;\">Cu aurelolele dupa ei ca niste lanturi plutitoare<\/p>\n<p class=\"MsoNormal\" style=\"text-align: center;\">Un fulger imparte cerul in bucati pentru cineva.<\/p>\n<p class=\"MsoNormal\" style=\"text-align: center;\">Singura.<\/p>\n<p class=\"MsoNormal\" style=\"text-align: center;\">Dorm langa peretele de piatra.<\/p>\n<p class=\"MsoNormal\" style=\"text-align: center;\">Inauntrul meu, cristalina, tacerea<\/p>\n<p class=\"bch4dcbow065stdpy\">&nbsp;<\/p>\n<\/div>\n<div class=\"meta-pullout meta-left-pullout\">\n<ul>\n<li class=\"fix\"><span class=\"category\"><span class=\"icon\">&nbsp;<\/span> <a href=\"https:\/\/niramart.com\/revista-magazine\/category\/s5-articulos\/c41-articulos-portugues\/\" rel=\"category tag\">Artigos em Portugu\u00eas<\/a>, <a href=\"https:\/\/niramart.com\/revista-magazine\/category\/s5-articulos\/c49-marzo-abril-2011\/\" rel=\"category tag\">N\u00ba 3-4, 2011<\/a><\/span><\/li>\n<li class=\"fix\"><span class=\"tags tax\"><span class=\"icon\">&nbsp;<\/span>Tagged with: <a href=\"https:\/\/niramart.com\/revista-magazine\" rel=\"tag\">DUSICA NIKOLIC DANN<\/a><\/span><\/li>\n<\/ul>\n<\/div>\n<\/div>\n<footer class=\"post-footer postdata fix\"><\/footer>\n<section id=\"comments\"><\/section>\n<\/article>\n<nav class=\"post-nav fix\">\n<table>\n<tr>\n<td class=\"previous\"><a href=\"https:\/\/niramart.com\/revista-magazine\" rel=\"prev\"><span class=\"icon\">&nbsp;<\/span> Hil\u00e1rio Teixeira Lopes \u2013 MUSEU DA \u00c1GUA<\/a><\/td>\n<td class=\"next\"><a href=\"https:\/\/niramart.com\/revista-magazine\" rel=\"next\"><span class=\"icon\">&nbsp;<\/span> Onik Sahakian: Time For Wine and Roses<\/a><\/td>\n<\/tr>\n<\/table>\n<\/nav>\n<\/div>\n<\/div>\n","protected":false,"raw":""},"excerpt":{"rendered":"<p>DUSICA NIKOLIC DANN May 212011 &nbsp;&nbsp; DUSICA NIKOLIC DANN [&hellip;]<\/p>\n","protected":false},"author":0,"featured_media":0,"parent":0,"menu_order":0,"comment_status":"closed","ping_status":"closed","template":"","meta":{"footnotes":""},"class_list":["post-115","page","type-page","status-publish","hentry"],"yoast_head":"<!-- This site is optimized with the Yoast SEO plugin v27.4 - https:\/\/yoast.com\/product\/yoast-seo-wordpress\/ -->\n<title>DUSICA NIKOLIC DANN \u00bb Niram Art Magazine<\/title>\n<meta name=\"robots\" content=\"index, follow, max-snippet:-1, max-image-preview:large, max-video-preview:-1\" \/>\n<link rel=\"canonical\" href=\"https:\/\/niramart.com\/revista-magazine\/dusica-nikolic-dann\/\" \/>\n<meta property=\"og:type\" content=\"article\" \/>\n<meta property=\"og:title\" content=\"DUSICA NIKOLIC DANN \u00bb Niram Art Magazine\" \/>\n<meta property=\"og:description\" content=\"DUSICA NIKOLIC DANN May 212011 &nbsp;&nbsp; DUSICA NIKOLIC DANN [&hellip;]\" \/>\n<meta property=\"og:url\" content=\"https:\/\/niramart.com\/revista-magazine\/dusica-nikolic-dann\/\" \/>\n<meta property=\"og:site_name\" content=\"Niram Art Magazine\" \/>\n<meta name=\"twitter:card\" content=\"summary_large_image\" \/>\n<meta name=\"twitter:label1\" content=\"Est. reading time\" \/>\n\t<meta name=\"twitter:data1\" content=\"3 minutes\" \/>\n<!-- \/ Yoast SEO plugin. -->","yoast_head_json":{"title":"DUSICA NIKOLIC DANN \u00bb Niram Art Magazine","robots":{"index":"index","follow":"follow","max-snippet":"max-snippet:-1","max-image-preview":"max-image-preview:large","max-video-preview":"max-video-preview:-1"},"canonical":"https:\/\/niramart.com\/revista-magazine\/dusica-nikolic-dann\/","og_type":"article","og_title":"DUSICA NIKOLIC DANN \u00bb Niram Art Magazine","og_description":"DUSICA NIKOLIC DANN May 212011 &nbsp;&nbsp; DUSICA NIKOLIC DANN [&hellip;]","og_url":"https:\/\/niramart.com\/revista-magazine\/dusica-nikolic-dann\/","og_site_name":"Niram Art Magazine","twitter_card":"summary_large_image","twitter_misc":{"Est. reading time":"3 minutes"}},"_links":{"self":[{"href":"https:\/\/niramart.com\/revista-magazine\/wp-json\/wp\/v2\/pages\/115","targetHints":{"allow":["GET"]}}],"collection":[{"href":"https:\/\/niramart.com\/revista-magazine\/wp-json\/wp\/v2\/pages"}],"about":[{"href":"https:\/\/niramart.com\/revista-magazine\/wp-json\/wp\/v2\/types\/page"}],"replies":[{"embeddable":true,"href":"https:\/\/niramart.com\/revista-magazine\/wp-json\/wp\/v2\/comments?post=115"}],"version-history":[{"count":0,"href":"https:\/\/niramart.com\/revista-magazine\/wp-json\/wp\/v2\/pages\/115\/revisions"}],"wp:attachment":[{"href":"https:\/\/niramart.com\/revista-magazine\/wp-json\/wp\/v2\/media?parent=115"}],"curies":[{"name":"wp","href":"https:\/\/api.w.org\/{rel}","templated":true}]}}