{"id":112,"date":"2024-04-01T07:40:48","date_gmt":"2024-04-01T07:40:48","guid":{"rendered":"https:\/\/niramart.com\/revista-magazine\/drumul-catre-suflet-de-valentina-alexa\/"},"modified":"2024-04-01T07:40:48","modified_gmt":"2024-04-01T07:40:48","slug":"drumul-catre-suflet-de-valentina-alexa","status":"publish","type":"page","link":"https:\/\/niramart.com\/revista-magazine\/drumul-catre-suflet-de-valentina-alexa\/","title":{"rendered":"Drumul c\u0103tre suflet de Valentina Alexa"},"content":{"rendered":"<div id=\"main-col\">\n<div id=\"content\">\n<article class=\"post-1437 post type-post status-publish format-standard hentry category-uncategorized category-1-id full-content meta-position-left-pullout fix\" id=\"post-1437\">\n<header class=\"post-header title-container fix\">\n<div class=\"title\">\n<h1 class=\"posttitle\"><a href=\"https:\/\/niramart.com\/revista-magazine\/drumul-catre-suflet-de-valentina-alexa\/\" class=\"entry-title\" rel=\"bookmark\" title=\"Drumul c\u0103tre suflet de Valentina Alexa\">Drumul c\u0103tre suflet de Valentina Alexa<\/a><\/h1>\n<\/div>\n<div class=\"date\"><span class=\"month\">Jul<\/span> <span class=\"day\">08<\/span><span class=\"year\">2016<\/span><\/div>\n<\/header>\n<p> <span class=\"post-format-icon\">&nbsp;<\/span><span class=\"updated\" title=\"2016-07-08T18:37:10+00:00\">&nbsp;<\/span><\/p>\n<div class=\"entry-container fix\">\n<div class=\"entry fix\">\n<p class=\"bch4dcbow065stdpy\">Azi ne m\u00e2ndrim cu cariera noastr\u0103, cu casele, ma\u0219inile, conturile \u00een b\u0103nci, cu vacan\u021bele exotice \u0219i cu traiul bun! Ne m\u00e2ndrim cu pierderea treptat\u0103 a valorilor fundamentale, cu transformarea verdelui din iarba de pe c\u00e2mp \u00een beton rece \u0219i gri. Ne m\u00e2ndrim c\u0103 suntem tari, rezerva\u021bi, sobri \u0219i glaciali. \u00centr-un cuv\u00e2nt: importan\u021bi! Ne e ru\u0219ine s\u0103 mai fim bl\u00e2nzi, cumin\u021bi, cere\u0219ti!<\/p>\n<p class=\"bch4dcbow065stdpy\">Suntem transforma\u021bi, uniformiza\u021bi \u0219i ne-am pierdut bucuria! Bucuria incandescent\u0103 a vie\u021bii nu mai exist\u0103 demult! Totul este comercial, consum, rutin\u0103. Ici-colo c\u00e2te o sc\u00e2nteie de suflet omenesc mai p\u00e2lp\u00e2ie bl\u00e2nd \u0219i c\u0103lduros. Atra\u0219i de c\u0103ldura sufletelor \u00eenc\u0103 vii, ne str\u00e2ngem ca l\u00e2ng\u0103 un magnet s\u0103 sorbim energie, s\u0103 sorbim esen\u021ba pur\u0103 a vie\u021bii: BUN\u0102TATEA!<\/p>\n<p class=\"bch4dcbow065stdpy\">Fii bun, omule \u0219i bun\u0103tatea ta te va \u00een\u0103l\u021ba la Cer! Fii bun \u0219i drept \u0219i bl\u00e2nd \u0219i luminos, tr\u0103ie\u0219te pentru Dumnezeu \u0219i prin Dumnezeu \u0219i Lumina va str\u0103luci prin tine!<\/p>\n<p class=\"bch4dcbow065stdpy\">O dat\u0103, de dou\u0103 ori \u0219i oamenii nu te vor uita! Oamenii se vor lipi de tine, te vor chema, te vor urma \u0219i vei fi modelul lor de m\u00e2ine.<\/p>\n<p class=\"bch4dcbow065stdpy\">Unde sunt azi modelele noastre pline de Lumin\u0103 \u0219i speran\u021b\u0103 \u0219i d\u0103t\u0103toare de adev\u0103r?<\/p>\n<p class=\"bch4dcbow065stdpy\">S-au ascuns sub teancul de dosare, sub monitoarele duble \u0219i se m\u00e2ndresc cu viteza lor de scriere pe tastatur\u0103. O lume f\u0103r\u0103 sc\u00e2nteiere, o lume apatic\u0103, ucis\u0103 din faza av\u00e2ntului ei de rigoare \u0219i canoane, de proceduri \u0219i target-uri de deadline-uri \u0219i de competi\u021bie.<\/p>\n<p class=\"bch4dcbow065stdpy\">Oamenii mor din lips\u0103 de bucurie. Triste\u021bea a ucis bucuria \u0219i a \u00eengropat-o undeva ad\u00e2nc \u00een sufletul omenesc.<\/p>\n<p class=\"bch4dcbow065stdpy\">Din durerea cea mai ad\u00e2nc\u0103 \u0219i din triste\u021bea cea mai mare, mugurii unui suflet r\u0103zb\u0103t\u0103tor ies la lumin\u0103. Durerea ne sparge carapacea \u0219i vorbim\u2026ne d\u0103m jos armura, masca, fardul. R\u0103m\u00e2nem goi, tri\u0219ti, sinceri\u2026noi \u00een\u0219ine.<\/p>\n<p class=\"bch4dcbow065stdpy\">Ce ne facem c\u00e2nd nu mai g\u0103sim drumul c\u0103tre sufletul nostru? Cum s\u0103-l reg\u0103sim? Ne trebuie av\u00e2nt, ne trebuie putere, pace \u0219i credin\u021b\u0103. Ne trebuie un \u021bel. Un \u021bel atotcuprinz\u0103tor spre bine! L\u0103sa\u021bi-v\u0103 liberi!!! Liberi de lan\u021burile impuse de normele societ\u0103\u021bii triste de azi!<\/p>\n<p class=\"bch4dcbow065stdpy\">Vibra\u021bi, tr\u0103i\u021bi, iubi\u021bi, c\u00e2nta\u021bi! L\u0103sa\u021bi-v\u0103 viu, sufletul! Sim\u021bi\u021bi prin el, tr\u0103iti prin el! Face\u021bi ce v\u0103 spune el! Nu v\u0103 teme\u021bi de ridicol! Sufletul v\u0103 va ghida spre bine! Binele atrage bine \u0219i sim\u021birea sufletului aduce reconectarea cu tine \u00eensu\u021bi! Sim\u021bi c\u0103ldur\u0103, vibra\u021bie, energie!<\/p>\n<p class=\"bch4dcbow065stdpy\">Florile, prim\u0103vara, natura, apa, Lumina, speran\u021ba, toate te trezesc din amor\u021beal\u0103.<\/p>\n<p class=\"bch4dcbow065stdpy\">Prive\u0219te o floare, joac\u0103-te cu c\u0103\u021belul t\u0103u, fugi descul\u021b pe plaj\u0103, c\u00e2nt\u0103, \u00eenv\u00e2rte\u0219te-te, strig\u0103, pl\u00e2ngi! Exi\u0219ti! F\u0103 act de prezen\u021ba ta pe acest P\u0103m\u00e2nt, d\u0103ruind necondi\u021bionat bun\u0103tate! Iube\u0219te atunci c\u00e2nd ar trebui s\u0103 ur\u0103\u0219ti, iart\u0103 \u00een loc s\u0103 critici, particip\u0103 la via\u021b\u0103!<\/p>\n<p class=\"bch4dcbow065stdpy\">Via\u021ba e aici, te a\u0219teapt\u0103!!! F\u0103 lucruri simple, autentice \u0219i \u021bine minte c\u0103 ele sunt mai importante dec\u00e2t orice marc\u0103 special\u0103 de ma\u0219in\u0103 \u0219i mai de valoare dec\u00e2t toate comorile lumii.<\/p>\n<p class=\"bch4dcbow065stdpy\">C\u00e2ndva, c\u00e2nd nu vei mai putea merge, \u00ee\u021bi vei aminti cum aluneca apa m\u0103rii pe obrajii t\u0103i limpezi, \u00ee\u021bi vei aminti cum c\u0103\u021belu\u0219ul t\u0103u \u021bi-a dat un s\u0103rut, vei \u0219ti ce culoare a avut o pas\u0103re mica ce te-a vizitat diminea\u021ba la geam. Ce importante sunt!!! \u0218i soarele str\u0103luce\u0219te \u0219i m\u00e2ine \u0219i poim\u00e2ine pentru tine, pentru mine, pentru noi. A\u0219teapt\u0103 s\u0103 te treze\u0219ti suflet trist preocupat s\u0103 aduni mul\u021bi bani, \u00eengrijorat s\u0103 nu te \u0219tie al\u021bii. Umbli s\u0103 te ascunzi, nu dormi noaptea, te temi. Dar tu, cel care vrei o carier\u0103 universitar\u0103? Te compari cu elitele \u0219i vezi c\u0103 nu e\u0219ti bun, nu e\u0219ti la nivelul lor \u0219i te sim\u021bi inutil. \u00ce\u021bi diminuezi \u00eencrederea \u00een propria persoan\u0103 \u0219i pl\u00e2ngi pentru c\u0103 nu e\u0219ti un \u2026robot. Ui\u021bi c\u0103 \u00een tine zac valori at\u00e2t de mari pe care nu le folose\u0219ti.<\/p>\n<p class=\"bch4dcbow065stdpy\">Sufletul t\u0103u, iat\u0103 averea ta! Ce faci cu el? Cum \u00eel \u00eengrije\u0219ti? Cum te bucuri \u0219i ce vei spune c\u00eend te vei \u00eent\u00eelni cu Cel ce \u021bi-a dat aceast\u0103 valoare? Vrei s\u0103 fie sufletul t\u0103u un pom roditor sau doar umbra unui pom uscat? Via\u021ba te cheam\u0103, deschide-te, vino, ajut\u0103! Fii l\u00e2ng\u0103 oameni, iube\u0219te-i, ajut\u0103-i! C\u00eend sunt mai tare r\u0103ni\u021bi, atunci s\u0103 fii l\u00e2ng\u0103 ei! Chiar dac\u0103 te r\u0103nesc de moarte, r\u0103nile se vindec\u0103 \u0219i puterea e mai mare! Implic\u0103-te, tr\u0103ie\u0219te, \u00eendr\u0103zne\u0219te s\u0103 fii tu! Rupe lan\u021burile ideilor gre\u0219ite \u0219i fii liber s\u0103 te \u00eenal\u021bi spre cerul cu stele de aur \u0219i mantie albastr\u0103. Totul str\u0103luce\u0219te \u00een jurul t\u0103u \u0219i e\u0219ti o lumin\u0103. Lumineaz\u0103 \u00een calea ta, f\u0103 bine \u0219i binele nu va p\u0103r\u0103si casa ta!<\/p>\n<p class=\"bch4dcbow065stdpy\">Un suflet bun! Iat\u0103 comoara cea mai de pre\u021b. Drumul c\u0103tre sufletul meu e o potec\u0103 \u00eengust\u0103 \u0219i trist\u0103, \u00eens\u00e2ngerat\u0103, cu bolovani \u0219i cu flori albe de crin. Merg pe el cu \u00eencredere \u0219i nu voi p\u0103r\u0103si niciodat\u0103 poteca cea \u00eengust\u0103 pe care nu m\u0103 pot pierde!<\/p>\n<\/div>\n<div class=\"meta-pullout meta-left-pullout\">\n<ul>\n<li class=\"fix\"><span class=\"category\"><span class=\"icon\">&nbsp;<\/span> <a href=\"https:\/\/niramart.com\/revista-magazine\/category\/uncategorized\/\" rel=\"category tag\">Uncategorized<\/a><\/span><\/li>\n<\/ul>\n<\/div>\n<\/div>\n<footer class=\"post-footer postdata fix\"> <\/footer>\n<section id=\"comments\"> <\/section>\n<\/article>\n<nav class=\"post-nav fix\">\n<table>\n<tr>\n<td class=\"previous\"><a href=\"https:\/\/niramart.com\/revista-magazine\/calea-cea-vesnic-dreapta-a-arhitecturii-de-anca-sandu-tomaszewski\/\" rel=\"prev\"><span class=\"icon\">&nbsp;<\/span> Calea cea ve\u015fnic dreapt\u0103 a arhitecturii de Anca Sandu Tomaszewski<\/a><\/td>\n<td class=\"next\"><a href=\"https:\/\/niramart.com\/revista-magazine\/rezultatele-bune-ale-studetilor-stau-la-baza-motivatiei-mele-interviu-cu-amelia-bucur\/\" rel=\"next\"><span class=\"icon\">&nbsp;<\/span> Rezultatele bune ale stude\u021bilor stau la baza motiva\u021biei mele. Interviu cu Amelia Bucur<\/a><\/td>\n<\/tr>\n<\/table>\n<\/nav>\n<\/div>\n<\/div>\n","protected":false,"raw":""},"excerpt":{"rendered":"<p>Drumul c\u0103tre suflet de Valentina Alexa Jul 082016 &nbsp;&nbsp; [&hellip;]<\/p>\n","protected":false},"author":0,"featured_media":0,"parent":0,"menu_order":0,"comment_status":"closed","ping_status":"closed","template":"","meta":{"footnotes":""},"class_list":["post-112","page","type-page","status-publish","hentry"],"yoast_head":"<!-- This site is optimized with the Yoast SEO plugin v27.4 - https:\/\/yoast.com\/product\/yoast-seo-wordpress\/ -->\n<title>Drumul c\u0103tre suflet de Valentina Alexa \u00bb Niram Art Magazine<\/title>\n<meta name=\"robots\" content=\"index, follow, max-snippet:-1, max-image-preview:large, max-video-preview:-1\" \/>\n<link rel=\"canonical\" href=\"https:\/\/niramart.com\/revista-magazine\/drumul-catre-suflet-de-valentina-alexa\/\" \/>\n<meta property=\"og:type\" content=\"article\" \/>\n<meta property=\"og:title\" content=\"Drumul c\u0103tre suflet de Valentina Alexa \u00bb Niram Art Magazine\" \/>\n<meta property=\"og:description\" content=\"Drumul c\u0103tre suflet de Valentina Alexa Jul 082016 &nbsp;&nbsp; [&hellip;]\" \/>\n<meta property=\"og:url\" content=\"https:\/\/niramart.com\/revista-magazine\/drumul-catre-suflet-de-valentina-alexa\/\" \/>\n<meta property=\"og:site_name\" content=\"Niram Art Magazine\" \/>\n<meta name=\"twitter:card\" content=\"summary_large_image\" \/>\n<meta name=\"twitter:label1\" content=\"Est. reading time\" \/>\n\t<meta name=\"twitter:data1\" content=\"5 minutes\" \/>\n<!-- \/ Yoast SEO plugin. -->","yoast_head_json":{"title":"Drumul c\u0103tre suflet de Valentina Alexa \u00bb Niram Art Magazine","robots":{"index":"index","follow":"follow","max-snippet":"max-snippet:-1","max-image-preview":"max-image-preview:large","max-video-preview":"max-video-preview:-1"},"canonical":"https:\/\/niramart.com\/revista-magazine\/drumul-catre-suflet-de-valentina-alexa\/","og_type":"article","og_title":"Drumul c\u0103tre suflet de Valentina Alexa \u00bb Niram Art Magazine","og_description":"Drumul c\u0103tre suflet de Valentina Alexa Jul 082016 &nbsp;&nbsp; [&hellip;]","og_url":"https:\/\/niramart.com\/revista-magazine\/drumul-catre-suflet-de-valentina-alexa\/","og_site_name":"Niram Art Magazine","twitter_card":"summary_large_image","twitter_misc":{"Est. reading time":"5 minutes"}},"_links":{"self":[{"href":"https:\/\/niramart.com\/revista-magazine\/wp-json\/wp\/v2\/pages\/112","targetHints":{"allow":["GET"]}}],"collection":[{"href":"https:\/\/niramart.com\/revista-magazine\/wp-json\/wp\/v2\/pages"}],"about":[{"href":"https:\/\/niramart.com\/revista-magazine\/wp-json\/wp\/v2\/types\/page"}],"replies":[{"embeddable":true,"href":"https:\/\/niramart.com\/revista-magazine\/wp-json\/wp\/v2\/comments?post=112"}],"version-history":[{"count":0,"href":"https:\/\/niramart.com\/revista-magazine\/wp-json\/wp\/v2\/pages\/112\/revisions"}],"wp:attachment":[{"href":"https:\/\/niramart.com\/revista-magazine\/wp-json\/wp\/v2\/media?parent=112"}],"curies":[{"name":"wp","href":"https:\/\/api.w.org\/{rel}","templated":true}]}}